{"id":1106,"date":"2022-02-14T23:08:19","date_gmt":"2022-02-14T22:08:19","guid":{"rendered":"http:\/\/www.inawohlgemuth.de\/WP-Villa-Altena\/?page_id=1106"},"modified":"2022-02-16T10:54:47","modified_gmt":"2022-02-16T09:54:47","slug":"coachingreisen-selbstreflexion-und-persoenlichkeitsentwicklung","status":"publish","type":"page","link":"http:\/\/www.inawohlgemuth.de\/WP-Villa-Altena\/coachingreisen-teneriffa-griechenland\/coachingreisen-selbstreflexion-und-persoenlichkeitsentwicklung\/","title":{"rendered":"Coachingreisen Selbstreflexion und Pers\u00f6nlichkeitsentwicklung"},"content":{"rendered":"<p>Sich selbst begegnen und kennenlernen steht im Mittelpunkt dieser Coaching-Reise. Mithilfe von <strong>Gespr\u00e4chen<\/strong>, vertiefter <strong>Selbstreflexion<\/strong> und Pers\u00f6nlichkeits-Checks gehen wir Ihren <strong>St\u00e4rken<\/strong>, <strong>Ressourcen<\/strong>, Ihren <strong>Pr\u00e4ferenzen<\/strong> nach und besch\u00e4ftigen uns mit <strong>W\u00fcnschen<\/strong> und <strong>Lebenstr\u00e4umen<\/strong>.<\/p>\n<p>Ich stehe Ihnen als erfahrende Diplom-Psychologin und Coach f\u00fcr Pers\u00f6nlichkeitsentwicklung bei Ihrer individuellen Entdeckung Ihrer <strong>Identit\u00e4tsanteile,<\/strong> Ihres <strong>Pers\u00f6nlichkeitsprofils<\/strong> zur Seite und begleite Sie in Ihren Schritten und Ihrem Tempo w\u00e4hrend Ihrer Reise.<\/p>\n<h2>Termine:<\/h2>\n<p><strong>Montag, den 4. Juli bis Montag, 11. Juli 2022<\/strong> in <strong>La Orotava (Nord-Teneriffa). <em>Anmeldefrist bis zum 13. Juni 2022!\u00a0<\/em><\/strong>Die Coachingsitzungen finden von Dienstag bis Freitags von 11:00 bis 14:00 Uhr (insgesamt 12 Stunden) statt.<\/p>\n<p><strong>Sonntag, den 9. Oktober bis Sonntag, den 16. Oktober 2022<\/strong> in <strong>Ano Gatzea auf dem Pilion (Griechenland). <em>Anmeldefrist bis zum 16. September 2022!\u00a0<\/em><\/strong>Die Coachingsitzungen finden von Dienstag bis Freitags von 11:00 bis 14:00 Uhr (insgesamt 12 Stunden) statt.<\/p>\n<p>Rahmenbedingungen: Das Coaching findet in einer Kleingruppe von <strong>2 bis max. 5<\/strong> <strong>Personen<\/strong> statt und kostet <strong>1180,00 \u20ac<\/strong>. Anreise und Unterkunft kommen als Kosten hinzu, wobei wir Ihnen bei Flug- und Unterkunftsuche gerne zur Verf\u00fcgung stehen. In <strong>La Orotava<\/strong> bieten wir f\u00fcr ein Paar oder zwei Einzelreisende gerne unsere h\u00fcbsche <a href=\"https:\/\/www.ferienwohnung-teneriffa-orotava.de\"><strong>Ferienwohnung Casa Amarilla<\/strong><\/a> f\u00fcr insgesamt <strong>560 \u20ac<\/strong> die Woche an, in <strong>Ano Gatzea<\/strong> f\u00fcr ein Paar oder eine Einzelperson das <strong>Studio<\/strong> in unserem Ferienhaus, wundersch\u00f6n im alten Olivenhain und fussl\u00e4ufig zu einer einsamen Bucht gelegen, f\u00fcr insgesamt\u00a0<strong>370 \u20ac<\/strong> die Woche an..<\/p>\n<p>&nbsp;<\/p>\n<div id=\"attachment_1031\" style=\"width: 310px\" class=\"wp-caption alignleft\"><img loading=\"lazy\" decoding=\"async\" aria-describedby=\"caption-attachment-1031\" class=\"size-medium wp-image-1031\" src=\"http:\/\/www.inawohlgemuth.de\/WP-Villa-Altena\/wp-content\/uploads\/2022\/02\/philippe-leone-ffrGEGb4Y58-unsplash-300x200.jpg\" alt=\"\" width=\"300\" height=\"200\" srcset=\"http:\/\/www.inawohlgemuth.de\/WP-Villa-Altena\/wp-content\/uploads\/2022\/02\/philippe-leone-ffrGEGb4Y58-unsplash-300x200.jpg 300w, http:\/\/www.inawohlgemuth.de\/WP-Villa-Altena\/wp-content\/uploads\/2022\/02\/philippe-leone-ffrGEGb4Y58-unsplash-1024x683.jpg 1024w, http:\/\/www.inawohlgemuth.de\/WP-Villa-Altena\/wp-content\/uploads\/2022\/02\/philippe-leone-ffrGEGb4Y58-unsplash-768x512.jpg 768w, http:\/\/www.inawohlgemuth.de\/WP-Villa-Altena\/wp-content\/uploads\/2022\/02\/philippe-leone-ffrGEGb4Y58-unsplash-1536x1024.jpg 1536w, http:\/\/www.inawohlgemuth.de\/WP-Villa-Altena\/wp-content\/uploads\/2022\/02\/philippe-leone-ffrGEGb4Y58-unsplash-2048x1365.jpg 2048w, http:\/\/www.inawohlgemuth.de\/WP-Villa-Altena\/wp-content\/uploads\/2022\/02\/philippe-leone-ffrGEGb4Y58-unsplash-450x300.jpg 450w\" sizes=\"auto, (max-width: 300px) 100vw, 300px\" \/><p id=\"caption-attachment-1031\" class=\"wp-caption-text\">Pers\u00f6nlichkeitsentwicklung<\/p><\/div>\n<div id=\"attachment_1029\" style=\"width: 310px\" class=\"wp-caption alignright\"><img loading=\"lazy\" decoding=\"async\" aria-describedby=\"caption-attachment-1029\" class=\"wp-image-1029 size-medium\" src=\"http:\/\/www.inawohlgemuth.de\/WP-Villa-Altena\/wp-content\/uploads\/2022\/02\/nonsap-visuals-z65bg9SI-9I-unsplash-300x300.jpg\" alt=\"\" width=\"300\" height=\"300\" srcset=\"http:\/\/www.inawohlgemuth.de\/WP-Villa-Altena\/wp-content\/uploads\/2022\/02\/nonsap-visuals-z65bg9SI-9I-unsplash-300x300.jpg 300w, http:\/\/www.inawohlgemuth.de\/WP-Villa-Altena\/wp-content\/uploads\/2022\/02\/nonsap-visuals-z65bg9SI-9I-unsplash-1024x1021.jpg 1024w, http:\/\/www.inawohlgemuth.de\/WP-Villa-Altena\/wp-content\/uploads\/2022\/02\/nonsap-visuals-z65bg9SI-9I-unsplash-150x150.jpg 150w, http:\/\/www.inawohlgemuth.de\/WP-Villa-Altena\/wp-content\/uploads\/2022\/02\/nonsap-visuals-z65bg9SI-9I-unsplash-768x766.jpg 768w, http:\/\/www.inawohlgemuth.de\/WP-Villa-Altena\/wp-content\/uploads\/2022\/02\/nonsap-visuals-z65bg9SI-9I-unsplash-1536x1532.jpg 1536w, http:\/\/www.inawohlgemuth.de\/WP-Villa-Altena\/wp-content\/uploads\/2022\/02\/nonsap-visuals-z65bg9SI-9I-unsplash-2048x2042.jpg 2048w, http:\/\/www.inawohlgemuth.de\/WP-Villa-Altena\/wp-content\/uploads\/2022\/02\/nonsap-visuals-z65bg9SI-9I-unsplash-301x300.jpg 301w\" sizes=\"auto, (max-width: 300px) 100vw, 300px\" \/><p id=\"caption-attachment-1029\" class=\"wp-caption-text\">Selbstreflexion<\/p><\/div>\n","protected":false},"excerpt":{"rendered":"<p>Sich selbst begegnen und kennenlernen steht im Mittelpunkt dieser Coaching-Reise. Mithilfe von Gespr\u00e4chen, vertiefter Selbstreflexion und Pers\u00f6nlichkeits-Checks gehen wir Ihren St\u00e4rken, Ressourcen, Ihren Pr\u00e4ferenzen nach und besch\u00e4ftigen uns mit W\u00fcnschen und Lebenstr\u00e4umen. Ich stehe Ihnen als erfahrende Diplom-Psychologin und Coach &hellip; <a href=\"http:\/\/www.inawohlgemuth.de\/WP-Villa-Altena\/coachingreisen-teneriffa-griechenland\/coachingreisen-selbstreflexion-und-persoenlichkeitsentwicklung\/\">Weiterlesen <span class=\"meta-nav\">&rarr;<\/span><\/a><\/p>\n","protected":false},"author":1,"featured_media":1109,"parent":459,"menu_order":0,"comment_status":"closed","ping_status":"closed","template":"","meta":{"footnotes":""},"class_list":["post-1106","page","type-page","status-publish","has-post-thumbnail","hentry"],"_links":{"self":[{"href":"http:\/\/www.inawohlgemuth.de\/WP-Villa-Altena\/wp-json\/wp\/v2\/pages\/1106","targetHints":{"allow":["GET"]}}],"collection":[{"href":"http:\/\/www.inawohlgemuth.de\/WP-Villa-Altena\/wp-json\/wp\/v2\/pages"}],"about":[{"href":"http:\/\/www.inawohlgemuth.de\/WP-Villa-Altena\/wp-json\/wp\/v2\/types\/page"}],"author":[{"embeddable":true,"href":"http:\/\/www.inawohlgemuth.de\/WP-Villa-Altena\/wp-json\/wp\/v2\/users\/1"}],"replies":[{"embeddable":true,"href":"http:\/\/www.inawohlgemuth.de\/WP-Villa-Altena\/wp-json\/wp\/v2\/comments?post=1106"}],"version-history":[{"count":8,"href":"http:\/\/www.inawohlgemuth.de\/WP-Villa-Altena\/wp-json\/wp\/v2\/pages\/1106\/revisions"}],"predecessor-version":[{"id":1275,"href":"http:\/\/www.inawohlgemuth.de\/WP-Villa-Altena\/wp-json\/wp\/v2\/pages\/1106\/revisions\/1275"}],"up":[{"embeddable":true,"href":"http:\/\/www.inawohlgemuth.de\/WP-Villa-Altena\/wp-json\/wp\/v2\/pages\/459"}],"wp:featuredmedia":[{"embeddable":true,"href":"http:\/\/www.inawohlgemuth.de\/WP-Villa-Altena\/wp-json\/wp\/v2\/media\/1109"}],"wp:attachment":[{"href":"http:\/\/www.inawohlgemuth.de\/WP-Villa-Altena\/wp-json\/wp\/v2\/media?parent=1106"}],"curies":[{"name":"wp","href":"https:\/\/api.w.org\/{rel}","templated":true}]}}

Coachingreisen Selbstreflexion und Persönlichkeitsentwicklung

<p>Sich selbst begegnen und kennenlernen steht im Mittelpunkt dieser Coaching-Reise. Mithilfe von <strong>Gesprächen</strong>, vertiefter <strong>Selbstreflexion</strong> und Persönlichkeits-Checks gehen wir Ihren <strong>Stärken</strong>, <strong>Ressourcen</strong>, Ihren <strong>Präferenzen</strong> nach und beschäftigen uns mit <strong>Wünschen</strong> und <strong>Lebensträumen</strong>.</p>
<p>Ich stehe Ihnen als erfahrende Diplom-Psychologin und Coach für Persönlichkeitsentwicklung bei Ihrer individuellen Entdeckung Ihrer <strong>Identitätsanteile,</strong> Ihres <strong>Persönlichkeitsprofils</strong> zur Seite und begleite Sie in Ihren Schritten und Ihrem Tempo während Ihrer Reise.</p>
<h2>Termine:</h2>
<p><strong>Montag, den 4. Juli bis Montag, 11. Juli 2022</strong> in <strong>La Orotava (Nord-Teneriffa). <em>Anmeldefrist bis zum 13. Juni 2022! </em></strong>Die Coachingsitzungen finden von Dienstag bis Freitags von 11:00 bis 14:00 Uhr (insgesamt 12 Stunden) statt.</p>
<p><strong>Sonntag, den 9. Oktober bis Sonntag, den 16. Oktober 2022</strong> in <strong>Ano Gatzea auf dem Pilion (Griechenland). <em>Anmeldefrist bis zum 16. September 2022! </em></strong>Die Coachingsitzungen finden von Dienstag bis Freitags von 11:00 bis 14:00 Uhr (insgesamt 12 Stunden) statt.</p>
<p>Rahmenbedingungen: Das Coaching findet in einer Kleingruppe von <strong>2 bis max. 5</strong> <strong>Personen</strong> statt und kostet <strong>1180,00 €</strong>. Anreise und Unterkunft kommen als Kosten hinzu, wobei wir Ihnen bei Flug- und Unterkunftsuche gerne zur Verfügung stehen. In <strong>La Orotava</strong> bieten wir für ein Paar oder zwei Einzelreisende gerne unsere hübsche <a href="https://www.ferienwohnung-teneriffa-orotava.de"><strong>Ferienwohnung Casa Amarilla</strong></a> für insgesamt <strong>560 €</strong> die Woche an, in <strong>Ano Gatzea</strong> für ein Paar oder eine Einzelperson das <strong>Studio</strong> in unserem Ferienhaus, wunderschön im alten Olivenhain und fussläufig zu einer einsamen Bucht gelegen, für insgesamt <strong>370 €</strong> die Woche an..</p>
<p>&nbsp;</p>
<div id="attachment_1031" style="width: 310px" class="wp-caption alignleft"><img loading="lazy" decoding="async" aria-describedby="caption-attachment-1031" class="size-medium wp-image-1031" src="http://www.inawohlgemuth.de/WP-Villa-Altena/wp-content/uploads/2022/02/philippe-leone-ffrGEGb4Y58-unsplash-300x200.jpg" alt="" width="300" height="200" srcset="http://www.inawohlgemuth.de/WP-Villa-Altena/wp-content/uploads/2022/02/philippe-leone-ffrGEGb4Y58-unsplash-300x200.jpg 300w, http://www.inawohlgemuth.de/WP-Villa-Altena/wp-content/uploads/2022/02/philippe-leone-ffrGEGb4Y58-unsplash-1024x683.jpg 1024w, http://www.inawohlgemuth.de/WP-Villa-Altena/wp-content/uploads/2022/02/philippe-leone-ffrGEGb4Y58-unsplash-768x512.jpg 768w, http://www.inawohlgemuth.de/WP-Villa-Altena/wp-content/uploads/2022/02/philippe-leone-ffrGEGb4Y58-unsplash-1536x1024.jpg 1536w, http://www.inawohlgemuth.de/WP-Villa-Altena/wp-content/uploads/2022/02/philippe-leone-ffrGEGb4Y58-unsplash-2048x1365.jpg 2048w, http://www.inawohlgemuth.de/WP-Villa-Altena/wp-content/uploads/2022/02/philippe-leone-ffrGEGb4Y58-unsplash-450x300.jpg 450w" sizes="auto, (max-width: 300px) 100vw, 300px" /><p id="caption-attachment-1031" class="wp-caption-text">Persönlichkeitsentwicklung</p></div>
<div id="attachment_1029" style="width: 310px" class="wp-caption alignright"><img loading="lazy" decoding="async" aria-describedby="caption-attachment-1029" class="wp-image-1029 size-medium" src="http://www.inawohlgemuth.de/WP-Villa-Altena/wp-content/uploads/2022/02/nonsap-visuals-z65bg9SI-9I-unsplash-300x300.jpg" alt="" width="300" height="300" srcset="http://www.inawohlgemuth.de/WP-Villa-Altena/wp-content/uploads/2022/02/nonsap-visuals-z65bg9SI-9I-unsplash-300x300.jpg 300w, http://www.inawohlgemuth.de/WP-Villa-Altena/wp-content/uploads/2022/02/nonsap-visuals-z65bg9SI-9I-unsplash-1024x1021.jpg 1024w, http://www.inawohlgemuth.de/WP-Villa-Altena/wp-content/uploads/2022/02/nonsap-visuals-z65bg9SI-9I-unsplash-150x150.jpg 150w, http://www.inawohlgemuth.de/WP-Villa-Altena/wp-content/uploads/2022/02/nonsap-visuals-z65bg9SI-9I-unsplash-768x766.jpg 768w, http://www.inawohlgemuth.de/WP-Villa-Altena/wp-content/uploads/2022/02/nonsap-visuals-z65bg9SI-9I-unsplash-1536x1532.jpg 1536w, http://www.inawohlgemuth.de/WP-Villa-Altena/wp-content/uploads/2022/02/nonsap-visuals-z65bg9SI-9I-unsplash-2048x2042.jpg 2048w, http://www.inawohlgemuth.de/WP-Villa-Altena/wp-content/uploads/2022/02/nonsap-visuals-z65bg9SI-9I-unsplash-301x300.jpg 301w" sizes="auto, (max-width: 300px) 100vw, 300px" /><p id="caption-attachment-1029" class="wp-caption-text">Selbstreflexion</p></div>

<p>Sich selbst begegnen und kennenlernen steht im Mittelpunkt dieser Coaching-Reise. Mithilfe von Gesprächen, vertiefter Selbstreflexion und Persönlichkeits-Checks gehen wir Ihren Stärken, Ressourcen, Ihren Präferenzen nach und beschäftigen uns mit Wünschen und Lebensträumen. Ich stehe Ihnen als erfahrende Diplom-Psychologin und Coach &hellip; <a href="http://www.inawohlgemuth.de/WP-Villa-Altena/coachingreisen-teneriffa-griechenland/coachingreisen-selbstreflexion-und-persoenlichkeitsentwicklung/">Weiterlesen <span class="meta-nav">&rarr;</span></a></p>
