{"id":1120,"date":"2022-02-14T23:24:22","date_gmt":"2022-02-14T22:24:22","guid":{"rendered":"http:\/\/www.inawohlgemuth.de\/WP-Villa-Altena\/?page_id=1120"},"modified":"2022-02-16T10:56:02","modified_gmt":"2022-02-16T09:56:02","slug":"coachingreise-fuer-fuehrungskraefte","status":"publish","type":"page","link":"http:\/\/www.inawohlgemuth.de\/WP-Villa-Altena\/coachingreisen-teneriffa-griechenland\/coachingreise-fuer-fuehrungskraefte\/","title":{"rendered":"Coachingreisen f\u00fcr F\u00fchrungskr\u00e4fte"},"content":{"rendered":"<p>Den Kopf freibekommen und \u00fcber den Tellerrand sehen \u00a0&#8211; wichtige Kompetenzen f\u00fcr F\u00fchrungskr\u00e4fte, f\u00fcr die h\u00e4ufig im Alltag keine Zeit und kein Raum bleibt. Nutzen Sie Ihre Coachingreise mit Blick auf den Teide und den Atlantik f\u00fcr mehr <strong>Durch<\/strong>&#8211; und <strong>Weitblick<\/strong>, festigen Sie Ihre <strong>F\u00fchrungsidentit\u00e4t<\/strong> und Ihre Rolle!<\/p>\n<p>Als erfahrener Coach f\u00fcr F\u00fchrungskr\u00e4fte und Organisationsentwicklung begleite und berate ich Sie in dieser Woche rund um alle Themen, die Ihnen als F\u00fchrungskraft unter den N\u00e4geln brennen. Vom Start in die F\u00fchrung, Ihren <strong>ersten 100 Tagen<\/strong> bis zum <strong>Konfliktmanagement<\/strong>, aber auch \u00fcber die Klippen der Erm\u00fcdung oder <strong>Frustration<\/strong>, wenn die Dinge trotz Ihrer Anstrengung nicht in die gew\u00fcnschte Richtung entwickeln, gehe ich mit Ihnen in die Tiefe und lote Ihre M\u00f6glichkeiten und Ressourcen in Gespr\u00e4chen, Reflexions\u00fcbungen gemeinsam mit Ihnen aus<\/p>\n<p>Termin:<strong>\u00a0Sonntag, den 13. November bis Sonntag, den 20. November 2022<\/strong>\u00a0in <strong>La Orotava (Nord-Teneriffa).<\/strong> Die Coachingsitzungen finden von Montag bis Freitags von 11:00 bis 14:00 Uhr (insgesamt 15 Stunden) statt.<\/p>\n<p>Rahmenbedingungen: Das F\u00fchrungskr\u00e4ftecoaching findet in einer Kleingruppe von <strong>2 bis max. 4<\/strong> <strong>Personen<\/strong> statt und kostet <strong>1800,00 \u20ac<\/strong>. Anreise und Unterkunft kommen als Kosten hinzu, wobei wir Ihnen bei Flug- und Unterkunftsuche gerne zur Verf\u00fcgung stehen. F\u00fcr ein Paar oder zwei Einzelreisende bieten wir in La Orotava gerne unsere wunderh\u00fcbsche <a href=\"https:\/\/www.ferienwohnung-teneriffa-orotava.de\"><strong>Ferienwohnung Casa Amarilla<\/strong><\/a> f\u00fcr insgesamt <strong>560 \u20ac<\/strong> die Woche an.<\/p>\n<p><em><strong>Anmeldung bis zum 24. Oktober 2022!<\/strong><\/em><\/p>\n<p>&nbsp;<\/p>\n<p><img loading=\"lazy\" decoding=\"async\" class=\"alignright size-medium wp-image-1070\" src=\"http:\/\/www.inawohlgemuth.de\/WP-Villa-Altena\/wp-content\/uploads\/2022\/02\/Gelassenheit-300x199.jpg\" alt=\"\" width=\"300\" height=\"199\" srcset=\"http:\/\/www.inawohlgemuth.de\/WP-Villa-Altena\/wp-content\/uploads\/2022\/02\/Gelassenheit-300x199.jpg 300w, http:\/\/www.inawohlgemuth.de\/WP-Villa-Altena\/wp-content\/uploads\/2022\/02\/Gelassenheit-1024x678.jpg 1024w, http:\/\/www.inawohlgemuth.de\/WP-Villa-Altena\/wp-content\/uploads\/2022\/02\/Gelassenheit-768x509.jpg 768w, http:\/\/www.inawohlgemuth.de\/WP-Villa-Altena\/wp-content\/uploads\/2022\/02\/Gelassenheit-453x300.jpg 453w, http:\/\/www.inawohlgemuth.de\/WP-Villa-Altena\/wp-content\/uploads\/2022\/02\/Gelassenheit.jpg 1300w\" sizes=\"auto, (max-width: 300px) 100vw, 300px\" \/><\/p>\n","protected":false},"excerpt":{"rendered":"<p>Den Kopf freibekommen und \u00fcber den Tellerrand sehen \u00a0&#8211; wichtige Kompetenzen f\u00fcr F\u00fchrungskr\u00e4fte, f\u00fcr die h\u00e4ufig im Alltag keine Zeit und kein Raum bleibt. Nutzen Sie Ihre Coachingreise mit Blick auf den Teide und den Atlantik f\u00fcr mehr Durch&#8211; und &hellip; <a href=\"http:\/\/www.inawohlgemuth.de\/WP-Villa-Altena\/coachingreisen-teneriffa-griechenland\/coachingreise-fuer-fuehrungskraefte\/\">Weiterlesen <span class=\"meta-nav\">&rarr;<\/span><\/a><\/p>\n","protected":false},"author":1,"featured_media":1007,"parent":459,"menu_order":0,"comment_status":"closed","ping_status":"closed","template":"","meta":{"footnotes":""},"class_list":["post-1120","page","type-page","status-publish","has-post-thumbnail","hentry"],"_links":{"self":[{"href":"http:\/\/www.inawohlgemuth.de\/WP-Villa-Altena\/wp-json\/wp\/v2\/pages\/1120","targetHints":{"allow":["GET"]}}],"collection":[{"href":"http:\/\/www.inawohlgemuth.de\/WP-Villa-Altena\/wp-json\/wp\/v2\/pages"}],"about":[{"href":"http:\/\/www.inawohlgemuth.de\/WP-Villa-Altena\/wp-json\/wp\/v2\/types\/page"}],"author":[{"embeddable":true,"href":"http:\/\/www.inawohlgemuth.de\/WP-Villa-Altena\/wp-json\/wp\/v2\/users\/1"}],"replies":[{"embeddable":true,"href":"http:\/\/www.inawohlgemuth.de\/WP-Villa-Altena\/wp-json\/wp\/v2\/comments?post=1120"}],"version-history":[{"count":7,"href":"http:\/\/www.inawohlgemuth.de\/WP-Villa-Altena\/wp-json\/wp\/v2\/pages\/1120\/revisions"}],"predecessor-version":[{"id":1277,"href":"http:\/\/www.inawohlgemuth.de\/WP-Villa-Altena\/wp-json\/wp\/v2\/pages\/1120\/revisions\/1277"}],"up":[{"embeddable":true,"href":"http:\/\/www.inawohlgemuth.de\/WP-Villa-Altena\/wp-json\/wp\/v2\/pages\/459"}],"wp:featuredmedia":[{"embeddable":true,"href":"http:\/\/www.inawohlgemuth.de\/WP-Villa-Altena\/wp-json\/wp\/v2\/media\/1007"}],"wp:attachment":[{"href":"http:\/\/www.inawohlgemuth.de\/WP-Villa-Altena\/wp-json\/wp\/v2\/media?parent=1120"}],"curies":[{"name":"wp","href":"https:\/\/api.w.org\/{rel}","templated":true}]}}

Coachingreisen für Führungskräfte

<p>Den Kopf freibekommen und über den Tellerrand sehen  &#8211; wichtige Kompetenzen für Führungskräfte, für die häufig im Alltag keine Zeit und kein Raum bleibt. Nutzen Sie Ihre Coachingreise mit Blick auf den Teide und den Atlantik für mehr <strong>Durch</strong>&#8211; und <strong>Weitblick</strong>, festigen Sie Ihre <strong>Führungsidentität</strong> und Ihre Rolle!</p>
<p>Als erfahrener Coach für Führungskräfte und Organisationsentwicklung begleite und berate ich Sie in dieser Woche rund um alle Themen, die Ihnen als Führungskraft unter den Nägeln brennen. Vom Start in die Führung, Ihren <strong>ersten 100 Tagen</strong> bis zum <strong>Konfliktmanagement</strong>, aber auch über die Klippen der Ermüdung oder <strong>Frustration</strong>, wenn die Dinge trotz Ihrer Anstrengung nicht in die gewünschte Richtung entwickeln, gehe ich mit Ihnen in die Tiefe und lote Ihre Möglichkeiten und Ressourcen in Gesprächen, Reflexionsübungen gemeinsam mit Ihnen aus</p>
<p>Termin:<strong> Sonntag, den 13. November bis Sonntag, den 20. November 2022</strong> in <strong>La Orotava (Nord-Teneriffa).</strong> Die Coachingsitzungen finden von Montag bis Freitags von 11:00 bis 14:00 Uhr (insgesamt 15 Stunden) statt.</p>
<p>Rahmenbedingungen: Das Führungskräftecoaching findet in einer Kleingruppe von <strong>2 bis max. 4</strong> <strong>Personen</strong> statt und kostet <strong>1800,00 €</strong>. Anreise und Unterkunft kommen als Kosten hinzu, wobei wir Ihnen bei Flug- und Unterkunftsuche gerne zur Verfügung stehen. Für ein Paar oder zwei Einzelreisende bieten wir in La Orotava gerne unsere wunderhübsche <a href="https://www.ferienwohnung-teneriffa-orotava.de"><strong>Ferienwohnung Casa Amarilla</strong></a> für insgesamt <strong>560 €</strong> die Woche an.</p>
<p><em><strong>Anmeldung bis zum 24. Oktober 2022!</strong></em></p>
<p>&nbsp;</p>
<p><img loading="lazy" decoding="async" class="alignright size-medium wp-image-1070" src="http://www.inawohlgemuth.de/WP-Villa-Altena/wp-content/uploads/2022/02/Gelassenheit-300x199.jpg" alt="" width="300" height="199" srcset="http://www.inawohlgemuth.de/WP-Villa-Altena/wp-content/uploads/2022/02/Gelassenheit-300x199.jpg 300w, http://www.inawohlgemuth.de/WP-Villa-Altena/wp-content/uploads/2022/02/Gelassenheit-1024x678.jpg 1024w, http://www.inawohlgemuth.de/WP-Villa-Altena/wp-content/uploads/2022/02/Gelassenheit-768x509.jpg 768w, http://www.inawohlgemuth.de/WP-Villa-Altena/wp-content/uploads/2022/02/Gelassenheit-453x300.jpg 453w, http://www.inawohlgemuth.de/WP-Villa-Altena/wp-content/uploads/2022/02/Gelassenheit.jpg 1300w" sizes="auto, (max-width: 300px) 100vw, 300px" /></p>

<p>Den Kopf freibekommen und über den Tellerrand sehen  &#8211; wichtige Kompetenzen für Führungskräfte, für die häufig im Alltag keine Zeit und kein Raum bleibt. Nutzen Sie Ihre Coachingreise mit Blick auf den Teide und den Atlantik für mehr Durch&#8211; und &hellip; <a href="http://www.inawohlgemuth.de/WP-Villa-Altena/coachingreisen-teneriffa-griechenland/coachingreise-fuer-fuehrungskraefte/">Weiterlesen <span class="meta-nav">&rarr;</span></a></p>
