{"id":1128,"date":"2022-02-14T23:29:05","date_gmt":"2022-02-14T22:29:05","guid":{"rendered":"http:\/\/www.inawohlgemuth.de\/WP-Villa-Altena\/?page_id=1128"},"modified":"2022-02-15T02:09:07","modified_gmt":"2022-02-15T01:09:07","slug":"coachingreisen-fuer-frauen-klartext-und-machtstrategien","status":"publish","type":"page","link":"http:\/\/www.inawohlgemuth.de\/WP-Villa-Altena\/coachingreisen-teneriffa-griechenland\/coachingreisen-fuer-frauen-klartext-und-machtstrategien\/","title":{"rendered":"Coachingreisen f\u00fcr Frauen  &#8211; Klartext und Machtstrategien"},"content":{"rendered":"<p>Was sagen und geh\u00f6rt werden, sich einmischen und mitmischen &#8211; immer noch erleben Frauen dabei H\u00fcrden, teils strukturelle, traditionelle, aber auch selbstgemachte Fallstricke.<\/p>\n<p>Seit \u00fcber 20 Jahren arbeite ich mit Frauen in meinem Programm <strong>&#8222;Body &amp; Soul&#8220;<\/strong>, einem <strong>psychologischen Stimm<\/strong>&#8211; und <strong>Pr\u00e4senztraining<\/strong> an ihren sozialen Auftritten und ihrer individuellen <strong>Durchsetzungs-<\/strong> und <strong>Selbstbehauptungskraft<\/strong>. \u00a0Es geht sowohl um den Aufbau von <strong>Kr\u00e4nkungskompetenz<\/strong> und <strong>Schlagfertigkeiten<\/strong> als auch um die Entwicklung einer <strong>erwachsenen Stimme<\/strong> und entsprechend <strong>aufrechten Haltung<\/strong>. Ausgestattet mit diesen charismatischen Facetten geht es dann im Training direkt auf die &#8222;B\u00fchne&#8220;. Wir \u00fcben immer wieder das &#8222;Ankommen&#8220;, &#8222;\u00dcberzeugen&#8220; und die Selbstbehauptung in der Kommunikation und im Konflikt. <strong>Klartext sprechen<\/strong> ist hierbei eine genauso wichtige Kompetenz wie die strategische F\u00e4higkeit zum Schweigen, wenn wir nicht \u00fcber jedes &#8222;St\u00f6ckchen springen&#8220; wollen. Dar\u00fcber hinaus erlernen Frauen mit viel Spa\u00df und Leichtigkeit die <strong>klassischen Machtspiele<\/strong> und <strong>-Strategien<\/strong> in Organisationen, die ihnen einen sinnvolle <strong>Orientierungshilfe<\/strong> f\u00fcr das eigene Handeln sein k\u00f6nnen!<\/p>\n<p>Termin:<strong> Montag, den 15. August bis zum 22. August 2022<\/strong>\u00a0in <strong>Ano Gatzea auf dem Pilion in Griechenland.<\/strong> Die Coachings und Trainings finden von Dienstag bis Freitags von 11:00 bis 13:30 Uhr und an einer Abendeinheit (insgesamt 12 Stunden) statt.<\/p>\n<p>Rahmenbedingungen: Das Coaching findet in einer Kleingruppe von <strong>2<\/strong>\u00a0<strong>bis max. 5<\/strong> <strong>Personen<\/strong> statt und kostet <strong>1180,00 \u20ac<\/strong>. Anreise und Unterkunft kommen als Kosten hinzu, wobei wir Ihnen bei Flug- und Unterkunftsuche gerne zur Verf\u00fcgung stehen. F\u00fcr ein Paar oder eine Einzelreisende bieten wir in unserem Ferienhaus, wundersch\u00f6n im alten Olivenhain gelegen und fussl\u00e4ufig zu einer einsamen Bucht, in <strong>Ano Gatzea das Studio<\/strong> f\u00fcr insgesamt\u00a0<strong>370 \u20ac<\/strong> die Woche an.<\/p>\n<p><em><strong>Anmeldung bis zum 26. Juli 2022!<\/strong><\/em><\/p>\n<div id=\"attachment_1010\" style=\"width: 310px\" class=\"wp-caption alignleft\"><img loading=\"lazy\" decoding=\"async\" aria-describedby=\"caption-attachment-1010\" class=\"size-medium wp-image-1010\" src=\"http:\/\/www.inawohlgemuth.de\/WP-Villa-Altena\/wp-content\/uploads\/2022\/02\/artur-voznenko-NmdOsXaeV8Q-unsplash-300x200.jpg\" alt=\"\" width=\"300\" height=\"200\" srcset=\"http:\/\/www.inawohlgemuth.de\/WP-Villa-Altena\/wp-content\/uploads\/2022\/02\/artur-voznenko-NmdOsXaeV8Q-unsplash-300x200.jpg 300w, http:\/\/www.inawohlgemuth.de\/WP-Villa-Altena\/wp-content\/uploads\/2022\/02\/artur-voznenko-NmdOsXaeV8Q-unsplash-1024x683.jpg 1024w, http:\/\/www.inawohlgemuth.de\/WP-Villa-Altena\/wp-content\/uploads\/2022\/02\/artur-voznenko-NmdOsXaeV8Q-unsplash-768x512.jpg 768w, http:\/\/www.inawohlgemuth.de\/WP-Villa-Altena\/wp-content\/uploads\/2022\/02\/artur-voznenko-NmdOsXaeV8Q-unsplash-1536x1024.jpg 1536w, http:\/\/www.inawohlgemuth.de\/WP-Villa-Altena\/wp-content\/uploads\/2022\/02\/artur-voznenko-NmdOsXaeV8Q-unsplash-2048x1365.jpg 2048w, http:\/\/www.inawohlgemuth.de\/WP-Villa-Altena\/wp-content\/uploads\/2022\/02\/artur-voznenko-NmdOsXaeV8Q-unsplash-450x300.jpg 450w\" sizes=\"auto, (max-width: 300px) 100vw, 300px\" \/><p id=\"caption-attachment-1010\" class=\"wp-caption-text\">Selbstbehauptung &#8211; Seminar f\u00fcr Frauen<\/p><\/div>\n<p>&nbsp;<\/p>\n","protected":false},"excerpt":{"rendered":"<p>Was sagen und geh\u00f6rt werden, sich einmischen und mitmischen &#8211; immer noch erleben Frauen dabei H\u00fcrden, teils strukturelle, traditionelle, aber auch selbstgemachte Fallstricke. Seit \u00fcber 20 Jahren arbeite ich mit Frauen in meinem Programm &#8222;Body &amp; Soul&#8220;, einem psychologischen Stimm&#8211; &hellip; <a href=\"http:\/\/www.inawohlgemuth.de\/WP-Villa-Altena\/coachingreisen-teneriffa-griechenland\/coachingreisen-fuer-frauen-klartext-und-machtstrategien\/\">Weiterlesen <span class=\"meta-nav\">&rarr;<\/span><\/a><\/p>\n","protected":false},"author":1,"featured_media":1010,"parent":459,"menu_order":0,"comment_status":"closed","ping_status":"closed","template":"","meta":{"footnotes":""},"class_list":["post-1128","page","type-page","status-publish","has-post-thumbnail","hentry"],"_links":{"self":[{"href":"http:\/\/www.inawohlgemuth.de\/WP-Villa-Altena\/wp-json\/wp\/v2\/pages\/1128","targetHints":{"allow":["GET"]}}],"collection":[{"href":"http:\/\/www.inawohlgemuth.de\/WP-Villa-Altena\/wp-json\/wp\/v2\/pages"}],"about":[{"href":"http:\/\/www.inawohlgemuth.de\/WP-Villa-Altena\/wp-json\/wp\/v2\/types\/page"}],"author":[{"embeddable":true,"href":"http:\/\/www.inawohlgemuth.de\/WP-Villa-Altena\/wp-json\/wp\/v2\/users\/1"}],"replies":[{"embeddable":true,"href":"http:\/\/www.inawohlgemuth.de\/WP-Villa-Altena\/wp-json\/wp\/v2\/comments?post=1128"}],"version-history":[{"count":3,"href":"http:\/\/www.inawohlgemuth.de\/WP-Villa-Altena\/wp-json\/wp\/v2\/pages\/1128\/revisions"}],"predecessor-version":[{"id":1193,"href":"http:\/\/www.inawohlgemuth.de\/WP-Villa-Altena\/wp-json\/wp\/v2\/pages\/1128\/revisions\/1193"}],"up":[{"embeddable":true,"href":"http:\/\/www.inawohlgemuth.de\/WP-Villa-Altena\/wp-json\/wp\/v2\/pages\/459"}],"wp:featuredmedia":[{"embeddable":true,"href":"http:\/\/www.inawohlgemuth.de\/WP-Villa-Altena\/wp-json\/wp\/v2\/media\/1010"}],"wp:attachment":[{"href":"http:\/\/www.inawohlgemuth.de\/WP-Villa-Altena\/wp-json\/wp\/v2\/media?parent=1128"}],"curies":[{"name":"wp","href":"https:\/\/api.w.org\/{rel}","templated":true}]}}

Coachingreisen für Frauen  &#8211; Klartext und Machtstrategien

<p>Was sagen und gehört werden, sich einmischen und mitmischen &#8211; immer noch erleben Frauen dabei Hürden, teils strukturelle, traditionelle, aber auch selbstgemachte Fallstricke.</p>
<p>Seit über 20 Jahren arbeite ich mit Frauen in meinem Programm <strong>&#8222;Body &amp; Soul&#8220;</strong>, einem <strong>psychologischen Stimm</strong>&#8211; und <strong>Präsenztraining</strong> an ihren sozialen Auftritten und ihrer individuellen <strong>Durchsetzungs-</strong> und <strong>Selbstbehauptungskraft</strong>.  Es geht sowohl um den Aufbau von <strong>Kränkungskompetenz</strong> und <strong>Schlagfertigkeiten</strong> als auch um die Entwicklung einer <strong>erwachsenen Stimme</strong> und entsprechend <strong>aufrechten Haltung</strong>. Ausgestattet mit diesen charismatischen Facetten geht es dann im Training direkt auf die &#8222;Bühne&#8220;. Wir üben immer wieder das &#8222;Ankommen&#8220;, &#8222;Überzeugen&#8220; und die Selbstbehauptung in der Kommunikation und im Konflikt. <strong>Klartext sprechen</strong> ist hierbei eine genauso wichtige Kompetenz wie die strategische Fähigkeit zum Schweigen, wenn wir nicht über jedes &#8222;Stöckchen springen&#8220; wollen. Darüber hinaus erlernen Frauen mit viel Spaß und Leichtigkeit die <strong>klassischen Machtspiele</strong> und <strong>-Strategien</strong> in Organisationen, die ihnen einen sinnvolle <strong>Orientierungshilfe</strong> für das eigene Handeln sein können!</p>
<p>Termin:<strong> Montag, den 15. August bis zum 22. August 2022</strong> in <strong>Ano Gatzea auf dem Pilion in Griechenland.</strong> Die Coachings und Trainings finden von Dienstag bis Freitags von 11:00 bis 13:30 Uhr und an einer Abendeinheit (insgesamt 12 Stunden) statt.</p>
<p>Rahmenbedingungen: Das Coaching findet in einer Kleingruppe von <strong>2</strong> <strong>bis max. 5</strong> <strong>Personen</strong> statt und kostet <strong>1180,00 €</strong>. Anreise und Unterkunft kommen als Kosten hinzu, wobei wir Ihnen bei Flug- und Unterkunftsuche gerne zur Verfügung stehen. Für ein Paar oder eine Einzelreisende bieten wir in unserem Ferienhaus, wunderschön im alten Olivenhain gelegen und fussläufig zu einer einsamen Bucht, in <strong>Ano Gatzea das Studio</strong> für insgesamt <strong>370 €</strong> die Woche an.</p>
<p><em><strong>Anmeldung bis zum 26. Juli 2022!</strong></em></p>
<div id="attachment_1010" style="width: 310px" class="wp-caption alignleft"><img loading="lazy" decoding="async" aria-describedby="caption-attachment-1010" class="size-medium wp-image-1010" src="http://www.inawohlgemuth.de/WP-Villa-Altena/wp-content/uploads/2022/02/artur-voznenko-NmdOsXaeV8Q-unsplash-300x200.jpg" alt="" width="300" height="200" srcset="http://www.inawohlgemuth.de/WP-Villa-Altena/wp-content/uploads/2022/02/artur-voznenko-NmdOsXaeV8Q-unsplash-300x200.jpg 300w, http://www.inawohlgemuth.de/WP-Villa-Altena/wp-content/uploads/2022/02/artur-voznenko-NmdOsXaeV8Q-unsplash-1024x683.jpg 1024w, http://www.inawohlgemuth.de/WP-Villa-Altena/wp-content/uploads/2022/02/artur-voznenko-NmdOsXaeV8Q-unsplash-768x512.jpg 768w, http://www.inawohlgemuth.de/WP-Villa-Altena/wp-content/uploads/2022/02/artur-voznenko-NmdOsXaeV8Q-unsplash-1536x1024.jpg 1536w, http://www.inawohlgemuth.de/WP-Villa-Altena/wp-content/uploads/2022/02/artur-voznenko-NmdOsXaeV8Q-unsplash-2048x1365.jpg 2048w, http://www.inawohlgemuth.de/WP-Villa-Altena/wp-content/uploads/2022/02/artur-voznenko-NmdOsXaeV8Q-unsplash-450x300.jpg 450w" sizes="auto, (max-width: 300px) 100vw, 300px" /><p id="caption-attachment-1010" class="wp-caption-text">Selbstbehauptung &#8211; Seminar für Frauen</p></div>
<p>&nbsp;</p>

<p>Was sagen und gehört werden, sich einmischen und mitmischen &#8211; immer noch erleben Frauen dabei Hürden, teils strukturelle, traditionelle, aber auch selbstgemachte Fallstricke. Seit über 20 Jahren arbeite ich mit Frauen in meinem Programm &#8222;Body &amp; Soul&#8220;, einem psychologischen Stimm&#8211; &hellip; <a href="http://www.inawohlgemuth.de/WP-Villa-Altena/coachingreisen-teneriffa-griechenland/coachingreisen-fuer-frauen-klartext-und-machtstrategien/">Weiterlesen <span class="meta-nav">&rarr;</span></a></p>
