{"id":1142,"date":"2022-02-15T00:39:28","date_gmt":"2022-02-14T23:39:28","guid":{"rendered":"http:\/\/www.inawohlgemuth.de\/WP-Villa-Altena\/?page_id=1142"},"modified":"2022-02-16T10:54:00","modified_gmt":"2022-02-16T09:54:00","slug":"coachingreisen-einzelcoaching","status":"publish","type":"page","link":"http:\/\/www.inawohlgemuth.de\/WP-Villa-Altena\/coachingreisen-teneriffa-griechenland\/coachingreisen-einzelcoaching\/","title":{"rendered":"Coachingreisen &#8211; Einzelcoaching"},"content":{"rendered":"<p>Manche Lebenssituationen und Themen m\u00f6chten sie lieber im vertrauten 4-Augen-Coaching bearbeiten. Die Reise zu sich selbst kann so noch intensiver und Entspannung, Auszeit, Genuss und das Erleben anderer Welten neuen Formen und Farben bekommen.<\/p>\n<h2>Wie l\u00e4uft Einzelcoaching im Reisemodus ab?<\/h2>\n<ol>\n<li>Tag: Wir treffen uns nach Ihrer Anreise f\u00fcr <strong>zwei Stunden zum Ankommen<\/strong>, <strong>sammeln<\/strong> Ihre <strong>Themen<\/strong>, Fragestellungen und Situationen ein, die Sie beleuchten wollen und schauen dann, wie wir Ihnen die reizvolle historische Stadt La Orotava n\u00e4her bringen mit einer ersten Abend-Aktivit\u00e4t.<\/li>\n<li>Tag: Wir <strong>wandern von 11:00 Uhr bis 13 Uhr<\/strong> an einer der <strong>reizvollsten K\u00fcsten Nordteneriffas<\/strong> (gem\u00fctlicher Spaziergang, auch f\u00fcr weniger sportliche Menschen geeignet!) und f\u00fchren ein <strong>Coachinggespr\u00e4ch<\/strong>. Am <strong>Nachmittag<\/strong> zwischen 17:00 Uhr und 18:30 treffen wir uns zur <strong>themenbezogenen Arbeit<\/strong> in meinen Arbeitszimmern in der Calle Marques, je nach Wetterlage im Patio oder auf der gro\u00dfz\u00fcgigen Dachterrasse mit Teide-und Meerblick. Abendgestaltung nach Vereinbarung<\/li>\n<li>Tag: <strong>Kleine Wanderung von 11:00 bis 13:00 Uhr im Anaga-Gebirge<\/strong> (auch hier leicht und ohne nennenswerte Steigungen!) mit <strong>Coachinggespr\u00e4ch<\/strong>. Am Nachmittag wie am Tag 2 <strong>themenbezogenes Coaching<\/strong> in meinen R\u00e4umen in der Calle Marques, im Patio oder auf der Dachterrasse von 17:00 Uhr bis 18:30 Uhr. Abendgestaltung nach Vereinbarung<\/li>\n<li>Tag: <strong>11:00 Uhr bis 13:00 Uhr Coaching im Haus Calle Marques<\/strong>: Res\u00fcmee Ihrer Auszeit und Erkenntnisse zu Lebenszielen, Entwicklungsschritten und den n\u00e4chsten Themen in Ihrem Alltag. Am Nachmittag besuchen wir noch einmal Ihren <strong>&#8222;Lieblingsort&#8220;<\/strong> der letzten Tage und f\u00fchren dort ein <strong>Abschlussgespr\u00e4ch.<\/strong><\/li>\n<\/ol>\n<h4>Termine:<strong>\u00a0<\/strong><\/h4>\n<p><strong>Freitag, den 25. November bis Montag, den 28. November 2022<\/strong>\u00a0in La Orotava (Nord-Teneriffa) <em><strong>(Anmeldung bis zum 4. November!)<\/strong><\/em><\/p>\n<p><strong>Dienstag, den 29. November bis Freitag, den 2. Dezember 2022 <\/strong>in La Orotava (Nord-Teneriffa) <em><strong>(Anmeldung bis zum 7. November!)<\/strong><\/em><\/p>\n<p>Coachinggespr\u00e4che in Wanderungen, Spazierg\u00e4ngen und Sitzungen finden jeweils von <strong>11:00 bis 13:00 Uhr<\/strong> und von <strong>17:00 bis 18:30 Uhr<\/strong> statt <strong>(insgesamt 14 Stunden<\/strong>) statt.<\/p>\n<h4>Kosten:<\/h4>\n<p>Das Einzelcoaching kostet <strong>1680,00 \u20ac<\/strong>. Anreise und Unterkunft kommen als Kosten hinzu, wobei wir Ihnen bei Flug- und Unterkunftsuche gerne zur Verf\u00fcgung stehen. Sie k\u00f6nnen, sofern Sie sich in Ihrer Freizeit mit uns Patio und Dachterrasse teilen m\u00f6gen, gerne unsere v\u00f6llig abgetrennte und wunderh\u00fcbsche \u00a0<a href=\"https:\/\/www.ferienwohnung-teneriffa-orotava.de\"><strong>Ferienwohnung Casa Amarilla<\/strong><\/a> f\u00fcr insgesamt <strong>560 \u20ac<\/strong> die Woche alleine oder als Paar mieten.<\/p>\n<div id=\"attachment_1012\" style=\"width: 210px\" class=\"wp-caption alignright\"><img loading=\"lazy\" decoding=\"async\" aria-describedby=\"caption-attachment-1012\" class=\"size-medium wp-image-1012\" src=\"http:\/\/www.inawohlgemuth.de\/WP-Villa-Altena\/wp-content\/uploads\/2022\/02\/charles-deluvio-rRWiVQzLm7k-unsplash-200x300.jpg\" alt=\"\" width=\"200\" height=\"300\" srcset=\"http:\/\/www.inawohlgemuth.de\/WP-Villa-Altena\/wp-content\/uploads\/2022\/02\/charles-deluvio-rRWiVQzLm7k-unsplash-200x300.jpg 200w, http:\/\/www.inawohlgemuth.de\/WP-Villa-Altena\/wp-content\/uploads\/2022\/02\/charles-deluvio-rRWiVQzLm7k-unsplash-683x1024.jpg 683w, http:\/\/www.inawohlgemuth.de\/WP-Villa-Altena\/wp-content\/uploads\/2022\/02\/charles-deluvio-rRWiVQzLm7k-unsplash-768x1152.jpg 768w, http:\/\/www.inawohlgemuth.de\/WP-Villa-Altena\/wp-content\/uploads\/2022\/02\/charles-deluvio-rRWiVQzLm7k-unsplash-1024x1536.jpg 1024w, http:\/\/www.inawohlgemuth.de\/WP-Villa-Altena\/wp-content\/uploads\/2022\/02\/charles-deluvio-rRWiVQzLm7k-unsplash-1365x2048.jpg 1365w, http:\/\/www.inawohlgemuth.de\/WP-Villa-Altena\/wp-content\/uploads\/2022\/02\/charles-deluvio-rRWiVQzLm7k-unsplash-scaled.jpg 1707w\" sizes=\"auto, (max-width: 200px) 100vw, 200px\" \/><p id=\"caption-attachment-1012\" class=\"wp-caption-text\">Einzelcoaching<\/p><\/div>\n<p><img loading=\"lazy\" decoding=\"async\" class=\"size-medium wp-image-1155 alignleft\" src=\"http:\/\/www.inawohlgemuth.de\/WP-Villa-Altena\/wp-content\/uploads\/2022\/02\/IMG_0181-300x225.jpg\" alt=\"\" width=\"300\" height=\"225\" srcset=\"http:\/\/www.inawohlgemuth.de\/WP-Villa-Altena\/wp-content\/uploads\/2022\/02\/IMG_0181-300x225.jpg 300w, http:\/\/www.inawohlgemuth.de\/WP-Villa-Altena\/wp-content\/uploads\/2022\/02\/IMG_0181-1024x768.jpg 1024w, http:\/\/www.inawohlgemuth.de\/WP-Villa-Altena\/wp-content\/uploads\/2022\/02\/IMG_0181-768x576.jpg 768w, http:\/\/www.inawohlgemuth.de\/WP-Villa-Altena\/wp-content\/uploads\/2022\/02\/IMG_0181-1536x1152.jpg 1536w, http:\/\/www.inawohlgemuth.de\/WP-Villa-Altena\/wp-content\/uploads\/2022\/02\/IMG_0181-2048x1536.jpg 2048w, http:\/\/www.inawohlgemuth.de\/WP-Villa-Altena\/wp-content\/uploads\/2022\/02\/IMG_0181-400x300.jpg 400w\" sizes=\"auto, (max-width: 300px) 100vw, 300px\" \/><\/p>\n<p><img loading=\"lazy\" decoding=\"async\" class=\"size-medium wp-image-1156 alignnone\" src=\"http:\/\/www.inawohlgemuth.de\/WP-Villa-Altena\/wp-content\/uploads\/2022\/02\/IMG_0185-300x225.jpg\" alt=\"\" width=\"300\" height=\"225\" srcset=\"http:\/\/www.inawohlgemuth.de\/WP-Villa-Altena\/wp-content\/uploads\/2022\/02\/IMG_0185-300x225.jpg 300w, http:\/\/www.inawohlgemuth.de\/WP-Villa-Altena\/wp-content\/uploads\/2022\/02\/IMG_0185-1024x768.jpg 1024w, http:\/\/www.inawohlgemuth.de\/WP-Villa-Altena\/wp-content\/uploads\/2022\/02\/IMG_0185-768x576.jpg 768w, http:\/\/www.inawohlgemuth.de\/WP-Villa-Altena\/wp-content\/uploads\/2022\/02\/IMG_0185-1536x1152.jpg 1536w, http:\/\/www.inawohlgemuth.de\/WP-Villa-Altena\/wp-content\/uploads\/2022\/02\/IMG_0185-2048x1536.jpg 2048w, http:\/\/www.inawohlgemuth.de\/WP-Villa-Altena\/wp-content\/uploads\/2022\/02\/IMG_0185-400x300.jpg 400w\" sizes=\"auto, (max-width: 300px) 100vw, 300px\" \/><\/p>\n","protected":false},"excerpt":{"rendered":"<p>Manche Lebenssituationen und Themen m\u00f6chten sie lieber im vertrauten 4-Augen-Coaching bearbeiten. Die Reise zu sich selbst kann so noch intensiver und Entspannung, Auszeit, Genuss und das Erleben anderer Welten neuen Formen und Farben bekommen. Wie l\u00e4uft Einzelcoaching im Reisemodus ab? &hellip; <a href=\"http:\/\/www.inawohlgemuth.de\/WP-Villa-Altena\/coachingreisen-teneriffa-griechenland\/coachingreisen-einzelcoaching\/\">Weiterlesen <span class=\"meta-nav\">&rarr;<\/span><\/a><\/p>\n","protected":false},"author":1,"featured_media":1157,"parent":459,"menu_order":0,"comment_status":"closed","ping_status":"closed","template":"","meta":{"footnotes":""},"class_list":["post-1142","page","type-page","status-publish","has-post-thumbnail","hentry"],"_links":{"self":[{"href":"http:\/\/www.inawohlgemuth.de\/WP-Villa-Altena\/wp-json\/wp\/v2\/pages\/1142","targetHints":{"allow":["GET"]}}],"collection":[{"href":"http:\/\/www.inawohlgemuth.de\/WP-Villa-Altena\/wp-json\/wp\/v2\/pages"}],"about":[{"href":"http:\/\/www.inawohlgemuth.de\/WP-Villa-Altena\/wp-json\/wp\/v2\/types\/page"}],"author":[{"embeddable":true,"href":"http:\/\/www.inawohlgemuth.de\/WP-Villa-Altena\/wp-json\/wp\/v2\/users\/1"}],"replies":[{"embeddable":true,"href":"http:\/\/www.inawohlgemuth.de\/WP-Villa-Altena\/wp-json\/wp\/v2\/comments?post=1142"}],"version-history":[{"count":15,"href":"http:\/\/www.inawohlgemuth.de\/WP-Villa-Altena\/wp-json\/wp\/v2\/pages\/1142\/revisions"}],"predecessor-version":[{"id":1273,"href":"http:\/\/www.inawohlgemuth.de\/WP-Villa-Altena\/wp-json\/wp\/v2\/pages\/1142\/revisions\/1273"}],"up":[{"embeddable":true,"href":"http:\/\/www.inawohlgemuth.de\/WP-Villa-Altena\/wp-json\/wp\/v2\/pages\/459"}],"wp:featuredmedia":[{"embeddable":true,"href":"http:\/\/www.inawohlgemuth.de\/WP-Villa-Altena\/wp-json\/wp\/v2\/media\/1157"}],"wp:attachment":[{"href":"http:\/\/www.inawohlgemuth.de\/WP-Villa-Altena\/wp-json\/wp\/v2\/media?parent=1142"}],"curies":[{"name":"wp","href":"https:\/\/api.w.org\/{rel}","templated":true}]}}

<p>Manche Lebenssituationen und Themen möchten sie lieber im vertrauten 4-Augen-Coaching bearbeiten. Die Reise zu sich selbst kann so noch intensiver und Entspannung, Auszeit, Genuss und das Erleben anderer Welten neuen Formen und Farben bekommen.</p>
<h2>Wie läuft Einzelcoaching im Reisemodus ab?</h2>
<ol>
<li>Tag: Wir treffen uns nach Ihrer Anreise für <strong>zwei Stunden zum Ankommen</strong>, <strong>sammeln</strong> Ihre <strong>Themen</strong>, Fragestellungen und Situationen ein, die Sie beleuchten wollen und schauen dann, wie wir Ihnen die reizvolle historische Stadt La Orotava näher bringen mit einer ersten Abend-Aktivität.</li>
<li>Tag: Wir <strong>wandern von 11:00 Uhr bis 13 Uhr</strong> an einer der <strong>reizvollsten Küsten Nordteneriffas</strong> (gemütlicher Spaziergang, auch für weniger sportliche Menschen geeignet!) und führen ein <strong>Coachinggespräch</strong>. Am <strong>Nachmittag</strong> zwischen 17:00 Uhr und 18:30 treffen wir uns zur <strong>themenbezogenen Arbeit</strong> in meinen Arbeitszimmern in der Calle Marques, je nach Wetterlage im Patio oder auf der großzügigen Dachterrasse mit Teide-und Meerblick. Abendgestaltung nach Vereinbarung</li>
<li>Tag: <strong>Kleine Wanderung von 11:00 bis 13:00 Uhr im Anaga-Gebirge</strong> (auch hier leicht und ohne nennenswerte Steigungen!) mit <strong>Coachinggespräch</strong>. Am Nachmittag wie am Tag 2 <strong>themenbezogenes Coaching</strong> in meinen Räumen in der Calle Marques, im Patio oder auf der Dachterrasse von 17:00 Uhr bis 18:30 Uhr. Abendgestaltung nach Vereinbarung</li>
<li>Tag: <strong>11:00 Uhr bis 13:00 Uhr Coaching im Haus Calle Marques</strong>: Resümee Ihrer Auszeit und Erkenntnisse zu Lebenszielen, Entwicklungsschritten und den nächsten Themen in Ihrem Alltag. Am Nachmittag besuchen wir noch einmal Ihren <strong>&#8222;Lieblingsort&#8220;</strong> der letzten Tage und führen dort ein <strong>Abschlussgespräch.</strong></li>
</ol>
<h4>Termine:<strong> </strong></h4>
<p><strong>Freitag, den 25. November bis Montag, den 28. November 2022</strong> in La Orotava (Nord-Teneriffa) <em><strong>(Anmeldung bis zum 4. November!)</strong></em></p>
<p><strong>Dienstag, den 29. November bis Freitag, den 2. Dezember 2022 </strong>in La Orotava (Nord-Teneriffa) <em><strong>(Anmeldung bis zum 7. November!)</strong></em></p>
<p>Coachinggespräche in Wanderungen, Spaziergängen und Sitzungen finden jeweils von <strong>11:00 bis 13:00 Uhr</strong> und von <strong>17:00 bis 18:30 Uhr</strong> statt <strong>(insgesamt 14 Stunden</strong>) statt.</p>
<h4>Kosten:</h4>
<p>Das Einzelcoaching kostet <strong>1680,00 €</strong>. Anreise und Unterkunft kommen als Kosten hinzu, wobei wir Ihnen bei Flug- und Unterkunftsuche gerne zur Verfügung stehen. Sie können, sofern Sie sich in Ihrer Freizeit mit uns Patio und Dachterrasse teilen mögen, gerne unsere völlig abgetrennte und wunderhübsche  <a href="https://www.ferienwohnung-teneriffa-orotava.de"><strong>Ferienwohnung Casa Amarilla</strong></a> für insgesamt <strong>560 €</strong> die Woche alleine oder als Paar mieten.</p>
<div id="attachment_1012" style="width: 210px" class="wp-caption alignright"><img loading="lazy" decoding="async" aria-describedby="caption-attachment-1012" class="size-medium wp-image-1012" src="http://www.inawohlgemuth.de/WP-Villa-Altena/wp-content/uploads/2022/02/charles-deluvio-rRWiVQzLm7k-unsplash-200x300.jpg" alt="" width="200" height="300" srcset="http://www.inawohlgemuth.de/WP-Villa-Altena/wp-content/uploads/2022/02/charles-deluvio-rRWiVQzLm7k-unsplash-200x300.jpg 200w, http://www.inawohlgemuth.de/WP-Villa-Altena/wp-content/uploads/2022/02/charles-deluvio-rRWiVQzLm7k-unsplash-683x1024.jpg 683w, http://www.inawohlgemuth.de/WP-Villa-Altena/wp-content/uploads/2022/02/charles-deluvio-rRWiVQzLm7k-unsplash-768x1152.jpg 768w, http://www.inawohlgemuth.de/WP-Villa-Altena/wp-content/uploads/2022/02/charles-deluvio-rRWiVQzLm7k-unsplash-1024x1536.jpg 1024w, http://www.inawohlgemuth.de/WP-Villa-Altena/wp-content/uploads/2022/02/charles-deluvio-rRWiVQzLm7k-unsplash-1365x2048.jpg 1365w, http://www.inawohlgemuth.de/WP-Villa-Altena/wp-content/uploads/2022/02/charles-deluvio-rRWiVQzLm7k-unsplash-scaled.jpg 1707w" sizes="auto, (max-width: 200px) 100vw, 200px" /><p id="caption-attachment-1012" class="wp-caption-text">Einzelcoaching</p></div>
<p><img loading="lazy" decoding="async" class="size-medium wp-image-1155 alignleft" src="http://www.inawohlgemuth.de/WP-Villa-Altena/wp-content/uploads/2022/02/IMG_0181-300x225.jpg" alt="" width="300" height="225" srcset="http://www.inawohlgemuth.de/WP-Villa-Altena/wp-content/uploads/2022/02/IMG_0181-300x225.jpg 300w, http://www.inawohlgemuth.de/WP-Villa-Altena/wp-content/uploads/2022/02/IMG_0181-1024x768.jpg 1024w, http://www.inawohlgemuth.de/WP-Villa-Altena/wp-content/uploads/2022/02/IMG_0181-768x576.jpg 768w, http://www.inawohlgemuth.de/WP-Villa-Altena/wp-content/uploads/2022/02/IMG_0181-1536x1152.jpg 1536w, http://www.inawohlgemuth.de/WP-Villa-Altena/wp-content/uploads/2022/02/IMG_0181-2048x1536.jpg 2048w, http://www.inawohlgemuth.de/WP-Villa-Altena/wp-content/uploads/2022/02/IMG_0181-400x300.jpg 400w" sizes="auto, (max-width: 300px) 100vw, 300px" /></p>
<p><img loading="lazy" decoding="async" class="size-medium wp-image-1156 alignnone" src="http://www.inawohlgemuth.de/WP-Villa-Altena/wp-content/uploads/2022/02/IMG_0185-300x225.jpg" alt="" width="300" height="225" srcset="http://www.inawohlgemuth.de/WP-Villa-Altena/wp-content/uploads/2022/02/IMG_0185-300x225.jpg 300w, http://www.inawohlgemuth.de/WP-Villa-Altena/wp-content/uploads/2022/02/IMG_0185-1024x768.jpg 1024w, http://www.inawohlgemuth.de/WP-Villa-Altena/wp-content/uploads/2022/02/IMG_0185-768x576.jpg 768w, http://www.inawohlgemuth.de/WP-Villa-Altena/wp-content/uploads/2022/02/IMG_0185-1536x1152.jpg 1536w, http://www.inawohlgemuth.de/WP-Villa-Altena/wp-content/uploads/2022/02/IMG_0185-2048x1536.jpg 2048w, http://www.inawohlgemuth.de/WP-Villa-Altena/wp-content/uploads/2022/02/IMG_0185-400x300.jpg 400w" sizes="auto, (max-width: 300px) 100vw, 300px" /></p>

<p>Manche Lebenssituationen und Themen möchten sie lieber im vertrauten 4-Augen-Coaching bearbeiten. Die Reise zu sich selbst kann so noch intensiver und Entspannung, Auszeit, Genuss und das Erleben anderer Welten neuen Formen und Farben bekommen. Wie läuft Einzelcoaching im Reisemodus ab? &hellip; <a href="http://www.inawohlgemuth.de/WP-Villa-Altena/coachingreisen-teneriffa-griechenland/coachingreisen-einzelcoaching/">Weiterlesen <span class="meta-nav">&rarr;</span></a></p>
