{"id":1171,"date":"2022-02-15T01:37:41","date_gmt":"2022-02-15T00:37:41","guid":{"rendered":"http:\/\/www.inawohlgemuth.de\/WP-Villa-Altena\/?page_id=1171"},"modified":"2022-02-16T10:55:21","modified_gmt":"2022-02-16T09:55:21","slug":"coachingreisen-orientierung-neue-ziele-neue-wege","status":"publish","type":"page","link":"http:\/\/www.inawohlgemuth.de\/WP-Villa-Altena\/coachingreisen-teneriffa-griechenland\/coachingreisen-orientierung-neue-ziele-neue-wege\/","title":{"rendered":"Coachingreisen: Orientierung &#8211; neue Ziele, neue Wege"},"content":{"rendered":"<p><img loading=\"lazy\" decoding=\"async\" class=\"alignright size-medium wp-image-1175\" src=\"http:\/\/www.inawohlgemuth.de\/WP-Villa-Altena\/wp-content\/uploads\/2022\/02\/markus-winkler-d8iihR2y9SA-unsplash-300x200.jpg\" alt=\"\" width=\"300\" height=\"200\" srcset=\"http:\/\/www.inawohlgemuth.de\/WP-Villa-Altena\/wp-content\/uploads\/2022\/02\/markus-winkler-d8iihR2y9SA-unsplash-300x200.jpg 300w, http:\/\/www.inawohlgemuth.de\/WP-Villa-Altena\/wp-content\/uploads\/2022\/02\/markus-winkler-d8iihR2y9SA-unsplash-1024x683.jpg 1024w, http:\/\/www.inawohlgemuth.de\/WP-Villa-Altena\/wp-content\/uploads\/2022\/02\/markus-winkler-d8iihR2y9SA-unsplash-768x512.jpg 768w, http:\/\/www.inawohlgemuth.de\/WP-Villa-Altena\/wp-content\/uploads\/2022\/02\/markus-winkler-d8iihR2y9SA-unsplash-1536x1024.jpg 1536w, http:\/\/www.inawohlgemuth.de\/WP-Villa-Altena\/wp-content\/uploads\/2022\/02\/markus-winkler-d8iihR2y9SA-unsplash-2048x1365.jpg 2048w, http:\/\/www.inawohlgemuth.de\/WP-Villa-Altena\/wp-content\/uploads\/2022\/02\/markus-winkler-d8iihR2y9SA-unsplash-450x300.jpg 450w\" sizes=\"auto, (max-width: 300px) 100vw, 300px\" \/>Der <strong>Jahreswechsel<\/strong> ist die Zeit der Ziele und\u00a0<strong>(Neu-)Orientierungen. <\/strong>Manches klappt f\u00fcr kurze Zeit und verliert dann seinen Reiz. Wie wir die &#8222;richtigen Ziele&#8220; finden und dranbleiben, ist halt eine besondere Kunst und will gelernt sein. Nehmen Sie sich kurz vor Silvester eine Auszeit unter kanarischer Sonne, um mit dem Weitblick auf den Vulkan Teide und den Atlantik Ihre <strong>Sicht auf Ihr Leben<\/strong>, Ihre <strong>Tr\u00e4ume, <img loading=\"lazy\" decoding=\"async\" class=\"size-medium wp-image-1177 alignleft\" src=\"http:\/\/www.inawohlgemuth.de\/WP-Villa-Altena\/wp-content\/uploads\/2022\/02\/denys-nevozhai-z0nVqfrOqWA-unsplash-300x200.jpg\" alt=\"\" width=\"300\" height=\"200\" srcset=\"http:\/\/www.inawohlgemuth.de\/WP-Villa-Altena\/wp-content\/uploads\/2022\/02\/denys-nevozhai-z0nVqfrOqWA-unsplash-300x200.jpg 300w, http:\/\/www.inawohlgemuth.de\/WP-Villa-Altena\/wp-content\/uploads\/2022\/02\/denys-nevozhai-z0nVqfrOqWA-unsplash-1024x683.jpg 1024w, http:\/\/www.inawohlgemuth.de\/WP-Villa-Altena\/wp-content\/uploads\/2022\/02\/denys-nevozhai-z0nVqfrOqWA-unsplash-768x512.jpg 768w, http:\/\/www.inawohlgemuth.de\/WP-Villa-Altena\/wp-content\/uploads\/2022\/02\/denys-nevozhai-z0nVqfrOqWA-unsplash-1536x1024.jpg 1536w, http:\/\/www.inawohlgemuth.de\/WP-Villa-Altena\/wp-content\/uploads\/2022\/02\/denys-nevozhai-z0nVqfrOqWA-unsplash-2048x1365.jpg 2048w, http:\/\/www.inawohlgemuth.de\/WP-Villa-Altena\/wp-content\/uploads\/2022\/02\/denys-nevozhai-z0nVqfrOqWA-unsplash-450x300.jpg 450w\" sizes=\"auto, (max-width: 300px) 100vw, 300px\" \/>langgehegten Vorhaben<\/strong> klar zu bekommen und in realisierbar Schritte aufzugliedern! Verbringen Sie den Jahreswechsel mit Musik und Tanz im Freien am Meer und gut gelaunten Menschen und kommen Sie <strong>leichter, beschwingter<\/strong> und <strong>kraftvoller<\/strong> in Ihr neues Jahr!<img loading=\"lazy\" decoding=\"async\" class=\"alignright size-medium wp-image-1180\" src=\"http:\/\/www.inawohlgemuth.de\/WP-Villa-Altena\/wp-content\/uploads\/2022\/02\/jeshoots-com-TWRCH-GaKr4-unsplash-300x200.jpg\" alt=\"\" width=\"300\" height=\"200\" srcset=\"http:\/\/www.inawohlgemuth.de\/WP-Villa-Altena\/wp-content\/uploads\/2022\/02\/jeshoots-com-TWRCH-GaKr4-unsplash-300x200.jpg 300w, http:\/\/www.inawohlgemuth.de\/WP-Villa-Altena\/wp-content\/uploads\/2022\/02\/jeshoots-com-TWRCH-GaKr4-unsplash-1024x683.jpg 1024w, http:\/\/www.inawohlgemuth.de\/WP-Villa-Altena\/wp-content\/uploads\/2022\/02\/jeshoots-com-TWRCH-GaKr4-unsplash-768x512.jpg 768w, http:\/\/www.inawohlgemuth.de\/WP-Villa-Altena\/wp-content\/uploads\/2022\/02\/jeshoots-com-TWRCH-GaKr4-unsplash-1536x1024.jpg 1536w, http:\/\/www.inawohlgemuth.de\/WP-Villa-Altena\/wp-content\/uploads\/2022\/02\/jeshoots-com-TWRCH-GaKr4-unsplash-2048x1365.jpg 2048w, http:\/\/www.inawohlgemuth.de\/WP-Villa-Altena\/wp-content\/uploads\/2022\/02\/jeshoots-com-TWRCH-GaKr4-unsplash-450x300.jpg 450w\" sizes=\"auto, (max-width: 300px) 100vw, 300px\" \/><\/p>\n<p>Neben Freizeitaktivit\u00e4ten rund um den Jahreswechsel und das einzigartige Spektakel des Umzugs der &#8222;Heiligen drei K\u00f6nige&#8220; am 5. Januar werden wir uns stundenweise intensiv mit Ihren W\u00fcnschen, Sehns\u00fcchten und Lebenszielen besch\u00e4ftigen und dabei jede Menge sonnenhellen Optimismus in unsere Planungen mit einbeziehen!<\/p>\n<p>Termin:<strong> Freitag, den 30. Dezember 2022 bis Freitag, den 6. Januar 2023<\/strong>\u00a0in <strong>La Orotava (Nord-Teneriffa).<\/strong> Die Coaching finden an f\u00fcnf Tagen in den Zeiten von 11:00 bis 14:00 Uhr (insgesamt 15 Stunden) statt. Der Silvesterabend und Umzug am 5. Januar werden gemeinsam in Absprache organisiert.<\/p>\n<p>Rahmenbedingungen: Das Coaching findet in einer Kleingruppe von <strong>2 bis max. 5<\/strong> <strong>Personen<\/strong> statt und kostet <strong>1180,00 \u20ac<\/strong>. Anreise und Unterkunft kommen als Kosten hinzu, wobei wir Ihnen bei Flug- und Unterkunftsuche gerne zur Verf\u00fcgung stehen. F\u00fcr ein Paar oder zwei Einzelreisende bieten wir in La Orotava gerne unsere wunderh\u00fcbsche <a href=\"https:\/\/www.ferienwohnung-teneriffa-orotava.de\"><strong>Ferienwohnung Casa Amarilla<\/strong><\/a> f\u00fcr insgesamt <strong>560 \u20ac<\/strong> die Woche an.<\/p>\n<p><em><strong>Anmeldung bis zum 2. Dezember 2022!<\/strong><\/em><\/p>\n<p><img loading=\"lazy\" decoding=\"async\" class=\"alignright size-medium wp-image-1179\" src=\"http:\/\/www.inawohlgemuth.de\/WP-Villa-Altena\/wp-content\/uploads\/2022\/02\/ian-schneider-PAykYb-8Er8-unsplash-1-300x200.jpg\" alt=\"\" width=\"300\" height=\"200\" srcset=\"http:\/\/www.inawohlgemuth.de\/WP-Villa-Altena\/wp-content\/uploads\/2022\/02\/ian-schneider-PAykYb-8Er8-unsplash-1-300x200.jpg 300w, http:\/\/www.inawohlgemuth.de\/WP-Villa-Altena\/wp-content\/uploads\/2022\/02\/ian-schneider-PAykYb-8Er8-unsplash-1-1024x684.jpg 1024w, http:\/\/www.inawohlgemuth.de\/WP-Villa-Altena\/wp-content\/uploads\/2022\/02\/ian-schneider-PAykYb-8Er8-unsplash-1-768x513.jpg 768w, http:\/\/www.inawohlgemuth.de\/WP-Villa-Altena\/wp-content\/uploads\/2022\/02\/ian-schneider-PAykYb-8Er8-unsplash-1-1536x1025.jpg 1536w, http:\/\/www.inawohlgemuth.de\/WP-Villa-Altena\/wp-content\/uploads\/2022\/02\/ian-schneider-PAykYb-8Er8-unsplash-1-2048x1367.jpg 2048w, http:\/\/www.inawohlgemuth.de\/WP-Villa-Altena\/wp-content\/uploads\/2022\/02\/ian-schneider-PAykYb-8Er8-unsplash-1-449x300.jpg 449w\" sizes=\"auto, (max-width: 300px) 100vw, 300px\" \/><\/p>\n<p>&nbsp;<\/p>\n<p>&nbsp;<\/p>\n<p>&nbsp;<\/p>\n","protected":false},"excerpt":{"rendered":"<p>Der Jahreswechsel ist die Zeit der Ziele und\u00a0(Neu-)Orientierungen. Manches klappt f\u00fcr kurze Zeit und verliert dann seinen Reiz. Wie wir die &#8222;richtigen Ziele&#8220; finden und dranbleiben, ist halt eine besondere Kunst und will gelernt sein. Nehmen Sie sich kurz vor &hellip; <a href=\"http:\/\/www.inawohlgemuth.de\/WP-Villa-Altena\/coachingreisen-teneriffa-griechenland\/coachingreisen-orientierung-neue-ziele-neue-wege\/\">Weiterlesen <span class=\"meta-nav\">&rarr;<\/span><\/a><\/p>\n","protected":false},"author":1,"featured_media":1183,"parent":459,"menu_order":0,"comment_status":"closed","ping_status":"closed","template":"","meta":{"footnotes":""},"class_list":["post-1171","page","type-page","status-publish","has-post-thumbnail","hentry"],"_links":{"self":[{"href":"http:\/\/www.inawohlgemuth.de\/WP-Villa-Altena\/wp-json\/wp\/v2\/pages\/1171","targetHints":{"allow":["GET"]}}],"collection":[{"href":"http:\/\/www.inawohlgemuth.de\/WP-Villa-Altena\/wp-json\/wp\/v2\/pages"}],"about":[{"href":"http:\/\/www.inawohlgemuth.de\/WP-Villa-Altena\/wp-json\/wp\/v2\/types\/page"}],"author":[{"embeddable":true,"href":"http:\/\/www.inawohlgemuth.de\/WP-Villa-Altena\/wp-json\/wp\/v2\/users\/1"}],"replies":[{"embeddable":true,"href":"http:\/\/www.inawohlgemuth.de\/WP-Villa-Altena\/wp-json\/wp\/v2\/comments?post=1171"}],"version-history":[{"count":6,"href":"http:\/\/www.inawohlgemuth.de\/WP-Villa-Altena\/wp-json\/wp\/v2\/pages\/1171\/revisions"}],"predecessor-version":[{"id":1276,"href":"http:\/\/www.inawohlgemuth.de\/WP-Villa-Altena\/wp-json\/wp\/v2\/pages\/1171\/revisions\/1276"}],"up":[{"embeddable":true,"href":"http:\/\/www.inawohlgemuth.de\/WP-Villa-Altena\/wp-json\/wp\/v2\/pages\/459"}],"wp:featuredmedia":[{"embeddable":true,"href":"http:\/\/www.inawohlgemuth.de\/WP-Villa-Altena\/wp-json\/wp\/v2\/media\/1183"}],"wp:attachment":[{"href":"http:\/\/www.inawohlgemuth.de\/WP-Villa-Altena\/wp-json\/wp\/v2\/media?parent=1171"}],"curies":[{"name":"wp","href":"https:\/\/api.w.org\/{rel}","templated":true}]}}

<p><img loading="lazy" decoding="async" class="alignright size-medium wp-image-1175" src="http://www.inawohlgemuth.de/WP-Villa-Altena/wp-content/uploads/2022/02/markus-winkler-d8iihR2y9SA-unsplash-300x200.jpg" alt="" width="300" height="200" srcset="http://www.inawohlgemuth.de/WP-Villa-Altena/wp-content/uploads/2022/02/markus-winkler-d8iihR2y9SA-unsplash-300x200.jpg 300w, http://www.inawohlgemuth.de/WP-Villa-Altena/wp-content/uploads/2022/02/markus-winkler-d8iihR2y9SA-unsplash-1024x683.jpg 1024w, http://www.inawohlgemuth.de/WP-Villa-Altena/wp-content/uploads/2022/02/markus-winkler-d8iihR2y9SA-unsplash-768x512.jpg 768w, http://www.inawohlgemuth.de/WP-Villa-Altena/wp-content/uploads/2022/02/markus-winkler-d8iihR2y9SA-unsplash-1536x1024.jpg 1536w, http://www.inawohlgemuth.de/WP-Villa-Altena/wp-content/uploads/2022/02/markus-winkler-d8iihR2y9SA-unsplash-2048x1365.jpg 2048w, http://www.inawohlgemuth.de/WP-Villa-Altena/wp-content/uploads/2022/02/markus-winkler-d8iihR2y9SA-unsplash-450x300.jpg 450w" sizes="auto, (max-width: 300px) 100vw, 300px" />Der <strong>Jahreswechsel</strong> ist die Zeit der Ziele und <strong>(Neu-)Orientierungen. </strong>Manches klappt für kurze Zeit und verliert dann seinen Reiz. Wie wir die &#8222;richtigen Ziele&#8220; finden und dranbleiben, ist halt eine besondere Kunst und will gelernt sein. Nehmen Sie sich kurz vor Silvester eine Auszeit unter kanarischer Sonne, um mit dem Weitblick auf den Vulkan Teide und den Atlantik Ihre <strong>Sicht auf Ihr Leben</strong>, Ihre <strong>Träume, <img loading="lazy" decoding="async" class="size-medium wp-image-1177 alignleft" src="http://www.inawohlgemuth.de/WP-Villa-Altena/wp-content/uploads/2022/02/denys-nevozhai-z0nVqfrOqWA-unsplash-300x200.jpg" alt="" width="300" height="200" srcset="http://www.inawohlgemuth.de/WP-Villa-Altena/wp-content/uploads/2022/02/denys-nevozhai-z0nVqfrOqWA-unsplash-300x200.jpg 300w, http://www.inawohlgemuth.de/WP-Villa-Altena/wp-content/uploads/2022/02/denys-nevozhai-z0nVqfrOqWA-unsplash-1024x683.jpg 1024w, http://www.inawohlgemuth.de/WP-Villa-Altena/wp-content/uploads/2022/02/denys-nevozhai-z0nVqfrOqWA-unsplash-768x512.jpg 768w, http://www.inawohlgemuth.de/WP-Villa-Altena/wp-content/uploads/2022/02/denys-nevozhai-z0nVqfrOqWA-unsplash-1536x1024.jpg 1536w, http://www.inawohlgemuth.de/WP-Villa-Altena/wp-content/uploads/2022/02/denys-nevozhai-z0nVqfrOqWA-unsplash-2048x1365.jpg 2048w, http://www.inawohlgemuth.de/WP-Villa-Altena/wp-content/uploads/2022/02/denys-nevozhai-z0nVqfrOqWA-unsplash-450x300.jpg 450w" sizes="auto, (max-width: 300px) 100vw, 300px" />langgehegten Vorhaben</strong> klar zu bekommen und in realisierbar Schritte aufzugliedern! Verbringen Sie den Jahreswechsel mit Musik und Tanz im Freien am Meer und gut gelaunten Menschen und kommen Sie <strong>leichter, beschwingter</strong> und <strong>kraftvoller</strong> in Ihr neues Jahr!<img loading="lazy" decoding="async" class="alignright size-medium wp-image-1180" src="http://www.inawohlgemuth.de/WP-Villa-Altena/wp-content/uploads/2022/02/jeshoots-com-TWRCH-GaKr4-unsplash-300x200.jpg" alt="" width="300" height="200" srcset="http://www.inawohlgemuth.de/WP-Villa-Altena/wp-content/uploads/2022/02/jeshoots-com-TWRCH-GaKr4-unsplash-300x200.jpg 300w, http://www.inawohlgemuth.de/WP-Villa-Altena/wp-content/uploads/2022/02/jeshoots-com-TWRCH-GaKr4-unsplash-1024x683.jpg 1024w, http://www.inawohlgemuth.de/WP-Villa-Altena/wp-content/uploads/2022/02/jeshoots-com-TWRCH-GaKr4-unsplash-768x512.jpg 768w, http://www.inawohlgemuth.de/WP-Villa-Altena/wp-content/uploads/2022/02/jeshoots-com-TWRCH-GaKr4-unsplash-1536x1024.jpg 1536w, http://www.inawohlgemuth.de/WP-Villa-Altena/wp-content/uploads/2022/02/jeshoots-com-TWRCH-GaKr4-unsplash-2048x1365.jpg 2048w, http://www.inawohlgemuth.de/WP-Villa-Altena/wp-content/uploads/2022/02/jeshoots-com-TWRCH-GaKr4-unsplash-450x300.jpg 450w" sizes="auto, (max-width: 300px) 100vw, 300px" /></p>
<p>Neben Freizeitaktivitäten rund um den Jahreswechsel und das einzigartige Spektakel des Umzugs der &#8222;Heiligen drei Könige&#8220; am 5. Januar werden wir uns stundenweise intensiv mit Ihren Wünschen, Sehnsüchten und Lebenszielen beschäftigen und dabei jede Menge sonnenhellen Optimismus in unsere Planungen mit einbeziehen!</p>
<p>Termin:<strong> Freitag, den 30. Dezember 2022 bis Freitag, den 6. Januar 2023</strong> in <strong>La Orotava (Nord-Teneriffa).</strong> Die Coaching finden an fünf Tagen in den Zeiten von 11:00 bis 14:00 Uhr (insgesamt 15 Stunden) statt. Der Silvesterabend und Umzug am 5. Januar werden gemeinsam in Absprache organisiert.</p>
<p>Rahmenbedingungen: Das Coaching findet in einer Kleingruppe von <strong>2 bis max. 5</strong> <strong>Personen</strong> statt und kostet <strong>1180,00 €</strong>. Anreise und Unterkunft kommen als Kosten hinzu, wobei wir Ihnen bei Flug- und Unterkunftsuche gerne zur Verfügung stehen. Für ein Paar oder zwei Einzelreisende bieten wir in La Orotava gerne unsere wunderhübsche <a href="https://www.ferienwohnung-teneriffa-orotava.de"><strong>Ferienwohnung Casa Amarilla</strong></a> für insgesamt <strong>560 €</strong> die Woche an.</p>
<p><em><strong>Anmeldung bis zum 2. Dezember 2022!</strong></em></p>
<p><img loading="lazy" decoding="async" class="alignright size-medium wp-image-1179" src="http://www.inawohlgemuth.de/WP-Villa-Altena/wp-content/uploads/2022/02/ian-schneider-PAykYb-8Er8-unsplash-1-300x200.jpg" alt="" width="300" height="200" srcset="http://www.inawohlgemuth.de/WP-Villa-Altena/wp-content/uploads/2022/02/ian-schneider-PAykYb-8Er8-unsplash-1-300x200.jpg 300w, http://www.inawohlgemuth.de/WP-Villa-Altena/wp-content/uploads/2022/02/ian-schneider-PAykYb-8Er8-unsplash-1-1024x684.jpg 1024w, http://www.inawohlgemuth.de/WP-Villa-Altena/wp-content/uploads/2022/02/ian-schneider-PAykYb-8Er8-unsplash-1-768x513.jpg 768w, http://www.inawohlgemuth.de/WP-Villa-Altena/wp-content/uploads/2022/02/ian-schneider-PAykYb-8Er8-unsplash-1-1536x1025.jpg 1536w, http://www.inawohlgemuth.de/WP-Villa-Altena/wp-content/uploads/2022/02/ian-schneider-PAykYb-8Er8-unsplash-1-2048x1367.jpg 2048w, http://www.inawohlgemuth.de/WP-Villa-Altena/wp-content/uploads/2022/02/ian-schneider-PAykYb-8Er8-unsplash-1-449x300.jpg 449w" sizes="auto, (max-width: 300px) 100vw, 300px" /></p>
<p>&nbsp;</p>
<p>&nbsp;</p>
<p>&nbsp;</p>

<p>Der Jahreswechsel ist die Zeit der Ziele und (Neu-)Orientierungen. Manches klappt für kurze Zeit und verliert dann seinen Reiz. Wie wir die &#8222;richtigen Ziele&#8220; finden und dranbleiben, ist halt eine besondere Kunst und will gelernt sein. Nehmen Sie sich kurz vor &hellip; <a href="http://www.inawohlgemuth.de/WP-Villa-Altena/coachingreisen-teneriffa-griechenland/coachingreisen-orientierung-neue-ziele-neue-wege/">Weiterlesen <span class="meta-nav">&rarr;</span></a></p>
