{"id":1185,"date":"2022-02-15T02:00:52","date_gmt":"2022-02-15T01:00:52","guid":{"rendered":"http:\/\/www.inawohlgemuth.de\/WP-Villa-Altena\/?page_id=1185"},"modified":"2022-02-16T10:57:24","modified_gmt":"2022-02-16T09:57:24","slug":"coachingreisen-burnoutpraevention","status":"publish","type":"page","link":"http:\/\/www.inawohlgemuth.de\/WP-Villa-Altena\/coachingreisen-teneriffa-griechenland\/coachingreisen-burnoutpraevention\/","title":{"rendered":"Coachingreisen &#8211; Burnoutpr\u00e4vention"},"content":{"rendered":"<p>Es ist schon l\u00e4ngst alles zu viel. Psyche und K\u00f6rper melden seit geraumer Zeit Protest an, aber Sie haben gelernt, wegzuh\u00f6ren. Und eigentlich haben Sie auch \u00fcberhaupt keine Zeit f\u00fcr diese Reise. Wer f\u00e4hrt schon in die Sonne, um sich dort in sch\u00f6ner Umgebung mit sich selbst, den eigenen Ressourcen und der Selbstf\u00fcrsorge zu besch\u00e4ftigen? Wenn doch in dieser Zeit so vieles liegen bleibt.<\/p>\n<p>Herzlichen Gl\u00fcckwunsch, wenn Sie sich entscheiden, die Dinge liegen zu lassen und sich eine Woche lang ausschlie\u00dflich um sich selbst zu k\u00fcmmern! Steigen Sie aus dem Hamsterrad aus, um zu sp\u00fcren, wie gut es tut, im unbeschwerten Tempo und scheinbar ziel- und sinnlos einfach nur zu genie\u00dfen. \u00a0Lernen Sie mit allen Sinnen, was das Leben f\u00fcr Sie bereit h\u00e4lt, wenn Sie nicht im Dauerlauf daran vorbei rennen.<\/p>\n<p>Seit vielen Jahren begleite und berate ich Menschen in unterschiedlichen Lebenssituationen entlang ihrer Belastungsgrenzen und auch, wenn sie schon lange dar\u00fcber hinaus gegangen sind. Gemeinsam mit Ihnen bin ich an Ihrer Seite, wenn es darum geht, vergrabene Bed\u00fcrfnisse wieder freizulegen, Genuss und Lebensfreude wieder neu zu entdecken und Selbstf\u00fcrsorge als Lebensaufgabe ernst und wahrzunehmen.<\/p>\n<h2>Termine:<\/h2>\n<p><strong>Montag, den 12. September bis zum 19. September 2022<\/strong>\u00a0<strong>in<\/strong> <strong>Ano Gatzea\u00a0<\/strong><strong>auf dem Pilion in Griechenland.<\/strong>\u00a0<em><strong>Anmeldung bis zum 23. August 2022!<\/strong><\/em><\/p>\n<p><strong>Sonntag, den 2. Oktober bis Sonntag, den 9. Oktober 2022 in<\/strong> <strong>Ano Gatzea\u00a0<\/strong><strong>auf dem Pilion in Griechenland.<\/strong>\u00a0<em><strong>Anmeldung bis zum 9. September 2022!<\/strong><\/em><\/p>\n<p>Die Coachingeinheiten finden von Dienstag bis Freitags von 11:00 bis 13:30 Uhr und an ein bis zwei Abendeinheiten (insgesamt 12 Stunden) statt.<\/p>\n<p>Rahmenbedingungen: Das Coaching findet in einer Kleingruppe von <strong>2<\/strong>\u00a0<strong>bis max. 5<\/strong> <strong>Personen<\/strong> statt und kostet <strong>1180,00 \u20ac<\/strong>. Anreise und Unterkunft kommen als Kosten hinzu, wobei wir Ihnen bei Flug- und Unterkunftsuche gerne zur Verf\u00fcgung stehen. F\u00fcr ein Paar oder eine Einzelreisende bieten wir in unserem Ferienhaus, wundersch\u00f6n im alten Olivenhain gelegen und fussl\u00e4ufig zu einer einsamen Bucht, in <strong>Ano Gatzea das Studio<\/strong> f\u00fcr insgesamt\u00a0<strong>370 \u20ac<\/strong> die Woche an.<\/p>\n<p><em><strong>Anmeldung bis zum 23. August 2022!<\/strong><\/em><\/p>\n<p>&nbsp;<\/p>\n<p><img loading=\"lazy\" decoding=\"async\" class=\"alignright size-medium wp-image-947\" src=\"http:\/\/www.inawohlgemuth.de\/WP-Villa-Altena\/wp-content\/uploads\/2022\/02\/IMG_4947-300x225.jpg\" alt=\"\" width=\"300\" height=\"225\" srcset=\"http:\/\/www.inawohlgemuth.de\/WP-Villa-Altena\/wp-content\/uploads\/2022\/02\/IMG_4947-300x225.jpg 300w, http:\/\/www.inawohlgemuth.de\/WP-Villa-Altena\/wp-content\/uploads\/2022\/02\/IMG_4947-1024x768.jpg 1024w, http:\/\/www.inawohlgemuth.de\/WP-Villa-Altena\/wp-content\/uploads\/2022\/02\/IMG_4947-768x576.jpg 768w, http:\/\/www.inawohlgemuth.de\/WP-Villa-Altena\/wp-content\/uploads\/2022\/02\/IMG_4947-1536x1152.jpg 1536w, http:\/\/www.inawohlgemuth.de\/WP-Villa-Altena\/wp-content\/uploads\/2022\/02\/IMG_4947-2048x1536.jpg 2048w, http:\/\/www.inawohlgemuth.de\/WP-Villa-Altena\/wp-content\/uploads\/2022\/02\/IMG_4947-400x300.jpg 400w\" sizes=\"auto, (max-width: 300px) 100vw, 300px\" \/><\/p>\n<div id=\"attachment_968\" style=\"width: 310px\" class=\"wp-caption alignleft\"><img loading=\"lazy\" decoding=\"async\" aria-describedby=\"caption-attachment-968\" class=\"size-medium wp-image-968\" src=\"http:\/\/www.inawohlgemuth.de\/WP-Villa-Altena\/wp-content\/uploads\/2022\/02\/IMG_5064-300x225.jpg\" alt=\"\" width=\"300\" height=\"225\" srcset=\"http:\/\/www.inawohlgemuth.de\/WP-Villa-Altena\/wp-content\/uploads\/2022\/02\/IMG_5064-300x225.jpg 300w, http:\/\/www.inawohlgemuth.de\/WP-Villa-Altena\/wp-content\/uploads\/2022\/02\/IMG_5064-1024x768.jpg 1024w, http:\/\/www.inawohlgemuth.de\/WP-Villa-Altena\/wp-content\/uploads\/2022\/02\/IMG_5064-768x576.jpg 768w, http:\/\/www.inawohlgemuth.de\/WP-Villa-Altena\/wp-content\/uploads\/2022\/02\/IMG_5064-1536x1152.jpg 1536w, http:\/\/www.inawohlgemuth.de\/WP-Villa-Altena\/wp-content\/uploads\/2022\/02\/IMG_5064-2048x1536.jpg 2048w, http:\/\/www.inawohlgemuth.de\/WP-Villa-Altena\/wp-content\/uploads\/2022\/02\/IMG_5064-400x300.jpg 400w\" sizes=\"auto, (max-width: 300px) 100vw, 300px\" \/><p id=\"caption-attachment-968\" class=\"wp-caption-text\">Strand Pilion<\/p><\/div>\n<p>&nbsp;<\/p>\n","protected":false},"excerpt":{"rendered":"<p>Es ist schon l\u00e4ngst alles zu viel. Psyche und K\u00f6rper melden seit geraumer Zeit Protest an, aber Sie haben gelernt, wegzuh\u00f6ren. Und eigentlich haben Sie auch \u00fcberhaupt keine Zeit f\u00fcr diese Reise. Wer f\u00e4hrt schon in die Sonne, um sich &hellip; <a href=\"http:\/\/www.inawohlgemuth.de\/WP-Villa-Altena\/coachingreisen-teneriffa-griechenland\/coachingreisen-burnoutpraevention\/\">Weiterlesen <span class=\"meta-nav\">&rarr;<\/span><\/a><\/p>\n","protected":false},"author":1,"featured_media":1014,"parent":459,"menu_order":0,"comment_status":"closed","ping_status":"closed","template":"","meta":{"footnotes":""},"class_list":["post-1185","page","type-page","status-publish","has-post-thumbnail","hentry"],"_links":{"self":[{"href":"http:\/\/www.inawohlgemuth.de\/WP-Villa-Altena\/wp-json\/wp\/v2\/pages\/1185","targetHints":{"allow":["GET"]}}],"collection":[{"href":"http:\/\/www.inawohlgemuth.de\/WP-Villa-Altena\/wp-json\/wp\/v2\/pages"}],"about":[{"href":"http:\/\/www.inawohlgemuth.de\/WP-Villa-Altena\/wp-json\/wp\/v2\/types\/page"}],"author":[{"embeddable":true,"href":"http:\/\/www.inawohlgemuth.de\/WP-Villa-Altena\/wp-json\/wp\/v2\/users\/1"}],"replies":[{"embeddable":true,"href":"http:\/\/www.inawohlgemuth.de\/WP-Villa-Altena\/wp-json\/wp\/v2\/comments?post=1185"}],"version-history":[{"count":7,"href":"http:\/\/www.inawohlgemuth.de\/WP-Villa-Altena\/wp-json\/wp\/v2\/pages\/1185\/revisions"}],"predecessor-version":[{"id":1278,"href":"http:\/\/www.inawohlgemuth.de\/WP-Villa-Altena\/wp-json\/wp\/v2\/pages\/1185\/revisions\/1278"}],"up":[{"embeddable":true,"href":"http:\/\/www.inawohlgemuth.de\/WP-Villa-Altena\/wp-json\/wp\/v2\/pages\/459"}],"wp:featuredmedia":[{"embeddable":true,"href":"http:\/\/www.inawohlgemuth.de\/WP-Villa-Altena\/wp-json\/wp\/v2\/media\/1014"}],"wp:attachment":[{"href":"http:\/\/www.inawohlgemuth.de\/WP-Villa-Altena\/wp-json\/wp\/v2\/media?parent=1185"}],"curies":[{"name":"wp","href":"https:\/\/api.w.org\/{rel}","templated":true}]}}

Coachingreisen &#8211; Burnoutprävention

<p>Es ist schon längst alles zu viel. Psyche und Körper melden seit geraumer Zeit Protest an, aber Sie haben gelernt, wegzuhören. Und eigentlich haben Sie auch überhaupt keine Zeit für diese Reise. Wer fährt schon in die Sonne, um sich dort in schöner Umgebung mit sich selbst, den eigenen Ressourcen und der Selbstfürsorge zu beschäftigen? Wenn doch in dieser Zeit so vieles liegen bleibt.</p>
<p>Herzlichen Glückwunsch, wenn Sie sich entscheiden, die Dinge liegen zu lassen und sich eine Woche lang ausschließlich um sich selbst zu kümmern! Steigen Sie aus dem Hamsterrad aus, um zu spüren, wie gut es tut, im unbeschwerten Tempo und scheinbar ziel- und sinnlos einfach nur zu genießen.  Lernen Sie mit allen Sinnen, was das Leben für Sie bereit hält, wenn Sie nicht im Dauerlauf daran vorbei rennen.</p>
<p>Seit vielen Jahren begleite und berate ich Menschen in unterschiedlichen Lebenssituationen entlang ihrer Belastungsgrenzen und auch, wenn sie schon lange darüber hinaus gegangen sind. Gemeinsam mit Ihnen bin ich an Ihrer Seite, wenn es darum geht, vergrabene Bedürfnisse wieder freizulegen, Genuss und Lebensfreude wieder neu zu entdecken und Selbstfürsorge als Lebensaufgabe ernst und wahrzunehmen.</p>
<h2>Termine:</h2>
<p><strong>Montag, den 12. September bis zum 19. September 2022</strong> <strong>in</strong> <strong>Ano Gatzea </strong><strong>auf dem Pilion in Griechenland.</strong> <em><strong>Anmeldung bis zum 23. August 2022!</strong></em></p>
<p><strong>Sonntag, den 2. Oktober bis Sonntag, den 9. Oktober 2022 in</strong> <strong>Ano Gatzea </strong><strong>auf dem Pilion in Griechenland.</strong> <em><strong>Anmeldung bis zum 9. September 2022!</strong></em></p>
<p>Die Coachingeinheiten finden von Dienstag bis Freitags von 11:00 bis 13:30 Uhr und an ein bis zwei Abendeinheiten (insgesamt 12 Stunden) statt.</p>
<p>Rahmenbedingungen: Das Coaching findet in einer Kleingruppe von <strong>2</strong> <strong>bis max. 5</strong> <strong>Personen</strong> statt und kostet <strong>1180,00 €</strong>. Anreise und Unterkunft kommen als Kosten hinzu, wobei wir Ihnen bei Flug- und Unterkunftsuche gerne zur Verfügung stehen. Für ein Paar oder eine Einzelreisende bieten wir in unserem Ferienhaus, wunderschön im alten Olivenhain gelegen und fussläufig zu einer einsamen Bucht, in <strong>Ano Gatzea das Studio</strong> für insgesamt <strong>370 €</strong> die Woche an.</p>
<p><em><strong>Anmeldung bis zum 23. August 2022!</strong></em></p>
<p>&nbsp;</p>
<p><img loading="lazy" decoding="async" class="alignright size-medium wp-image-947" src="http://www.inawohlgemuth.de/WP-Villa-Altena/wp-content/uploads/2022/02/IMG_4947-300x225.jpg" alt="" width="300" height="225" srcset="http://www.inawohlgemuth.de/WP-Villa-Altena/wp-content/uploads/2022/02/IMG_4947-300x225.jpg 300w, http://www.inawohlgemuth.de/WP-Villa-Altena/wp-content/uploads/2022/02/IMG_4947-1024x768.jpg 1024w, http://www.inawohlgemuth.de/WP-Villa-Altena/wp-content/uploads/2022/02/IMG_4947-768x576.jpg 768w, http://www.inawohlgemuth.de/WP-Villa-Altena/wp-content/uploads/2022/02/IMG_4947-1536x1152.jpg 1536w, http://www.inawohlgemuth.de/WP-Villa-Altena/wp-content/uploads/2022/02/IMG_4947-2048x1536.jpg 2048w, http://www.inawohlgemuth.de/WP-Villa-Altena/wp-content/uploads/2022/02/IMG_4947-400x300.jpg 400w" sizes="auto, (max-width: 300px) 100vw, 300px" /></p>
<div id="attachment_968" style="width: 310px" class="wp-caption alignleft"><img loading="lazy" decoding="async" aria-describedby="caption-attachment-968" class="size-medium wp-image-968" src="http://www.inawohlgemuth.de/WP-Villa-Altena/wp-content/uploads/2022/02/IMG_5064-300x225.jpg" alt="" width="300" height="225" srcset="http://www.inawohlgemuth.de/WP-Villa-Altena/wp-content/uploads/2022/02/IMG_5064-300x225.jpg 300w, http://www.inawohlgemuth.de/WP-Villa-Altena/wp-content/uploads/2022/02/IMG_5064-1024x768.jpg 1024w, http://www.inawohlgemuth.de/WP-Villa-Altena/wp-content/uploads/2022/02/IMG_5064-768x576.jpg 768w, http://www.inawohlgemuth.de/WP-Villa-Altena/wp-content/uploads/2022/02/IMG_5064-1536x1152.jpg 1536w, http://www.inawohlgemuth.de/WP-Villa-Altena/wp-content/uploads/2022/02/IMG_5064-2048x1536.jpg 2048w, http://www.inawohlgemuth.de/WP-Villa-Altena/wp-content/uploads/2022/02/IMG_5064-400x300.jpg 400w" sizes="auto, (max-width: 300px) 100vw, 300px" /><p id="caption-attachment-968" class="wp-caption-text">Strand Pilion</p></div>
<p>&nbsp;</p>

<p>Es ist schon längst alles zu viel. Psyche und Körper melden seit geraumer Zeit Protest an, aber Sie haben gelernt, wegzuhören. Und eigentlich haben Sie auch überhaupt keine Zeit für diese Reise. Wer fährt schon in die Sonne, um sich &hellip; <a href="http://www.inawohlgemuth.de/WP-Villa-Altena/coachingreisen-teneriffa-griechenland/coachingreisen-burnoutpraevention/">Weiterlesen <span class="meta-nav">&rarr;</span></a></p>
