{"id":1238,"date":"2022-02-16T01:07:27","date_gmt":"2022-02-16T00:07:27","guid":{"rendered":"http:\/\/www.inawohlgemuth.de\/WP-Villa-Altena\/?page_id=1238"},"modified":"2022-02-16T03:08:30","modified_gmt":"2022-02-16T02:08:30","slug":"praxis-profil","status":"publish","type":"page","link":"http:\/\/www.inawohlgemuth.de\/WP-Villa-Altena\/praxis-profil\/","title":{"rendered":"W.I.R."},"content":{"rendered":"<p>Hallo, wir sind Volker Spitz und Ina Wohlgemuth und wohnen und arbeiten in der Villa Altena. Wir organisieren Veranstaltungen, Konzerte, musizieren auf unserer eigenen B\u00fchne zu unseren <strong><a href=\"http:\/\/www.inawohlgemuth.de\/WP-Villa-Altena\/konzerte\/\">Salonkonzerten<\/a><\/strong> mit unseren Bands\u00a0<strong><a href=\"http:\/\/www.schwierigeskind.de\">&#8222;Schwieriges Kind&#8220;<\/a><\/strong> und <a href=\"http:\/\/www.kollektiv-wortrock.de\"><strong>&#8222;Kollektiv<\/strong> <strong>WortRock&#8220;<\/strong><\/a> und laden ein zu interessanten <strong><a href=\"http:\/\/www.inawohlgemuth.de\/WP-Villa-Altena\/coachingreisen-teneriffa-griechenland\/\">Coachingreisen<\/a><\/strong> auf die <strong>Kanaren<\/strong> und den <strong>Pilion<\/strong> in Griechenland.<\/p>\n<p><strong>Volker<\/strong> hat nach 43 Berufsjahren in der Druckbranche seine Berufung in der Arbeit mit psychisch kranken Menschen gefunden und bereitet sich auf seine zweite Halbzeit als Therapeut vor.<\/p>\n<p><strong>Ina<\/strong> hat mit Volker f\u00fcnf Kinder, ein Enkelkind und viele Leben gelebt und ist wie ihr Partner noch mittendrin. Nach ihrer kaufm\u00e4nnischen Ausbildung hat sie auf dem zweiten Bildungsweg Diplom-Psychologie f\u00fcr Arbeit-, Betriebs- und Organisationspsychologie studiert, war etliche Jahre F\u00fchrungskraft in einem internationalen Konzern und hat sich \u00a02005 selbst\u00e4ndig gemacht. Um sich als Coach das notwendige R\u00fcstzeug zu holen, hat sie bei Dr. Astrid Schrey\u00f6gg in Berlin eine umfassende systemische Coachingausbildung absolviert und sich als aktive S\u00e4ngerin mit der Abschlussarbeit zum psychologischen Stimm- und Pr\u00e4senztraining f\u00fcr Frauen im Beruf \u00a0den Weg in die Gleichstellungsstellen der \u00f6ffentlichen Verwaltungen geebnet. Dort ist sie mit mittlerweile mit allen Themen der <strong>F\u00fchrungskr\u00e4fteentwicklung<\/strong>, <strong>Kommunikation<\/strong>,<strong> Konfliktmanagement<\/strong>,<strong> Mediation<\/strong>, <strong>Gesundes F\u00fchren<\/strong> und <strong>Teamentwicklung<\/strong> im Einsatz. Ina befindet sich in Ausbildung zur <strong>systemischen Paar-Therapeutin<\/strong> und gemeinsam mit Volker beginnt sie ihr neues Projekt &#8222;Coachingreisen&#8220;. An ihren Lieblingsorten, im Norden Teneriffas in La Orotava und auf dem traumhaften Pilion in Griechenland entf\u00fchren sie ab 2022 zu unterschiedlichen Schwerpunkten ihre G\u00e4ste und Klient*innen zur Reflexion, Entspannung, zum Genuss und zu einer Reise in unvergessliche Momente.<\/p>\n<p><img loading=\"lazy\" decoding=\"async\" class=\"wp-image-1237 size-medium alignleft\" src=\"http:\/\/www.inawohlgemuth.de\/WP-Villa-Altena\/wp-content\/uploads\/2022\/02\/MG_9330_bearb-300x202.jpg\" alt=\"\" width=\"300\" height=\"202\" srcset=\"http:\/\/www.inawohlgemuth.de\/WP-Villa-Altena\/wp-content\/uploads\/2022\/02\/MG_9330_bearb-300x202.jpg 300w, http:\/\/www.inawohlgemuth.de\/WP-Villa-Altena\/wp-content\/uploads\/2022\/02\/MG_9330_bearb-1024x691.jpg 1024w, http:\/\/www.inawohlgemuth.de\/WP-Villa-Altena\/wp-content\/uploads\/2022\/02\/MG_9330_bearb-768x518.jpg 768w, http:\/\/www.inawohlgemuth.de\/WP-Villa-Altena\/wp-content\/uploads\/2022\/02\/MG_9330_bearb-1536x1036.jpg 1536w, http:\/\/www.inawohlgemuth.de\/WP-Villa-Altena\/wp-content\/uploads\/2022\/02\/MG_9330_bearb-2048x1382.jpg 2048w, http:\/\/www.inawohlgemuth.de\/WP-Villa-Altena\/wp-content\/uploads\/2022\/02\/MG_9330_bearb-445x300.jpg 445w\" sizes=\"auto, (max-width: 300px) 100vw, 300px\" \/><\/p>\n","protected":false},"excerpt":{"rendered":"<p>Hallo, wir sind Volker Spitz und Ina Wohlgemuth und wohnen und arbeiten in der Villa Altena. Wir organisieren Veranstaltungen, Konzerte, musizieren auf unserer eigenen B\u00fchne zu unseren Salonkonzerten mit unseren Bands\u00a0&#8222;Schwieriges Kind&#8220; und &#8222;Kollektiv WortRock&#8220; und laden ein zu interessanten &hellip; <a href=\"http:\/\/www.inawohlgemuth.de\/WP-Villa-Altena\/praxis-profil\/\">Weiterlesen <span class=\"meta-nav\">&rarr;<\/span><\/a><\/p>\n","protected":false},"author":1,"featured_media":1237,"parent":0,"menu_order":0,"comment_status":"closed","ping_status":"closed","template":"","meta":{"footnotes":""},"class_list":["post-1238","page","type-page","status-publish","has-post-thumbnail","hentry"],"_links":{"self":[{"href":"http:\/\/www.inawohlgemuth.de\/WP-Villa-Altena\/wp-json\/wp\/v2\/pages\/1238","targetHints":{"allow":["GET"]}}],"collection":[{"href":"http:\/\/www.inawohlgemuth.de\/WP-Villa-Altena\/wp-json\/wp\/v2\/pages"}],"about":[{"href":"http:\/\/www.inawohlgemuth.de\/WP-Villa-Altena\/wp-json\/wp\/v2\/types\/page"}],"author":[{"embeddable":true,"href":"http:\/\/www.inawohlgemuth.de\/WP-Villa-Altena\/wp-json\/wp\/v2\/users\/1"}],"replies":[{"embeddable":true,"href":"http:\/\/www.inawohlgemuth.de\/WP-Villa-Altena\/wp-json\/wp\/v2\/comments?post=1238"}],"version-history":[{"count":17,"href":"http:\/\/www.inawohlgemuth.de\/WP-Villa-Altena\/wp-json\/wp\/v2\/pages\/1238\/revisions"}],"predecessor-version":[{"id":1271,"href":"http:\/\/www.inawohlgemuth.de\/WP-Villa-Altena\/wp-json\/wp\/v2\/pages\/1238\/revisions\/1271"}],"wp:featuredmedia":[{"embeddable":true,"href":"http:\/\/www.inawohlgemuth.de\/WP-Villa-Altena\/wp-json\/wp\/v2\/media\/1237"}],"wp:attachment":[{"href":"http:\/\/www.inawohlgemuth.de\/WP-Villa-Altena\/wp-json\/wp\/v2\/media?parent=1238"}],"curies":[{"name":"wp","href":"https:\/\/api.w.org\/{rel}","templated":true}]}}

<p>Hallo, wir sind Volker Spitz und Ina Wohlgemuth und wohnen und arbeiten in der Villa Altena. Wir organisieren Veranstaltungen, Konzerte, musizieren auf unserer eigenen Bühne zu unseren <strong><a href="http://www.inawohlgemuth.de/WP-Villa-Altena/konzerte/">Salonkonzerten</a></strong> mit unseren Bands <strong><a href="http://www.schwierigeskind.de">&#8222;Schwieriges Kind&#8220;</a></strong> und <a href="http://www.kollektiv-wortrock.de"><strong>&#8222;Kollektiv</strong> <strong>WortRock&#8220;</strong></a> und laden ein zu interessanten <strong><a href="http://www.inawohlgemuth.de/WP-Villa-Altena/coachingreisen-teneriffa-griechenland/">Coachingreisen</a></strong> auf die <strong>Kanaren</strong> und den <strong>Pilion</strong> in Griechenland.</p>
<p><strong>Volker</strong> hat nach 43 Berufsjahren in der Druckbranche seine Berufung in der Arbeit mit psychisch kranken Menschen gefunden und bereitet sich auf seine zweite Halbzeit als Therapeut vor.</p>
<p><strong>Ina</strong> hat mit Volker fünf Kinder, ein Enkelkind und viele Leben gelebt und ist wie ihr Partner noch mittendrin. Nach ihrer kaufmännischen Ausbildung hat sie auf dem zweiten Bildungsweg Diplom-Psychologie für Arbeit-, Betriebs- und Organisationspsychologie studiert, war etliche Jahre Führungskraft in einem internationalen Konzern und hat sich  2005 selbständig gemacht. Um sich als Coach das notwendige Rüstzeug zu holen, hat sie bei Dr. Astrid Schreyögg in Berlin eine umfassende systemische Coachingausbildung absolviert und sich als aktive Sängerin mit der Abschlussarbeit zum psychologischen Stimm- und Präsenztraining für Frauen im Beruf  den Weg in die Gleichstellungsstellen der öffentlichen Verwaltungen geebnet. Dort ist sie mit mittlerweile mit allen Themen der <strong>Führungskräfteentwicklung</strong>, <strong>Kommunikation</strong>,<strong> Konfliktmanagement</strong>,<strong> Mediation</strong>, <strong>Gesundes Führen</strong> und <strong>Teamentwicklung</strong> im Einsatz. Ina befindet sich in Ausbildung zur <strong>systemischen Paar-Therapeutin</strong> und gemeinsam mit Volker beginnt sie ihr neues Projekt &#8222;Coachingreisen&#8220;. An ihren Lieblingsorten, im Norden Teneriffas in La Orotava und auf dem traumhaften Pilion in Griechenland entführen sie ab 2022 zu unterschiedlichen Schwerpunkten ihre Gäste und Klient*innen zur Reflexion, Entspannung, zum Genuss und zu einer Reise in unvergessliche Momente.</p>
<p><img loading="lazy" decoding="async" class="wp-image-1237 size-medium alignleft" src="http://www.inawohlgemuth.de/WP-Villa-Altena/wp-content/uploads/2022/02/MG_9330_bearb-300x202.jpg" alt="" width="300" height="202" srcset="http://www.inawohlgemuth.de/WP-Villa-Altena/wp-content/uploads/2022/02/MG_9330_bearb-300x202.jpg 300w, http://www.inawohlgemuth.de/WP-Villa-Altena/wp-content/uploads/2022/02/MG_9330_bearb-1024x691.jpg 1024w, http://www.inawohlgemuth.de/WP-Villa-Altena/wp-content/uploads/2022/02/MG_9330_bearb-768x518.jpg 768w, http://www.inawohlgemuth.de/WP-Villa-Altena/wp-content/uploads/2022/02/MG_9330_bearb-1536x1036.jpg 1536w, http://www.inawohlgemuth.de/WP-Villa-Altena/wp-content/uploads/2022/02/MG_9330_bearb-2048x1382.jpg 2048w, http://www.inawohlgemuth.de/WP-Villa-Altena/wp-content/uploads/2022/02/MG_9330_bearb-445x300.jpg 445w" sizes="auto, (max-width: 300px) 100vw, 300px" /></p>

<p>Hallo, wir sind Volker Spitz und Ina Wohlgemuth und wohnen und arbeiten in der Villa Altena. Wir organisieren Veranstaltungen, Konzerte, musizieren auf unserer eigenen Bühne zu unseren Salonkonzerten mit unseren Bands &#8222;Schwieriges Kind&#8220; und &#8222;Kollektiv WortRock&#8220; und laden ein zu interessanten &hellip; <a href="http://www.inawohlgemuth.de/WP-Villa-Altena/praxis-profil/">Weiterlesen <span class="meta-nav">&rarr;</span></a></p>
