{"id":17,"date":"2018-12-17T23:13:12","date_gmt":"2018-12-17T22:13:12","guid":{"rendered":"http:\/\/www.inawohlgemuth.de\/WP-Villa-Altena\/?page_id=17"},"modified":"2022-06-02T15:27:21","modified_gmt":"2022-06-02T13:27:21","slug":"konzerte","status":"publish","type":"page","link":"http:\/\/www.inawohlgemuth.de\/WP-Villa-Altena\/konzerte\/","title":{"rendered":"Salonkonzerte"},"content":{"rendered":"<h2>Salonkonzerte in der Villa Altena: eine B\u00fchne, vier Musiker und ein volles Haus mit wundervollen G\u00e4sten!<\/h2>\n<p>Es geht endlich wieder los!!! Wir starten unsere Salonkonzert-Reihe am <strong>17. Juni 2022 um 19:30 Uhr<\/strong> in der Villa Altena mit einem \u00dcberfall auf <a href=\"http:\/\/www.inawohlgemuth.de\/WP-Villa-Altena\/wp-content\/uploads\/2022\/06\/Einladung-Salonkonzert-Mai-22-scaled.jpg\"><img loading=\"lazy\" decoding=\"async\" class=\"alignright size-medium wp-image-1294\" src=\"http:\/\/www.inawohlgemuth.de\/WP-Villa-Altena\/wp-content\/uploads\/2022\/06\/Einladung-Salonkonzert-Mai-22-212x300.jpg\" alt=\"\" width=\"212\" height=\"300\" srcset=\"http:\/\/www.inawohlgemuth.de\/WP-Villa-Altena\/wp-content\/uploads\/2022\/06\/Einladung-Salonkonzert-Mai-22-212x300.jpg 212w, http:\/\/www.inawohlgemuth.de\/WP-Villa-Altena\/wp-content\/uploads\/2022\/06\/Einladung-Salonkonzert-Mai-22-724x1024.jpg 724w, http:\/\/www.inawohlgemuth.de\/WP-Villa-Altena\/wp-content\/uploads\/2022\/06\/Einladung-Salonkonzert-Mai-22-768x1087.jpg 768w, http:\/\/www.inawohlgemuth.de\/WP-Villa-Altena\/wp-content\/uploads\/2022\/06\/Einladung-Salonkonzert-Mai-22-1085x1536.jpg 1085w, http:\/\/www.inawohlgemuth.de\/WP-Villa-Altena\/wp-content\/uploads\/2022\/06\/Einladung-Salonkonzert-Mai-22-1447x2048.jpg 1447w, http:\/\/www.inawohlgemuth.de\/WP-Villa-Altena\/wp-content\/uploads\/2022\/06\/Einladung-Salonkonzert-Mai-22-scaled.jpg 1809w\" sizes=\"auto, (max-width: 212px) 100vw, 212px\" \/><\/a>Ohren, Herz und Hirn! Unter dem Titel &#8222;Neun zu elf&#8220; serviert die Hausband\u00a0\u00a0<strong><a href=\"http:\/\/www.schwierigeskind.de\">&#8222;Schwieriges Kind&#8220;<\/a><\/strong>\u00a0einen Mix aus eigenen Songs und Pop- und Jazz-Cover. Improvisationen sind vorgesehen und erwartbar!\u00a0Wir K\u00fcnstler*innen nehmen uns die Freiheit der kurzfristigen Gestaltung des Abends!<\/p>\n<p>Wer schon einmal bei unseren <strong>Salonkonzerten<\/strong> zu Gast war, wei\u00df, dass diese Abende neben dem Kulturgenuss noch weitere H\u00e4ppchen bereithalten. Am Buffet bei kleinen Snacks gibt es gro\u00dfartige Menschen, Nachbarn und so manches Netzwerk ist an diesen Abenden schon gesponnen worden. Wir freuen uns riesig auf Euch!<\/p>\n<p>Meldet Euch bei uns an, wenn Ihr in den <strong>Konzert-Newsletter<\/strong> aufgenommen werden wollt, am liebsten und einfachsten \u00fcber WhatsApp oder Signal! Da wir nur <strong>maximal 40 Pl\u00e4tze<\/strong> vergeben k\u00f6nnen, haltet Eure Reservierung bitte ein! Zu den Kosten: Salonkonzerte sind private, nicht \u00f6ffentliche Veranstaltungen, f\u00fcr die kein Eintritt entrichtet wird. Wir reichen in der Pause f\u00fcr unsere K\u00fcnstler, Getr\u00e4nke und Snacks einen Hut herum und freuen uns \u00fcber Eure Spenden!<\/p>\n<p>Und das sind unsere &#8222;Hausbands&#8220;:<\/p>\n<h2><strong>SCHWIERIGES KIND<\/strong><\/h2>\n<p><a id=\"fb\" href=\"http:\/\/inawohlgemuth.de\/data\/uploads\/teaserbilder\/schwierigeskind.jpg\"><img decoding=\"async\" style=\"float: right; width: 200px; height: 147px; border-radius: 10px; border: 1px solid #cccccc; margin-left: 20px; padding: 5px;\" src=\"http:\/\/www.inawohlgemuth.de\/WP-Villa-Altena\/wp-content\/uploads\/2018\/12\/schwierigeskind.jpg\" alt=\"\" \/><\/a>Meine Band mit dem Namen meiner Kindheit und Crossover\u00a0aus Pop, Jazz, Funk, Soul, Improvisationen und jeder Menge eigener Songs!<\/p>\n<p>\u2192 <a href=\"http:\/\/www.schwierigeskind.de\" target=\"_blank\" rel=\"noopener noreferrer\">Mehr Informationen zur Band<br \/>\nund unsere eigenen Songs\u00a0hier:&#8230;<\/a><br \/>\n. . . . . . . . . . . . . . . . . . . . . . . . . . . . . . . . .<\/p>\n<h2><strong>KOLLEKTIV WORTROCK<\/strong><\/h2>\n<p><img loading=\"lazy\" decoding=\"async\" style=\"float: right; width: 200px; height: 147px; border-radius: 10px; border: 1px solid #cccccc; margin-left: 20px; padding: 5px;\" src=\"http:\/\/www.inawohlgemuth.de\/WP-Villa-Altena\/wp-content\/uploads\/2019\/01\/Foto-KWR-Collage-2019-300x197.png\" alt=\"\" width=\"300\" height=\"197\" \/><\/p>\n<p>Melodien, die jeder kennt, mit Texten, die man geh\u00f6rt haben muss!<br \/>\nRockig, zart und augenzwinkernd spielt Kollektiv WortRock die sch\u00f6nsten Klassiker aus vier Jahrzehnten Rock- und Popmusik mit neuer deutscher Verdichtung.<\/p>\n<p>\u2192 Mehr Informationen zur Band<br \/>\nauf\u00a0<a href=\"http:\/\/www.kollektiv-wortrock.de\" target=\"_blank\" rel=\"noopener noreferrer\">www.kollektiv-wortrock.de<\/a><\/p>\n<p>. . . . . . . . . . . . . . . . . . . . . . . . . . . . . . . . .<\/p>\n<p>.<\/p>\n<p>&nbsp;<\/p>\n","protected":false},"excerpt":{"rendered":"<p>Salonkonzerte in der Villa Altena: eine B\u00fchne, vier Musiker und ein volles Haus mit wundervollen G\u00e4sten! Es geht endlich wieder los!!! Wir starten unsere Salonkonzert-Reihe am 17. Juni 2022 um 19:30 Uhr in der Villa Altena mit einem \u00dcberfall auf &hellip; <a href=\"http:\/\/www.inawohlgemuth.de\/WP-Villa-Altena\/konzerte\/\">Weiterlesen <span class=\"meta-nav\">&rarr;<\/span><\/a><\/p>\n","protected":false},"author":1,"featured_media":595,"parent":0,"menu_order":0,"comment_status":"closed","ping_status":"closed","template":"sidebar-page.php","meta":{"footnotes":""},"class_list":["post-17","page","type-page","status-publish","has-post-thumbnail","hentry"],"_links":{"self":[{"href":"http:\/\/www.inawohlgemuth.de\/WP-Villa-Altena\/wp-json\/wp\/v2\/pages\/17","targetHints":{"allow":["GET"]}}],"collection":[{"href":"http:\/\/www.inawohlgemuth.de\/WP-Villa-Altena\/wp-json\/wp\/v2\/pages"}],"about":[{"href":"http:\/\/www.inawohlgemuth.de\/WP-Villa-Altena\/wp-json\/wp\/v2\/types\/page"}],"author":[{"embeddable":true,"href":"http:\/\/www.inawohlgemuth.de\/WP-Villa-Altena\/wp-json\/wp\/v2\/users\/1"}],"replies":[{"embeddable":true,"href":"http:\/\/www.inawohlgemuth.de\/WP-Villa-Altena\/wp-json\/wp\/v2\/comments?post=17"}],"version-history":[{"count":46,"href":"http:\/\/www.inawohlgemuth.de\/WP-Villa-Altena\/wp-json\/wp\/v2\/pages\/17\/revisions"}],"predecessor-version":[{"id":1295,"href":"http:\/\/www.inawohlgemuth.de\/WP-Villa-Altena\/wp-json\/wp\/v2\/pages\/17\/revisions\/1295"}],"wp:featuredmedia":[{"embeddable":true,"href":"http:\/\/www.inawohlgemuth.de\/WP-Villa-Altena\/wp-json\/wp\/v2\/media\/595"}],"wp:attachment":[{"href":"http:\/\/www.inawohlgemuth.de\/WP-Villa-Altena\/wp-json\/wp\/v2\/media?parent=17"}],"curies":[{"name":"wp","href":"https:\/\/api.w.org\/{rel}","templated":true}]}}

<h2>Salonkonzerte in der Villa Altena: eine Bühne, vier Musiker und ein volles Haus mit wundervollen Gästen!</h2>
<p>Es geht endlich wieder los!!! Wir starten unsere Salonkonzert-Reihe am <strong>17. Juni 2022 um 19:30 Uhr</strong> in der Villa Altena mit einem Überfall auf <a href="http://www.inawohlgemuth.de/WP-Villa-Altena/wp-content/uploads/2022/06/Einladung-Salonkonzert-Mai-22-scaled.jpg"><img loading="lazy" decoding="async" class="alignright size-medium wp-image-1294" src="http://www.inawohlgemuth.de/WP-Villa-Altena/wp-content/uploads/2022/06/Einladung-Salonkonzert-Mai-22-212x300.jpg" alt="" width="212" height="300" srcset="http://www.inawohlgemuth.de/WP-Villa-Altena/wp-content/uploads/2022/06/Einladung-Salonkonzert-Mai-22-212x300.jpg 212w, http://www.inawohlgemuth.de/WP-Villa-Altena/wp-content/uploads/2022/06/Einladung-Salonkonzert-Mai-22-724x1024.jpg 724w, http://www.inawohlgemuth.de/WP-Villa-Altena/wp-content/uploads/2022/06/Einladung-Salonkonzert-Mai-22-768x1087.jpg 768w, http://www.inawohlgemuth.de/WP-Villa-Altena/wp-content/uploads/2022/06/Einladung-Salonkonzert-Mai-22-1085x1536.jpg 1085w, http://www.inawohlgemuth.de/WP-Villa-Altena/wp-content/uploads/2022/06/Einladung-Salonkonzert-Mai-22-1447x2048.jpg 1447w, http://www.inawohlgemuth.de/WP-Villa-Altena/wp-content/uploads/2022/06/Einladung-Salonkonzert-Mai-22-scaled.jpg 1809w" sizes="auto, (max-width: 212px) 100vw, 212px" /></a>Ohren, Herz und Hirn! Unter dem Titel &#8222;Neun zu elf&#8220; serviert die Hausband  <strong><a href="http://www.schwierigeskind.de">&#8222;Schwieriges Kind&#8220;</a></strong> einen Mix aus eigenen Songs und Pop- und Jazz-Cover. Improvisationen sind vorgesehen und erwartbar! Wir Künstler*innen nehmen uns die Freiheit der kurzfristigen Gestaltung des Abends!</p>
<p>Wer schon einmal bei unseren <strong>Salonkonzerten</strong> zu Gast war, weiß, dass diese Abende neben dem Kulturgenuss noch weitere Häppchen bereithalten. Am Buffet bei kleinen Snacks gibt es großartige Menschen, Nachbarn und so manches Netzwerk ist an diesen Abenden schon gesponnen worden. Wir freuen uns riesig auf Euch!</p>
<p>Meldet Euch bei uns an, wenn Ihr in den <strong>Konzert-Newsletter</strong> aufgenommen werden wollt, am liebsten und einfachsten über WhatsApp oder Signal! Da wir nur <strong>maximal 40 Plätze</strong> vergeben können, haltet Eure Reservierung bitte ein! Zu den Kosten: Salonkonzerte sind private, nicht öffentliche Veranstaltungen, für die kein Eintritt entrichtet wird. Wir reichen in der Pause für unsere Künstler, Getränke und Snacks einen Hut herum und freuen uns über Eure Spenden!</p>
<p>Und das sind unsere &#8222;Hausbands&#8220;:</p>
<h2><strong>SCHWIERIGES KIND</strong></h2>
<p><a id="fb" href="http://inawohlgemuth.de/data/uploads/teaserbilder/schwierigeskind.jpg"><img decoding="async" style="float: right; width: 200px; height: 147px; border-radius: 10px; border: 1px solid #cccccc; margin-left: 20px; padding: 5px;" src="http://www.inawohlgemuth.de/WP-Villa-Altena/wp-content/uploads/2018/12/schwierigeskind.jpg" alt="" /></a>Meine Band mit dem Namen meiner Kindheit und Crossover aus Pop, Jazz, Funk, Soul, Improvisationen und jeder Menge eigener Songs!</p>
<p>→ <a href="http://www.schwierigeskind.de" target="_blank" rel="noopener noreferrer">Mehr Informationen zur Band<br />
und unsere eigenen Songs hier:&#8230;</a><br />
. . . . . . . . . . . . . . . . . . . . . . . . . . . . . . . . .</p>
<h2><strong>KOLLEKTIV WORTROCK</strong></h2>
<p><img loading="lazy" decoding="async" style="float: right; width: 200px; height: 147px; border-radius: 10px; border: 1px solid #cccccc; margin-left: 20px; padding: 5px;" src="http://www.inawohlgemuth.de/WP-Villa-Altena/wp-content/uploads/2019/01/Foto-KWR-Collage-2019-300x197.png" alt="" width="300" height="197" /></p>
<p>Melodien, die jeder kennt, mit Texten, die man gehört haben muss!<br />
Rockig, zart und augenzwinkernd spielt Kollektiv WortRock die schönsten Klassiker aus vier Jahrzehnten Rock- und Popmusik mit neuer deutscher Verdichtung.</p>
<p>→ Mehr Informationen zur Band<br />
auf <a href="http://www.kollektiv-wortrock.de" target="_blank" rel="noopener noreferrer">www.kollektiv-wortrock.de</a></p>
<p>. . . . . . . . . . . . . . . . . . . . . . . . . . . . . . . . .</p>
<p>.</p>
<p>&nbsp;</p>

<p>Salonkonzerte in der Villa Altena: eine Bühne, vier Musiker und ein volles Haus mit wundervollen Gästen! Es geht endlich wieder los!!! Wir starten unsere Salonkonzert-Reihe am 17. Juni 2022 um 19:30 Uhr in der Villa Altena mit einem Überfall auf &hellip; <a href="http://www.inawohlgemuth.de/WP-Villa-Altena/konzerte/">Weiterlesen <span class="meta-nav">&rarr;</span></a></p>
