{"id":19,"date":"2018-12-17T23:14:43","date_gmt":"2018-12-17T22:14:43","guid":{"rendered":"http:\/\/www.inawohlgemuth.de\/WP-Villa-Altena\/?page_id=19"},"modified":"2022-02-17T10:12:43","modified_gmt":"2022-02-17T09:12:43","slug":"seminare","status":"publish","type":"page","link":"http:\/\/www.inawohlgemuth.de\/WP-Villa-Altena\/ava-akademie-villa-altena\/seminare\/","title":{"rendered":"Seminare I Trainings I Workshops"},"content":{"rendered":"<h1>Unsere Seminare f\u00fcr Sie in der Villa Altena &#8211; frisches Wissen in alten Mauern!<\/h1>\n<p><em>Sie finden hier Veranstaltungen f\u00fcr Ihre berufliche und pers\u00f6nliche Weiterentwicklung sowie wichtige Hilfestellungen f\u00fcr dr\u00e4ngende Fragen der Konfliktl\u00f6sung, Verhandlungsf\u00fchrung oder Ihrer (betrieblichen) Gesundheitsf\u00fcrsorge und Life-Balance.<\/em><\/p>\n<h2>Workshops f\u00fcr Firmen, Abteilungen, Teams auf Anfrage, z.B. :<\/h2>\n<ul>\n<li>Teamentwicklungsworkshops &#8222;Starke K\u00f6pfe &#8211; starke Teams&#8220; &#8211;\u00a0St\u00e4rkung von Kommunikation und Zusammenarbeit<\/li>\n<li>Strategie-, Produkt- und Organisationsentwicklungsworkshops<\/li>\n<li>Leitbildentwicklung<\/li>\n<\/ul>\n<hr \/>\n<p>F\u00fchrungsseminare aus der Reihe<strong> &#8222;LEADERCHIPS&#8220;<\/strong> &#8211; Inhouse oder als offenes Angebot, hier unser <strong><a href=\"http:\/\/www.inawohlgemuth.de\/WP-Villa-Altena\/wp-content\/uploads\/2022\/02\/Profil-von-Leitbild-zur-FKentwicklung.pdf\">Angebot von der Leitbild- zur F\u00fchrungskr\u00e4fteentwicklung f\u00fcr <\/a><a href=\"http:\/\/www.inawohlgemuth.de\/WP-Villa-Altena\/wp-content\/uploads\/2022\/02\/Profil-von-Leitbild-zur-FKentwicklung.pdf\">V<\/a><a href=\"http:\/\/www.inawohlgemuth.de\/WP-Villa-Altena\/wp-content\/uploads\/2022\/02\/Profil-von-Leitbild-zur-FKentwicklung.pdf\">erwaltungsbetr<\/a><a href=\"http:\/\/www.inawohlgemuth.de\/WP-Villa-Altena\/wp-content\/uploads\/2022\/02\/Profil-von-Leitbild-zur-FKentwicklung.pdf\">iebe<\/a> und z.B.:<\/strong><\/p>\n<ul>\n<li><strong>&#8222;Vom Kollegen zur F\u00fchrungskraft &#8211; \u00a0Souver\u00e4n und erfolgreich in die neue F\u00fchrungsrolle.&#8220;<\/strong><\/li>\n<li><strong>&#8222;Gesund f\u00fchren \u2013 mich selbst und andere\u201c<\/strong><\/li>\n<li><strong>&#8222;Gut gereift &#8211; alternde Teams altersgerecht und erfolgreich f\u00fchren&#8220;<\/strong><\/li>\n<li><strong>&#8222;Konflikte sind Normal- und nicht Notfall &#8211;\u00a0Konflikte ansprechen, l\u00f6sen, moderieren.&#8220;<\/strong><\/li>\n<li><strong>&#8222;Jeder Jeck ist anders!\u201c Sich selbst und andere besser verstehen und f\u00fchren.<\/strong><\/li>\n<\/ul>\n<hr \/>\n<p>Seminare und Trainings mit Sofortwirkung auf Ihre Kommunikation, \u00dcberzeugungskraft und Pr\u00e4senz:<\/p>\n<ul>\n<li><strong>&#8222;H\u00f6ren. Verstehen. Ankommen! &#8211; Intensivtraining Kommunikation&#8220;<\/strong><\/li>\n<li><strong>Programm Body &amp; Soul &#8222;Stimmt so! Souver\u00e4n sprechen und geh\u00f6rt werden&#8220; Psychologisches Stimm- und Pr\u00e4senztraining &#8211; individuell und sofort wirksam!<\/strong><\/li>\n<li><strong>Programm Body &amp; Soul: &#8222;Starke Auftritte!-\u00a0Selbstbewusst ankommen (nicht nur) f\u00fcr Frauen.&#8220;<\/strong><\/li>\n<li><strong>Programm Body &amp; Soul: \u201eSchlag? Fertig! &#8211;\u00a0Souver\u00e4ner Umgang mit Entwertung und Ignoranz.&#8220;<\/strong><\/li>\n<\/ul>\n<hr \/>\n<p>Seminare zur Gesundheitspr\u00e4vention, Resilienz und Pers\u00f6nlichkeitsentwicklung:<\/p>\n<ul>\n<li><strong>\u201eGut zu mir sein \u00a0&#8211;\u00a0Burnout erkennen, \u00fcberwinden, verhindern mit aktiver Selbstf\u00fcrsorge&#8220;<\/strong><\/li>\n<li><strong>&#8222;Kein Stress mit dem Stress! &#8211; Dem Stress auf die Spur kommen und ihn erfolgreich bew\u00e4ltigen&#8220;<\/strong><\/li>\n<li><strong>&#8222;Don&#8217;t worry, be happy! &#8211; die 12 Aktivit\u00e4ten der Gl\u00fccksforschung f\u00fcr mehr Lebenszufriedenheit<\/strong><\/li>\n<\/ul>\n<hr \/>\n<p>&nbsp;<\/p>\n<hr \/>\n<p>&nbsp;<\/p>\n<p>&nbsp;<\/p>\n<hr \/>\n<p>&nbsp;<\/p>\n<p>&nbsp;<\/p>\n<hr \/>\n<p>&nbsp;<\/p>\n<hr \/>\n<p><strong><a href=\"http:\/\/www.inawohlgemuth.de\/WP-Villa-Altena\/wp-content\/uploads\/2019\/02\/Jederjeck.jpg\" target=\"_blank\" rel=\"noopener noreferrer\">\u00a0<\/a><\/strong><\/p>\n<p>&nbsp;<\/p>\n<p>&nbsp;<\/p>\n<hr \/>\n<p><strong>5. und 6. Juni<\/strong> 2019<\/p>\n<p>&nbsp;<\/p>\n<p>&nbsp;<\/p>\n<p>&nbsp;<\/p>\n<hr \/>\n<p><strong>8. und 9. Juli<\/strong> 2019 \u201eWir Gl\u00fcckssucher\u201c<br \/>\nAuf den Spuren zu mehr Lebenszufriedenheit<\/p>\n<hr \/>\n<p>\u2192 <a href=\"http:\/\/www.inawohlgemuth.de\/WP-Villa-Altena\/wp-content\/uploads\/2018\/12\/Programmheft-1.-HJ-2018-2.pdf\" target=\"blank\" rel=\"noopener noreferrer\">Archiv Programmheft 1. Halbjahr 2019<\/a>\u00a0&#8211; als PDF download<\/p>\n<h1><img loading=\"lazy\" decoding=\"async\" class=\"alignnone wp-image-99\" src=\"http:\/\/www.inawohlgemuth.de\/WP-Villa-Altena\/wp-content\/uploads\/2018\/12\/programmheft-1-hj2019-bild-723x1024.jpg\" alt=\"\" width=\"225\" height=\"317\" srcset=\"http:\/\/www.inawohlgemuth.de\/WP-Villa-Altena\/wp-content\/uploads\/2018\/12\/programmheft-1-hj2019-bild-212x300.jpg 212w, http:\/\/www.inawohlgemuth.de\/WP-Villa-Altena\/wp-content\/uploads\/2018\/12\/programmheft-1-hj2019-bild-768x1087.jpg 768w\" sizes=\"auto, (max-width: 225px) 100vw, 225px\" \/><\/h1>\n<hr \/>\n<p>&nbsp;<\/p>\n","protected":false},"excerpt":{"rendered":"<p>Unsere Seminare f\u00fcr Sie in der Villa Altena &#8211; frisches Wissen in alten Mauern! Sie finden hier Veranstaltungen f\u00fcr Ihre berufliche und pers\u00f6nliche Weiterentwicklung sowie wichtige Hilfestellungen f\u00fcr dr\u00e4ngende Fragen der Konfliktl\u00f6sung, Verhandlungsf\u00fchrung oder Ihrer (betrieblichen) Gesundheitsf\u00fcrsorge und Life-Balance. Workshops &hellip; <a href=\"http:\/\/www.inawohlgemuth.de\/WP-Villa-Altena\/ava-akademie-villa-altena\/seminare\/\">Weiterlesen <span class=\"meta-nav\">&rarr;<\/span><\/a><\/p>\n","protected":false},"author":1,"featured_media":1233,"parent":43,"menu_order":0,"comment_status":"closed","ping_status":"closed","template":"","meta":{"footnotes":""},"class_list":["post-19","page","type-page","status-publish","has-post-thumbnail","hentry"],"_links":{"self":[{"href":"http:\/\/www.inawohlgemuth.de\/WP-Villa-Altena\/wp-json\/wp\/v2\/pages\/19","targetHints":{"allow":["GET"]}}],"collection":[{"href":"http:\/\/www.inawohlgemuth.de\/WP-Villa-Altena\/wp-json\/wp\/v2\/pages"}],"about":[{"href":"http:\/\/www.inawohlgemuth.de\/WP-Villa-Altena\/wp-json\/wp\/v2\/types\/page"}],"author":[{"embeddable":true,"href":"http:\/\/www.inawohlgemuth.de\/WP-Villa-Altena\/wp-json\/wp\/v2\/users\/1"}],"replies":[{"embeddable":true,"href":"http:\/\/www.inawohlgemuth.de\/WP-Villa-Altena\/wp-json\/wp\/v2\/comments?post=19"}],"version-history":[{"count":30,"href":"http:\/\/www.inawohlgemuth.de\/WP-Villa-Altena\/wp-json\/wp\/v2\/pages\/19\/revisions"}],"predecessor-version":[{"id":1234,"href":"http:\/\/www.inawohlgemuth.de\/WP-Villa-Altena\/wp-json\/wp\/v2\/pages\/19\/revisions\/1234"}],"up":[{"embeddable":true,"href":"http:\/\/www.inawohlgemuth.de\/WP-Villa-Altena\/wp-json\/wp\/v2\/pages\/43"}],"wp:featuredmedia":[{"embeddable":true,"href":"http:\/\/www.inawohlgemuth.de\/WP-Villa-Altena\/wp-json\/wp\/v2\/media\/1233"}],"wp:attachment":[{"href":"http:\/\/www.inawohlgemuth.de\/WP-Villa-Altena\/wp-json\/wp\/v2\/media?parent=19"}],"curies":[{"name":"wp","href":"https:\/\/api.w.org\/{rel}","templated":true}]}}

<h1>Unsere Seminare für Sie in der Villa Altena &#8211; frisches Wissen in alten Mauern!</h1>
<p><em>Sie finden hier Veranstaltungen für Ihre berufliche und persönliche Weiterentwicklung sowie wichtige Hilfestellungen für drängende Fragen der Konfliktlösung, Verhandlungsführung oder Ihrer (betrieblichen) Gesundheitsfürsorge und Life-Balance.</em></p>
<h2>Workshops für Firmen, Abteilungen, Teams auf Anfrage, z.B. :</h2>
<ul>
<li>Teamentwicklungsworkshops &#8222;Starke Köpfe &#8211; starke Teams&#8220; &#8211; Stärkung von Kommunikation und Zusammenarbeit</li>
<li>Strategie-, Produkt- und Organisationsentwicklungsworkshops</li>
<li>Leitbildentwicklung</li>
</ul>
<hr />
<p>Führungsseminare aus der Reihe<strong> &#8222;LEADERCHIPS&#8220;</strong> &#8211; Inhouse oder als offenes Angebot, hier unser <strong><a href="http://www.inawohlgemuth.de/WP-Villa-Altena/wp-content/uploads/2022/02/Profil-von-Leitbild-zur-FKentwicklung.pdf">Angebot von der Leitbild- zur Führungskräfteentwicklung für </a><a href="http://www.inawohlgemuth.de/WP-Villa-Altena/wp-content/uploads/2022/02/Profil-von-Leitbild-zur-FKentwicklung.pdf">V</a><a href="http://www.inawohlgemuth.de/WP-Villa-Altena/wp-content/uploads/2022/02/Profil-von-Leitbild-zur-FKentwicklung.pdf">erwaltungsbetr</a><a href="http://www.inawohlgemuth.de/WP-Villa-Altena/wp-content/uploads/2022/02/Profil-von-Leitbild-zur-FKentwicklung.pdf">iebe</a> und z.B.:</strong></p>
<ul>
<li><strong>&#8222;Vom Kollegen zur Führungskraft &#8211;  Souverän und erfolgreich in die neue Führungsrolle.&#8220;</strong></li>
<li><strong>&#8222;Gesund führen – mich selbst und andere“</strong></li>
<li><strong>&#8222;Gut gereift &#8211; alternde Teams altersgerecht und erfolgreich führen&#8220;</strong></li>
<li><strong>&#8222;Konflikte sind Normal- und nicht Notfall &#8211; Konflikte ansprechen, lösen, moderieren.&#8220;</strong></li>
<li><strong>&#8222;Jeder Jeck ist anders!“ Sich selbst und andere besser verstehen und führen.</strong></li>
</ul>
<hr />
<p>Seminare und Trainings mit Sofortwirkung auf Ihre Kommunikation, Überzeugungskraft und Präsenz:</p>
<ul>
<li><strong>&#8222;Hören. Verstehen. Ankommen! &#8211; Intensivtraining Kommunikation&#8220;</strong></li>
<li><strong>Programm Body &amp; Soul &#8222;Stimmt so! Souverän sprechen und gehört werden&#8220; Psychologisches Stimm- und Präsenztraining &#8211; individuell und sofort wirksam!</strong></li>
<li><strong>Programm Body &amp; Soul: &#8222;Starke Auftritte!- Selbstbewusst ankommen (nicht nur) für Frauen.&#8220;</strong></li>
<li><strong>Programm Body &amp; Soul: „Schlag? Fertig! &#8211; Souveräner Umgang mit Entwertung und Ignoranz.&#8220;</strong></li>
</ul>
<hr />
<p>Seminare zur Gesundheitsprävention, Resilienz und Persönlichkeitsentwicklung:</p>
<ul>
<li><strong>„Gut zu mir sein  &#8211; Burnout erkennen, überwinden, verhindern mit aktiver Selbstfürsorge&#8220;</strong></li>
<li><strong>&#8222;Kein Stress mit dem Stress! &#8211; Dem Stress auf die Spur kommen und ihn erfolgreich bewältigen&#8220;</strong></li>
<li><strong>&#8222;Don&#8217;t worry, be happy! &#8211; die 12 Aktivitäten der Glücksforschung für mehr Lebenszufriedenheit</strong></li>
</ul>
<hr />
<p>&nbsp;</p>
<hr />
<p>&nbsp;</p>
<p>&nbsp;</p>
<hr />
<p>&nbsp;</p>
<p>&nbsp;</p>
<hr />
<p>&nbsp;</p>
<hr />
<p><strong><a href="http://www.inawohlgemuth.de/WP-Villa-Altena/wp-content/uploads/2019/02/Jederjeck.jpg" target="_blank" rel="noopener noreferrer"> </a></strong></p>
<p>&nbsp;</p>
<p>&nbsp;</p>
<hr />
<p><strong>5. und 6. Juni</strong> 2019</p>
<p>&nbsp;</p>
<p>&nbsp;</p>
<p>&nbsp;</p>
<hr />
<p><strong>8. und 9. Juli</strong> 2019 „Wir Glückssucher“<br />
Auf den Spuren zu mehr Lebenszufriedenheit</p>
<hr />
<p>→ <a href="http://www.inawohlgemuth.de/WP-Villa-Altena/wp-content/uploads/2018/12/Programmheft-1.-HJ-2018-2.pdf" target="blank" rel="noopener noreferrer">Archiv Programmheft 1. Halbjahr 2019</a> &#8211; als PDF download</p>
<h1><img loading="lazy" decoding="async" class="alignnone wp-image-99" src="http://www.inawohlgemuth.de/WP-Villa-Altena/wp-content/uploads/2018/12/programmheft-1-hj2019-bild-723x1024.jpg" alt="" width="225" height="317" srcset="http://www.inawohlgemuth.de/WP-Villa-Altena/wp-content/uploads/2018/12/programmheft-1-hj2019-bild-212x300.jpg 212w, http://www.inawohlgemuth.de/WP-Villa-Altena/wp-content/uploads/2018/12/programmheft-1-hj2019-bild-768x1087.jpg 768w" sizes="auto, (max-width: 225px) 100vw, 225px" /></h1>
<hr />
<p>&nbsp;</p>

<p>Unsere Seminare für Sie in der Villa Altena &#8211; frisches Wissen in alten Mauern! Sie finden hier Veranstaltungen für Ihre berufliche und persönliche Weiterentwicklung sowie wichtige Hilfestellungen für drängende Fragen der Konfliktlösung, Verhandlungsführung oder Ihrer (betrieblichen) Gesundheitsfürsorge und Life-Balance. Workshops &hellip; <a href="http://www.inawohlgemuth.de/WP-Villa-Altena/ava-akademie-villa-altena/seminare/">Weiterlesen <span class="meta-nav">&rarr;</span></a></p>
