{"id":2,"date":"2018-12-17T22:41:11","date_gmt":"2018-12-17T21:41:11","guid":{"rendered":"http:\/\/www.inawohlgemuth.de\/WP-Villa-Altena\/?page_id=2"},"modified":"2022-02-16T00:06:20","modified_gmt":"2022-02-15T23:06:20","slug":"beispiel-seite","status":"publish","type":"page","link":"http:\/\/www.inawohlgemuth.de\/WP-Villa-Altena\/beispiel-seite\/","title":{"rendered":"Coaching"},"content":{"rendered":"<h2><strong>Coaching mit Ambiente und Burgblick<\/strong><\/h2>\n<p>Stress im Beruf und \u00dcberforderung zuhause, \u00c4rger mit dem Chef, der Chefin oder mit Kollegen, Kolleginnen, Mitarbeitenden, ein schwieriges Gespr\u00e4ch, eine konfliktreiche Verhandlung vorbereiten, trotz und mit Lampenfieber vor Menschen sprechen m\u00fcssen, sich als neuer Chef, neue Chefin in die F\u00fchrungsrolle einfinden, Konflikte moderieren und l\u00f6sen, Gruppen anleiten &#8211; alle diese Herausforderungen k\u00f6nnen Sie alleine mit sich ausmachen.\u00a0Oder sich professionelles Coaching leisten!<\/p>\n<p>Profitieren Sie vom historischen Charme der Villa Altena, dem Ambiente mit Burgblick und meiner jahrzehntelangen Erfahrung als Coach f\u00fcr Menschen im Beruf, in F\u00fchrungspositionen und besonderen Organisationsbedingungen.<\/p>\n\n\t\t<style type=\"text\/css\">\n\t\t\t#gallery-1 {\n\t\t\t\tmargin: auto;\n\t\t\t}\n\t\t\t#gallery-1 .gallery-item {\n\t\t\t\tfloat: left;\n\t\t\t\tmargin-top: 10px;\n\t\t\t\ttext-align: center;\n\t\t\t\twidth: 25%;\n\t\t\t}\n\t\t\t#gallery-1 img {\n\t\t\t\tborder: 2px solid #cfcfcf;\n\t\t\t}\n\t\t\t#gallery-1 .gallery-caption {\n\t\t\t\tmargin-left: 0;\n\t\t\t}\n\t\t\t\/* see gallery_shortcode() in wp-includes\/media.php *\/\n\t\t<\/style>\n\t\t<div id='gallery-1' class='gallery galleryid-2 gallery-columns-4 gallery-size-thumbnail'><dl class='gallery-item'>\n\t\t\t<dt class='gallery-icon landscape'>\n\t\t\t\t<a href='http:\/\/www.inawohlgemuth.de\/WP-Villa-Altena\/wp-content\/uploads\/2020\/05\/IMG_7840-scaled.jpg'><img loading=\"lazy\" decoding=\"async\" width=\"150\" height=\"150\" src=\"http:\/\/www.inawohlgemuth.de\/WP-Villa-Altena\/wp-content\/uploads\/2020\/05\/IMG_7840-150x150.jpg\" class=\"attachment-thumbnail size-thumbnail\" alt=\"\" aria-describedby=\"gallery-1-602\" \/><\/a>\n\t\t\t<\/dt>\n\t\t\t\t<dd class='wp-caption-text gallery-caption' id='gallery-1-602'>\n\t\t\t\tCoaching mit Burgblick\n\t\t\t\t<\/dd><\/dl><dl class='gallery-item'>\n\t\t\t<dt class='gallery-icon landscape'>\n\t\t\t\t<a href='http:\/\/www.inawohlgemuth.de\/WP-Villa-Altena\/wp-content\/uploads\/2020\/05\/IMG_0044-1-scaled.jpg'><img loading=\"lazy\" decoding=\"async\" width=\"150\" height=\"150\" src=\"http:\/\/www.inawohlgemuth.de\/WP-Villa-Altena\/wp-content\/uploads\/2020\/05\/IMG_0044-1-150x150.jpg\" class=\"attachment-thumbnail size-thumbnail\" alt=\"\" aria-describedby=\"gallery-1-588\" \/><\/a>\n\t\t\t<\/dt>\n\t\t\t\t<dd class='wp-caption-text gallery-caption' id='gallery-1-588'>\n\t\t\t\tWintergarten mit Burgblick\n\t\t\t\t<\/dd><\/dl><dl class='gallery-item'>\n\t\t\t<dt class='gallery-icon landscape'>\n\t\t\t\t<a href='http:\/\/www.inawohlgemuth.de\/WP-Villa-Altena\/wp-content\/uploads\/2020\/05\/IMG_8306.jpg'><img loading=\"lazy\" decoding=\"async\" width=\"150\" height=\"150\" src=\"http:\/\/www.inawohlgemuth.de\/WP-Villa-Altena\/wp-content\/uploads\/2020\/05\/IMG_8306-150x150.jpg\" class=\"attachment-thumbnail size-thumbnail\" alt=\"\" aria-describedby=\"gallery-1-601\" \/><\/a>\n\t\t\t<\/dt>\n\t\t\t\t<dd class='wp-caption-text gallery-caption' id='gallery-1-601'>\n\t\t\t\tWintergarten Coaching\n\t\t\t\t<\/dd><\/dl><dl class='gallery-item'>\n\t\t\t<dt class='gallery-icon portrait'>\n\t\t\t\t<a href='http:\/\/www.inawohlgemuth.de\/WP-Villa-Altena\/wp-content\/uploads\/2020\/05\/IMG_0331-scaled.jpg'><img loading=\"lazy\" decoding=\"async\" width=\"150\" height=\"150\" src=\"http:\/\/www.inawohlgemuth.de\/WP-Villa-Altena\/wp-content\/uploads\/2020\/05\/IMG_0331-150x150.jpg\" class=\"attachment-thumbnail size-thumbnail\" alt=\"\" aria-describedby=\"gallery-1-549\" \/><\/a>\n\t\t\t<\/dt>\n\t\t\t\t<dd class='wp-caption-text gallery-caption' id='gallery-1-549'>\n\t\t\t\tWintergarten Coachingraum\n\t\t\t\t<\/dd><\/dl><br style=\"clear: both\" \/>\n\t\t<\/div>\n\n<p><strong>Was ist Coaching und was d\u00fcrfen Sie erwarten?<\/strong><\/p>\n<p>Coaching ist eine professionelle <strong>Beratung, Begleitung und Unterst\u00fctzung<\/strong> von Menschen in Unternehmen und Organisationen. Coaching dient dem Ziel der Anregung von <strong>Lernprozessen<\/strong> und der <strong>Erweiterung individueller Handlungskompetenzen<\/strong>.<\/p>\n<p>Coaching ist ein Austausch zwischen zwei <strong>gleichberechtigten Beratungspartner<\/strong><strong>n<\/strong>, individuell und immer an den Fragestellungen des Klienten, der Klientin orientiert.<\/p>\n<p>Coaching ist ein zeitlich begrenzter Prozess mit dem Ziel der <strong>Hilfe zur Selbsthilfe<\/strong>.\u00a0Der Coachingprozess ist <strong>ergebnis- <\/strong>und<strong> l\u00f6sungsorientiert<\/strong>. Die eingesetzten Methoden sind f\u00fcr den Klienten bzw. die Klientin jederzeit <strong>transparent<\/strong> und<strong> nachvollziehbar<\/strong>.<\/p>\n<p>Der Coach entwickelt ein den Bed\u00fcrfnissen des Klienten, der Klientin entsprechendes Konzept, also Prozesse und einen Rahmen f\u00fcr den Coachingprozess, die ebenfalls transparant, nachvollziehbar sind und Manipulationen ausschlie\u00dfen. Coaching kann Unterst\u00fctzung leisten bei der <strong>Bew\u00e4ltigung beruflicher Probleme<\/strong> sowie eine pers\u00f6nliche <strong>Beratung zur Lebensbalance<\/strong>, zum <strong>Erhalt der eigenen Leistungsf\u00e4higke<\/strong><strong>it<\/strong> und <strong>Gesundheit<\/strong>. Coaching wird von Personen mit psychologischen und betriebswirtschaftlichen Kenntnissen geleistet, die in der Regel umfangreiches Wissen aus Consulting, Personal- und Organisationsentwicklung, F\u00fchrung und Management in ihrer Person b\u00fcndeln. Wenn Sie sich ein Bild \u00fcber meine Arbeiten und Referenzen machen wollen &#8211; Bittesch\u00f6n, <strong><a href=\"http:\/\/www.inawohlgemuth.de\/WP-Villa-Altena\/wp-content\/uploads\/2022\/02\/Profil-2022.pdf\">Mein Coach- und Dozentinnenprofil<\/a><\/strong><\/p>\n<p>Der Coachingprozess setzt auf einen im Vorfeld abgestimmten <strong>Coachingvertra<\/strong><strong>g<\/strong> auf. In diesem Vertrag werden vom Klienten, der Klientin gew\u00fcnscht Inhalte festgelegt sowie die Rahmenbedingungen (Zeit, Ort, lesen Sie hier mehr zu den <a href=\"http:\/\/www.inawohlgemuth.de\/WP-Villa-Altena\/beispiel-seite\/leistung-und-kosten\/\"><strong>Leistungen und Kosten<\/strong><\/a>) des Coachings. Nehmen Sie f\u00fcr Ihre Fragen und Anliegen gerne Kontakt zu mir auf.<\/p>\n<p>Herzliche Gr\u00fcsse Ihre<\/p>\n<p>Ina Wohlgemuth<\/p>\n<p>Dipl.-Psychologin und zertifizierter Coach (Deutsche Psychologen Akademie, Berlin), Therapeutin in Ausbildung f\u00fcr systemische Therapie<\/p>\n<p>&nbsp;<\/p>\n<p>&nbsp;<\/p>\n","protected":false},"excerpt":{"rendered":"<p>Coaching mit Ambiente und Burgblick Stress im Beruf und \u00dcberforderung zuhause, \u00c4rger mit dem Chef, der Chefin oder mit Kollegen, Kolleginnen, Mitarbeitenden, ein schwieriges Gespr\u00e4ch, eine konfliktreiche Verhandlung vorbereiten, trotz und mit Lampenfieber vor Menschen sprechen m\u00fcssen, sich als neuer &hellip; <a href=\"http:\/\/www.inawohlgemuth.de\/WP-Villa-Altena\/beispiel-seite\/\">Weiterlesen <span class=\"meta-nav\">&rarr;<\/span><\/a><\/p>\n","protected":false},"author":1,"featured_media":591,"parent":0,"menu_order":0,"comment_status":"closed","ping_status":"closed","template":"sidebar-page.php","meta":{"footnotes":""},"class_list":["post-2","page","type-page","status-publish","has-post-thumbnail","hentry"],"_links":{"self":[{"href":"http:\/\/www.inawohlgemuth.de\/WP-Villa-Altena\/wp-json\/wp\/v2\/pages\/2","targetHints":{"allow":["GET"]}}],"collection":[{"href":"http:\/\/www.inawohlgemuth.de\/WP-Villa-Altena\/wp-json\/wp\/v2\/pages"}],"about":[{"href":"http:\/\/www.inawohlgemuth.de\/WP-Villa-Altena\/wp-json\/wp\/v2\/types\/page"}],"author":[{"embeddable":true,"href":"http:\/\/www.inawohlgemuth.de\/WP-Villa-Altena\/wp-json\/wp\/v2\/users\/1"}],"replies":[{"embeddable":true,"href":"http:\/\/www.inawohlgemuth.de\/WP-Villa-Altena\/wp-json\/wp\/v2\/comments?post=2"}],"version-history":[{"count":56,"href":"http:\/\/www.inawohlgemuth.de\/WP-Villa-Altena\/wp-json\/wp\/v2\/pages\/2\/revisions"}],"predecessor-version":[{"id":1212,"href":"http:\/\/www.inawohlgemuth.de\/WP-Villa-Altena\/wp-json\/wp\/v2\/pages\/2\/revisions\/1212"}],"wp:featuredmedia":[{"embeddable":true,"href":"http:\/\/www.inawohlgemuth.de\/WP-Villa-Altena\/wp-json\/wp\/v2\/media\/591"}],"wp:attachment":[{"href":"http:\/\/www.inawohlgemuth.de\/WP-Villa-Altena\/wp-json\/wp\/v2\/media?parent=2"}],"curies":[{"name":"wp","href":"https:\/\/api.w.org\/{rel}","templated":true}]}}

<h2><strong>Coaching mit Ambiente und Burgblick</strong></h2>
<p>Stress im Beruf und Überforderung zuhause, Ärger mit dem Chef, der Chefin oder mit Kollegen, Kolleginnen, Mitarbeitenden, ein schwieriges Gespräch, eine konfliktreiche Verhandlung vorbereiten, trotz und mit Lampenfieber vor Menschen sprechen müssen, sich als neuer Chef, neue Chefin in die Führungsrolle einfinden, Konflikte moderieren und lösen, Gruppen anleiten &#8211; alle diese Herausforderungen können Sie alleine mit sich ausmachen. Oder sich professionelles Coaching leisten!</p>
<p>Profitieren Sie vom historischen Charme der Villa Altena, dem Ambiente mit Burgblick und meiner jahrzehntelangen Erfahrung als Coach für Menschen im Beruf, in Führungspositionen und besonderen Organisationsbedingungen.</p>

		<style type="text/css">
			#gallery-1 {
				margin: auto;
			}
			#gallery-1 .gallery-item {
				float: left;
				margin-top: 10px;
				text-align: center;
				width: 25%;
			}
			#gallery-1 img {
				border: 2px solid #cfcfcf;
			}
			#gallery-1 .gallery-caption {
				margin-left: 0;
			}
			/* see gallery_shortcode() in wp-includes/media.php */
		</style>
		<div id='gallery-1' class='gallery galleryid-2 gallery-columns-4 gallery-size-thumbnail'><dl class='gallery-item'>
			<dt class='gallery-icon landscape'>
				<a href='http://www.inawohlgemuth.de/WP-Villa-Altena/wp-content/uploads/2020/05/IMG_7840-scaled.jpg'><img loading="lazy" decoding="async" width="150" height="150" src="http://www.inawohlgemuth.de/WP-Villa-Altena/wp-content/uploads/2020/05/IMG_7840-150x150.jpg" class="attachment-thumbnail size-thumbnail" alt="" aria-describedby="gallery-1-602" /></a>
			</dt>
				<dd class='wp-caption-text gallery-caption' id='gallery-1-602'>
				Coaching mit Burgblick
				</dd></dl><dl class='gallery-item'>
			<dt class='gallery-icon landscape'>
				<a href='http://www.inawohlgemuth.de/WP-Villa-Altena/wp-content/uploads/2020/05/IMG_0044-1-scaled.jpg'><img loading="lazy" decoding="async" width="150" height="150" src="http://www.inawohlgemuth.de/WP-Villa-Altena/wp-content/uploads/2020/05/IMG_0044-1-150x150.jpg" class="attachment-thumbnail size-thumbnail" alt="" aria-describedby="gallery-1-588" /></a>
			</dt>
				<dd class='wp-caption-text gallery-caption' id='gallery-1-588'>
				Wintergarten mit Burgblick
				</dd></dl><dl class='gallery-item'>
			<dt class='gallery-icon landscape'>
				<a href='http://www.inawohlgemuth.de/WP-Villa-Altena/wp-content/uploads/2020/05/IMG_8306.jpg'><img loading="lazy" decoding="async" width="150" height="150" src="http://www.inawohlgemuth.de/WP-Villa-Altena/wp-content/uploads/2020/05/IMG_8306-150x150.jpg" class="attachment-thumbnail size-thumbnail" alt="" aria-describedby="gallery-1-601" /></a>
			</dt>
				<dd class='wp-caption-text gallery-caption' id='gallery-1-601'>
				Wintergarten Coaching
				</dd></dl><dl class='gallery-item'>
			<dt class='gallery-icon portrait'>
				<a href='http://www.inawohlgemuth.de/WP-Villa-Altena/wp-content/uploads/2020/05/IMG_0331-scaled.jpg'><img loading="lazy" decoding="async" width="150" height="150" src="http://www.inawohlgemuth.de/WP-Villa-Altena/wp-content/uploads/2020/05/IMG_0331-150x150.jpg" class="attachment-thumbnail size-thumbnail" alt="" aria-describedby="gallery-1-549" /></a>
			</dt>
				<dd class='wp-caption-text gallery-caption' id='gallery-1-549'>
				Wintergarten Coachingraum
				</dd></dl><br style="clear: both" />
		</div>

<p><strong>Was ist Coaching und was dürfen Sie erwarten?</strong></p>
<p>Coaching ist eine professionelle <strong>Beratung, Begleitung und Unterstützung</strong> von Menschen in Unternehmen und Organisationen. Coaching dient dem Ziel der Anregung von <strong>Lernprozessen</strong> und der <strong>Erweiterung individueller Handlungskompetenzen</strong>.</p>
<p>Coaching ist ein Austausch zwischen zwei <strong>gleichberechtigten Beratungspartner</strong><strong>n</strong>, individuell und immer an den Fragestellungen des Klienten, der Klientin orientiert.</p>
<p>Coaching ist ein zeitlich begrenzter Prozess mit dem Ziel der <strong>Hilfe zur Selbsthilfe</strong>. Der Coachingprozess ist <strong>ergebnis- </strong>und<strong> lösungsorientiert</strong>. Die eingesetzten Methoden sind für den Klienten bzw. die Klientin jederzeit <strong>transparent</strong> und<strong> nachvollziehbar</strong>.</p>
<p>Der Coach entwickelt ein den Bedürfnissen des Klienten, der Klientin entsprechendes Konzept, also Prozesse und einen Rahmen für den Coachingprozess, die ebenfalls transparant, nachvollziehbar sind und Manipulationen ausschließen. Coaching kann Unterstützung leisten bei der <strong>Bewältigung beruflicher Probleme</strong> sowie eine persönliche <strong>Beratung zur Lebensbalance</strong>, zum <strong>Erhalt der eigenen Leistungsfähigke</strong><strong>it</strong> und <strong>Gesundheit</strong>. Coaching wird von Personen mit psychologischen und betriebswirtschaftlichen Kenntnissen geleistet, die in der Regel umfangreiches Wissen aus Consulting, Personal- und Organisationsentwicklung, Führung und Management in ihrer Person bündeln. Wenn Sie sich ein Bild über meine Arbeiten und Referenzen machen wollen &#8211; Bitteschön, <strong><a href="http://www.inawohlgemuth.de/WP-Villa-Altena/wp-content/uploads/2022/02/Profil-2022.pdf">Mein Coach- und Dozentinnenprofil</a></strong></p>
<p>Der Coachingprozess setzt auf einen im Vorfeld abgestimmten <strong>Coachingvertra</strong><strong>g</strong> auf. In diesem Vertrag werden vom Klienten, der Klientin gewünscht Inhalte festgelegt sowie die Rahmenbedingungen (Zeit, Ort, lesen Sie hier mehr zu den <a href="http://www.inawohlgemuth.de/WP-Villa-Altena/beispiel-seite/leistung-und-kosten/"><strong>Leistungen und Kosten</strong></a>) des Coachings. Nehmen Sie für Ihre Fragen und Anliegen gerne Kontakt zu mir auf.</p>
<p>Herzliche Grüsse Ihre</p>
<p>Ina Wohlgemuth</p>
<p>Dipl.-Psychologin und zertifizierter Coach (Deutsche Psychologen Akademie, Berlin), Therapeutin in Ausbildung für systemische Therapie</p>
<p>&nbsp;</p>
<p>&nbsp;</p>

<p>Coaching mit Ambiente und Burgblick Stress im Beruf und Überforderung zuhause, Ärger mit dem Chef, der Chefin oder mit Kollegen, Kolleginnen, Mitarbeitenden, ein schwieriges Gespräch, eine konfliktreiche Verhandlung vorbereiten, trotz und mit Lampenfieber vor Menschen sprechen müssen, sich als neuer &hellip; <a href="http://www.inawohlgemuth.de/WP-Villa-Altena/beispiel-seite/">Weiterlesen <span class="meta-nav">&rarr;</span></a></p>
