{"id":43,"date":"2018-12-18T11:03:36","date_gmt":"2018-12-18T10:03:36","guid":{"rendered":"http:\/\/www.inawohlgemuth.de\/WP-Villa-Altena\/?page_id=43"},"modified":"2018-12-18T15:10:00","modified_gmt":"2018-12-18T14:10:00","slug":"ava-akademie-villa-altena","status":"publish","type":"page","link":"http:\/\/www.inawohlgemuth.de\/WP-Villa-Altena\/ava-akademie-villa-altena\/","title":{"rendered":"AVA Akademie Villa Altena"},"content":{"rendered":"<p>Das inspirierende Ambiente der Jugendstilvilla mit Blick auf die wundersch\u00f6ne Burg Altena bietet einen au\u00dfergew\u00f6hnlichen Lern- und Erfahrungsraum.<\/p>\n<p>Im Kontakt und Austausch mit anderen Seminarteilnehmer\/innen k\u00f6nnen Sie hier Kraft tanken, Ihren Gedanken freien Lauf und Erkenntnisse reifen lassen. Unsere Seminare sprechen Menschen in Beruf und Ehrenamt an, F\u00fchrungskr\u00e4fte wie Teams.<\/p>\n<p><em><strong>Was Sie von Seminaren der Akademie Villa Altena erwarten d\u00fcrfen:<\/strong><\/em><\/p>\n<ul>\n<li>Impulse, Anregungen, Angebote<\/li>\n<li>Kl\u00e4rung offener Fragen<\/li>\n<li>Probleml\u00f6sung und Wachstum<\/li>\n<li>Erweiterung Ihrer Handlungsspielr\u00e4ume<\/li>\n<li>Individuelle und kollegiale Praxisberatung<\/li>\n<li>flexible Prozessgestaltung<\/li>\n<li>Hilfe zur Selbsthilfe<\/li>\n<li>Wahrung und St\u00e4rkung der Autonomie jedes Einzelnen<\/li>\n<\/ul>\n<p><em><strong>Was Kunden\/innen und Klienten\/innen \u00fcber unsere Seminare sagen:<\/strong><\/em><\/p>\n<ul>\n<li>&#8222;Seminare, von dem ich mir immer mindestens einen wichtigen Impus mitnehme.&#8220;<\/li>\n<li>&#8222;Eine erfahrene Trainerin, die mit der Gruppe schwingt.&#8220;<\/li>\n<li>&#8222;Hier bekomme ich Angebote, keine Vorgaben.&#8220;<\/li>\n<li>&#8222;Tiefgreifende Reflexion und im besten Sinne wirksame Verhaltenstrainings.&#8220;<\/li>\n<li>&#8222;Symphatisch, freundlich und immer mit dem Blick auf die Menschen.&#8220;<\/li>\n<li>\u201eMethodenstarke Moderatorin mit hoher Konzentration auf\u00a0die Bed\u00fcrfnisse der Gruppe.\u201c<\/li>\n<li>&#8222;Egal welches Thema, hier bin ich gut aufgehoben.&#8220;&#8230;..<\/li>\n<\/ul>\n","protected":false},"excerpt":{"rendered":"<p>Das inspirierende Ambiente der Jugendstilvilla mit Blick auf die wundersch\u00f6ne Burg Altena bietet einen au\u00dfergew\u00f6hnlichen Lern- und Erfahrungsraum. Im Kontakt und Austausch mit anderen Seminarteilnehmer\/innen k\u00f6nnen Sie hier Kraft tanken, Ihren Gedanken freien Lauf und Erkenntnisse reifen lassen. Unsere Seminare &hellip; <a href=\"http:\/\/www.inawohlgemuth.de\/WP-Villa-Altena\/ava-akademie-villa-altena\/\">Weiterlesen <span class=\"meta-nav\">&rarr;<\/span><\/a><\/p>\n","protected":false},"author":1,"featured_media":0,"parent":0,"menu_order":0,"comment_status":"closed","ping_status":"closed","template":"sidebar-page.php","meta":{"footnotes":""},"class_list":["post-43","page","type-page","status-publish","hentry"],"_links":{"self":[{"href":"http:\/\/www.inawohlgemuth.de\/WP-Villa-Altena\/wp-json\/wp\/v2\/pages\/43","targetHints":{"allow":["GET"]}}],"collection":[{"href":"http:\/\/www.inawohlgemuth.de\/WP-Villa-Altena\/wp-json\/wp\/v2\/pages"}],"about":[{"href":"http:\/\/www.inawohlgemuth.de\/WP-Villa-Altena\/wp-json\/wp\/v2\/types\/page"}],"author":[{"embeddable":true,"href":"http:\/\/www.inawohlgemuth.de\/WP-Villa-Altena\/wp-json\/wp\/v2\/users\/1"}],"replies":[{"embeddable":true,"href":"http:\/\/www.inawohlgemuth.de\/WP-Villa-Altena\/wp-json\/wp\/v2\/comments?post=43"}],"version-history":[{"count":2,"href":"http:\/\/www.inawohlgemuth.de\/WP-Villa-Altena\/wp-json\/wp\/v2\/pages\/43\/revisions"}],"predecessor-version":[{"id":108,"href":"http:\/\/www.inawohlgemuth.de\/WP-Villa-Altena\/wp-json\/wp\/v2\/pages\/43\/revisions\/108"}],"wp:attachment":[{"href":"http:\/\/www.inawohlgemuth.de\/WP-Villa-Altena\/wp-json\/wp\/v2\/media?parent=43"}],"curies":[{"name":"wp","href":"https:\/\/api.w.org\/{rel}","templated":true}]}}

<p>Das inspirierende Ambiente der Jugendstilvilla mit Blick auf die wunderschöne Burg Altena bietet einen außergewöhnlichen Lern- und Erfahrungsraum.</p>
<p>Im Kontakt und Austausch mit anderen Seminarteilnehmer/innen können Sie hier Kraft tanken, Ihren Gedanken freien Lauf und Erkenntnisse reifen lassen. Unsere Seminare sprechen Menschen in Beruf und Ehrenamt an, Führungskräfte wie Teams.</p>
<p><em><strong>Was Sie von Seminaren der Akademie Villa Altena erwarten dürfen:</strong></em></p>
<ul>
<li>Impulse, Anregungen, Angebote</li>
<li>Klärung offener Fragen</li>
<li>Problemlösung und Wachstum</li>
<li>Erweiterung Ihrer Handlungsspielräume</li>
<li>Individuelle und kollegiale Praxisberatung</li>
<li>flexible Prozessgestaltung</li>
<li>Hilfe zur Selbsthilfe</li>
<li>Wahrung und Stärkung der Autonomie jedes Einzelnen</li>
</ul>
<p><em><strong>Was Kunden/innen und Klienten/innen über unsere Seminare sagen:</strong></em></p>
<ul>
<li>&#8222;Seminare, von dem ich mir immer mindestens einen wichtigen Impus mitnehme.&#8220;</li>
<li>&#8222;Eine erfahrene Trainerin, die mit der Gruppe schwingt.&#8220;</li>
<li>&#8222;Hier bekomme ich Angebote, keine Vorgaben.&#8220;</li>
<li>&#8222;Tiefgreifende Reflexion und im besten Sinne wirksame Verhaltenstrainings.&#8220;</li>
<li>&#8222;Symphatisch, freundlich und immer mit dem Blick auf die Menschen.&#8220;</li>
<li>„Methodenstarke Moderatorin mit hoher Konzentration auf die Bedürfnisse der Gruppe.“</li>
<li>&#8222;Egal welches Thema, hier bin ich gut aufgehoben.&#8220;&#8230;..</li>
</ul>

<p>Das inspirierende Ambiente der Jugendstilvilla mit Blick auf die wunderschöne Burg Altena bietet einen außergewöhnlichen Lern- und Erfahrungsraum. Im Kontakt und Austausch mit anderen Seminarteilnehmer/innen können Sie hier Kraft tanken, Ihren Gedanken freien Lauf und Erkenntnisse reifen lassen. Unsere Seminare &hellip; <a href="http://www.inawohlgemuth.de/WP-Villa-Altena/ava-akademie-villa-altena/">Weiterlesen <span class="meta-nav">&rarr;</span></a></p>
