{"id":459,"date":"2020-05-04T01:17:15","date_gmt":"2020-05-03T23:17:15","guid":{"rendered":"http:\/\/www.inawohlgemuth.de\/WP-Villa-Altena\/?page_id=459"},"modified":"2022-02-20T23:17:27","modified_gmt":"2022-02-20T22:17:27","slug":"coachingreisen-teneriffa-griechenland","status":"publish","type":"page","link":"http:\/\/www.inawohlgemuth.de\/WP-Villa-Altena\/coachingreisen-teneriffa-griechenland\/","title":{"rendered":"Coachingreisen Teneriffa Griechenland"},"content":{"rendered":"<h2>Entspannen, Lernen, Selbsterfahrung\u00a0in unseren Ferienh\u00e4usern La Orotava (Teneriffa-Nord) und Ano Gatzea auf dem Pilion (Griechenland) <a href=\"http:\/\/www.inawohlgemuth.de\/WP-Villa-Altena\/wp-content\/uploads\/2022\/02\/Coaching-Reisen-Teneriffa-und-Griechenland.pdf\">&#8211; Download Brosch\u00fcre hier &#8211;<\/a><\/h2>\n\n\t\t<style type=\"text\/css\">\n\t\t\t#gallery-1 {\n\t\t\t\tmargin: auto;\n\t\t\t}\n\t\t\t#gallery-1 .gallery-item {\n\t\t\t\tfloat: left;\n\t\t\t\tmargin-top: 10px;\n\t\t\t\ttext-align: center;\n\t\t\t\twidth: 33%;\n\t\t\t}\n\t\t\t#gallery-1 img {\n\t\t\t\tborder: 2px solid #cfcfcf;\n\t\t\t}\n\t\t\t#gallery-1 .gallery-caption {\n\t\t\t\tmargin-left: 0;\n\t\t\t}\n\t\t\t\/* see gallery_shortcode() in wp-includes\/media.php *\/\n\t\t<\/style>\n\t\t<div id='gallery-1' class='gallery galleryid-459 gallery-columns-3 gallery-size-thumbnail'><dl class='gallery-item'>\n\t\t\t<dt class='gallery-icon landscape'>\n\t\t\t\t<a href='http:\/\/www.inawohlgemuth.de\/WP-Villa-Altena\/wp-content\/uploads\/2022\/02\/Salongelb1-scaled.jpg'><img loading=\"lazy\" decoding=\"async\" width=\"150\" height=\"150\" src=\"http:\/\/www.inawohlgemuth.de\/WP-Villa-Altena\/wp-content\/uploads\/2022\/02\/Salongelb1-150x150.jpg\" class=\"attachment-thumbnail size-thumbnail\" alt=\"\" aria-describedby=\"gallery-1-914\" \/><\/a>\n\t\t\t<\/dt>\n\t\t\t\t<dd class='wp-caption-text gallery-caption' id='gallery-1-914'>\n\t\t\t\tLa Orotava Teneriffa\n\t\t\t\t<\/dd><\/dl><dl class='gallery-item'>\n\t\t\t<dt class='gallery-icon portrait'>\n\t\t\t\t<a href='http:\/\/www.inawohlgemuth.de\/WP-Villa-Altena\/wp-content\/uploads\/2022\/02\/IMG_1308-1-scaled.jpg'><img loading=\"lazy\" decoding=\"async\" width=\"150\" height=\"150\" src=\"http:\/\/www.inawohlgemuth.de\/WP-Villa-Altena\/wp-content\/uploads\/2022\/02\/IMG_1308-1-150x150.jpg\" class=\"attachment-thumbnail size-thumbnail\" alt=\"\" aria-describedby=\"gallery-1-933\" \/><\/a>\n\t\t\t<\/dt>\n\t\t\t\t<dd class='wp-caption-text gallery-caption' id='gallery-1-933'>\n\t\t\t\tLa Orotava Teneriffa\n\t\t\t\t<\/dd><\/dl><dl class='gallery-item'>\n\t\t\t<dt class='gallery-icon landscape'>\n\t\t\t\t<a href='http:\/\/www.inawohlgemuth.de\/WP-Villa-Altena\/wp-content\/uploads\/2022\/02\/IMG_5040-scaled.jpg'><img loading=\"lazy\" decoding=\"async\" width=\"150\" height=\"150\" src=\"http:\/\/www.inawohlgemuth.de\/WP-Villa-Altena\/wp-content\/uploads\/2022\/02\/IMG_5040-150x150.jpg\" class=\"attachment-thumbnail size-thumbnail\" alt=\"\" aria-describedby=\"gallery-1-980\" \/><\/a>\n\t\t\t<\/dt>\n\t\t\t\t<dd class='wp-caption-text gallery-caption' id='gallery-1-980'>\n\t\t\t\tPilion Griechenland\n\t\t\t\t<\/dd><\/dl><br style=\"clear: both\" \/>\n\t\t<\/div>\n\n\n<strong>Professionelles Coaching<\/strong>\u00a0bedeutet f\u00fcr viele Menschen Orientierung,\u00a0<strong>Reflexion<\/strong> und eine\u00a0<strong>Reise<\/strong> zu sich selbst. Wenn Sie sich nicht nur gedanklich, sondern tats\u00e4chlich auf den Weg zu einem fremden Ziel begeben, wenn Sie Coaching mit einem Standortwechsel verbinden, erleben Sie Reflexion und <strong>Orientierung<\/strong> in besonderer Intensit\u00e4t. Coaching-Reisen sind im doppelten Sinne <strong>wirksam<\/strong>. Lassen Sie die Seele baumeln, schalten Sie ab und den Verstand in den <strong>Entdeckermodus<\/strong>. Verbringen Sie unvergessliche Tage in <strong>traumhafter Umgebung<\/strong> und gehen Sie<strong> erholt<\/strong> und <strong>gest\u00e4rkt<\/strong> mit wichtigen neuen <strong>Erkenntnissen<\/strong> zur\u00fcck in einen m\u00f6glicherweise neu zu entdeckenden Alltag.\n<h1><\/h1>\n<h1>Ziele der Coaching-Reisen<\/h1>\nUnsere <strong>Coaching-Reisen<\/strong>\u00a0haben ihr reizvolles Ziel auf den\u00a0<strong>Kanarischen Inseln<\/strong> und in\u00a0<strong>Griechenland<\/strong>. Sie entscheiden, ob Sie in einer kleinen Gruppe im\u00a0reizvoll eingerichtete\u00a0<a href=\"https:\/\/www.ferienwohnung-teneriffa-orotava.de\"><strong>Stadthaus<\/strong><\/a> im <strong>historischen Zentrum<\/strong> der wundersch\u00f6nen Stadt<a href=\"https:\/\/www.ferienwohnung-teneriffa-orotava.de\"> <strong>La Orotava<\/strong><\/a> im <strong>Norden Teneriffas<\/strong>\u00a0arbeiten m\u00f6chten oder in dem im alten <strong>Olivenhain<\/strong> gelegenes h\u00fcbschen\u00a0<strong>Ferienhaus<\/strong> in <strong>Ano Gatzea<\/strong> auf dem traumhaften\u00a0<strong>Pilion\u00a0<\/strong>in <strong>Griechenland<\/strong>.\n\nCoaching-Reisen erm\u00f6glichen eine sehr <strong>pers\u00f6nliche<\/strong>,<strong> individuelle<\/strong> und <strong>intensive<\/strong> Arbeit <strong>einzeln<\/strong> und in <strong>kleinen Gruppen<\/strong> bis <strong>maximal f\u00fcnf Teilnehmer*innen<\/strong>.\u00a0Je nach Schwerpunkt und Setting dauern die Reisen zwischen <strong>drei Tagen<\/strong> und <strong>einer Woche<\/strong>, wobei Sie konzentriert zwischen 3 und 4 Stunden t\u00e4glich arbeiten und ansonsten die einzigartige Natur und Kultur der Kanaren oder des Pilions entdecken und genie\u00dfen k\u00f6nnen! Schauen Sie hier nach Themen und Terminen:\n<figure class=\"wp-block-gallery has-nested-images columns-default is-cropped\">\n<figure class=\"wp-block-image size-large\"><a href=\"http:\/\/www.inawohlgemuth.de\/WP-Villa-Altena\/ferienwohnung-burgblick\/coachingreisen-selbstreflexion-und-persoenlichkeitsentwicklung\/\"><img loading=\"lazy\" decoding=\"async\" width=\"2560\" height=\"2553\" class=\"wp-image-1029\" src=\"http:\/\/www.inawohlgemuth.de\/WP-Villa-Altena\/wp-content\/uploads\/2022\/02\/nonsap-visuals-z65bg9SI-9I-unsplash-scaled.jpg\" alt=\"\" srcset=\"http:\/\/www.inawohlgemuth.de\/WP-Villa-Altena\/wp-content\/uploads\/2022\/02\/nonsap-visuals-z65bg9SI-9I-unsplash-scaled.jpg 2560w, http:\/\/www.inawohlgemuth.de\/WP-Villa-Altena\/wp-content\/uploads\/2022\/02\/nonsap-visuals-z65bg9SI-9I-unsplash-300x300.jpg 300w, http:\/\/www.inawohlgemuth.de\/WP-Villa-Altena\/wp-content\/uploads\/2022\/02\/nonsap-visuals-z65bg9SI-9I-unsplash-1024x1021.jpg 1024w, http:\/\/www.inawohlgemuth.de\/WP-Villa-Altena\/wp-content\/uploads\/2022\/02\/nonsap-visuals-z65bg9SI-9I-unsplash-150x150.jpg 150w, http:\/\/www.inawohlgemuth.de\/WP-Villa-Altena\/wp-content\/uploads\/2022\/02\/nonsap-visuals-z65bg9SI-9I-unsplash-768x766.jpg 768w, http:\/\/www.inawohlgemuth.de\/WP-Villa-Altena\/wp-content\/uploads\/2022\/02\/nonsap-visuals-z65bg9SI-9I-unsplash-1536x1532.jpg 1536w, http:\/\/www.inawohlgemuth.de\/WP-Villa-Altena\/wp-content\/uploads\/2022\/02\/nonsap-visuals-z65bg9SI-9I-unsplash-2048x2042.jpg 2048w, http:\/\/www.inawohlgemuth.de\/WP-Villa-Altena\/wp-content\/uploads\/2022\/02\/nonsap-visuals-z65bg9SI-9I-unsplash-301x300.jpg 301w\" sizes=\"auto, (max-width: 2560px) 100vw, 2560px\" \/><\/a>\n<figcaption>Selbstreflexion &#8211; Pers\u00f6nlichkeitsentwicklung<\/figcaption><\/figure>\n<!-- \/wp:post-content -->\n\n<!-- wp:image {\"id\":1011,\"sizeSlug\":\"large\",\"linkDestination\":\"none\"} -->\n<figure class=\"wp-block-image size-large\"><a href=\"http:\/\/www.inawohlgemuth.de\/WP-Villa-Altena\/ferienwohnung-burgblick\/coachingreisen-gluecksaktivitaeten\/\"><img loading=\"lazy\" decoding=\"async\" class=\"alignnone wp-image-1011\" src=\"http:\/\/www.inawohlgemuth.de\/WP-Villa-Altena\/wp-content\/uploads\/2022\/02\/caju-gomes-QDq3YliZg48-unsplash-scaled.jpg\" alt=\"\" width=\"200\" height=\"300\" srcset=\"http:\/\/www.inawohlgemuth.de\/WP-Villa-Altena\/wp-content\/uploads\/2022\/02\/caju-gomes-QDq3YliZg48-unsplash-scaled.jpg 1707w, http:\/\/www.inawohlgemuth.de\/WP-Villa-Altena\/wp-content\/uploads\/2022\/02\/caju-gomes-QDq3YliZg48-unsplash-200x300.jpg 200w, http:\/\/www.inawohlgemuth.de\/WP-Villa-Altena\/wp-content\/uploads\/2022\/02\/caju-gomes-QDq3YliZg48-unsplash-683x1024.jpg 683w, http:\/\/www.inawohlgemuth.de\/WP-Villa-Altena\/wp-content\/uploads\/2022\/02\/caju-gomes-QDq3YliZg48-unsplash-768x1152.jpg 768w, http:\/\/www.inawohlgemuth.de\/WP-Villa-Altena\/wp-content\/uploads\/2022\/02\/caju-gomes-QDq3YliZg48-unsplash-1024x1536.jpg 1024w, http:\/\/www.inawohlgemuth.de\/WP-Villa-Altena\/wp-content\/uploads\/2022\/02\/caju-gomes-QDq3YliZg48-unsplash-1365x2048.jpg 1365w\" sizes=\"auto, (max-width: 200px) 100vw, 200px\" \/><\/a>\n\n<figcaption>Gl\u00fccksaktivit\u00e4ten &#8211; Positive Psychologie<\/figcaption><\/figure>\n<!-- \/wp:image -->\n\n<!-- wp:image {\"id\":1010,\"sizeSlug\":\"large\",\"linkDestination\":\"none\"} -->\n<figure class=\"wp-block-image size-large\"><a href=\"http:\/\/www.inawohlgemuth.de\/WP-Villa-Altena\/ferienwohnung-burgblick\/coachingreisen-fuer-frauen-klartext-und-machtstrategien\/\"><img loading=\"lazy\" decoding=\"async\" class=\"alignnone wp-image-1010\" src=\"http:\/\/www.inawohlgemuth.de\/WP-Villa-Altena\/wp-content\/uploads\/2022\/02\/artur-voznenko-NmdOsXaeV8Q-unsplash-scaled.jpg\" alt=\"\" width=\"200\" height=\"133\" srcset=\"http:\/\/www.inawohlgemuth.de\/WP-Villa-Altena\/wp-content\/uploads\/2022\/02\/artur-voznenko-NmdOsXaeV8Q-unsplash-scaled.jpg 2560w, http:\/\/www.inawohlgemuth.de\/WP-Villa-Altena\/wp-content\/uploads\/2022\/02\/artur-voznenko-NmdOsXaeV8Q-unsplash-300x200.jpg 300w, http:\/\/www.inawohlgemuth.de\/WP-Villa-Altena\/wp-content\/uploads\/2022\/02\/artur-voznenko-NmdOsXaeV8Q-unsplash-1024x683.jpg 1024w, http:\/\/www.inawohlgemuth.de\/WP-Villa-Altena\/wp-content\/uploads\/2022\/02\/artur-voznenko-NmdOsXaeV8Q-unsplash-768x512.jpg 768w, http:\/\/www.inawohlgemuth.de\/WP-Villa-Altena\/wp-content\/uploads\/2022\/02\/artur-voznenko-NmdOsXaeV8Q-unsplash-1536x1024.jpg 1536w, http:\/\/www.inawohlgemuth.de\/WP-Villa-Altena\/wp-content\/uploads\/2022\/02\/artur-voznenko-NmdOsXaeV8Q-unsplash-2048x1365.jpg 2048w, http:\/\/www.inawohlgemuth.de\/WP-Villa-Altena\/wp-content\/uploads\/2022\/02\/artur-voznenko-NmdOsXaeV8Q-unsplash-450x300.jpg 450w\" sizes=\"auto, (max-width: 200px) 100vw, 200px\" \/><\/a>\n\n<figcaption>Klartext und Macht &#8211; Coaching f\u00fcr Frauen<\/figcaption><\/figure>\n<!-- \/wp:image -->\n\n<!-- wp:image {\"id\":1025,\"sizeSlug\":\"large\",\"linkDestination\":\"none\"} -->\n<figure class=\"wp-block-image size-large\"><a href=\"http:\/\/www.inawohlgemuth.de\/WP-Villa-Altena\/ferienwohnung-burgblick\/coachingreisen-orientierung-neue-ziele-neue-wege\/\"><img loading=\"lazy\" decoding=\"async\" class=\"alignnone wp-image-1025\" src=\"http:\/\/www.inawohlgemuth.de\/WP-Villa-Altena\/wp-content\/uploads\/2022\/02\/julien-flutto-ifJiAtVRthI-unsplash-scaled.jpg\" alt=\"\" width=\"200\" height=\"300\" srcset=\"http:\/\/www.inawohlgemuth.de\/WP-Villa-Altena\/wp-content\/uploads\/2022\/02\/julien-flutto-ifJiAtVRthI-unsplash-scaled.jpg 1707w, http:\/\/www.inawohlgemuth.de\/WP-Villa-Altena\/wp-content\/uploads\/2022\/02\/julien-flutto-ifJiAtVRthI-unsplash-200x300.jpg 200w, http:\/\/www.inawohlgemuth.de\/WP-Villa-Altena\/wp-content\/uploads\/2022\/02\/julien-flutto-ifJiAtVRthI-unsplash-683x1024.jpg 683w, http:\/\/www.inawohlgemuth.de\/WP-Villa-Altena\/wp-content\/uploads\/2022\/02\/julien-flutto-ifJiAtVRthI-unsplash-768x1152.jpg 768w, http:\/\/www.inawohlgemuth.de\/WP-Villa-Altena\/wp-content\/uploads\/2022\/02\/julien-flutto-ifJiAtVRthI-unsplash-1024x1536.jpg 1024w, http:\/\/www.inawohlgemuth.de\/WP-Villa-Altena\/wp-content\/uploads\/2022\/02\/julien-flutto-ifJiAtVRthI-unsplash-1365x2048.jpg 1365w\" sizes=\"auto, (max-width: 200px) 100vw, 200px\" \/><\/a>\n\n<figcaption>Orientierung &#8211; Neue Ziele &#8211; neue Wege<\/figcaption><\/figure>\n<!-- \/wp:image -->\n\n<!-- wp:image {\"id\":1012,\"sizeSlug\":\"large\",\"linkDestination\":\"none\"} -->\n<figure class=\"wp-block-image size-large\"><a href=\"http:\/\/www.inawohlgemuth.de\/WP-Villa-Altena\/ferienwohnung-burgblick\/coachingreisen-einzelcoaching\/\"><img loading=\"lazy\" decoding=\"async\" class=\"alignnone wp-image-1012\" src=\"http:\/\/www.inawohlgemuth.de\/WP-Villa-Altena\/wp-content\/uploads\/2022\/02\/charles-deluvio-rRWiVQzLm7k-unsplash-scaled.jpg\" alt=\"\" width=\"200\" height=\"300\" srcset=\"http:\/\/www.inawohlgemuth.de\/WP-Villa-Altena\/wp-content\/uploads\/2022\/02\/charles-deluvio-rRWiVQzLm7k-unsplash-scaled.jpg 1707w, http:\/\/www.inawohlgemuth.de\/WP-Villa-Altena\/wp-content\/uploads\/2022\/02\/charles-deluvio-rRWiVQzLm7k-unsplash-200x300.jpg 200w, http:\/\/www.inawohlgemuth.de\/WP-Villa-Altena\/wp-content\/uploads\/2022\/02\/charles-deluvio-rRWiVQzLm7k-unsplash-683x1024.jpg 683w, http:\/\/www.inawohlgemuth.de\/WP-Villa-Altena\/wp-content\/uploads\/2022\/02\/charles-deluvio-rRWiVQzLm7k-unsplash-768x1152.jpg 768w, http:\/\/www.inawohlgemuth.de\/WP-Villa-Altena\/wp-content\/uploads\/2022\/02\/charles-deluvio-rRWiVQzLm7k-unsplash-1024x1536.jpg 1024w, http:\/\/www.inawohlgemuth.de\/WP-Villa-Altena\/wp-content\/uploads\/2022\/02\/charles-deluvio-rRWiVQzLm7k-unsplash-1365x2048.jpg 1365w\" sizes=\"auto, (max-width: 200px) 100vw, 200px\" \/><\/a>\n\n<figcaption>Einzelcoaching<\/figcaption><\/figure>\n<!-- \/wp:image -->\n\n<!-- wp:image {\"id\":1007,\"sizeSlug\":\"large\",\"linkDestination\":\"none\"} -->\n<figure class=\"wp-block-image size-large\"><a href=\"http:\/\/www.inawohlgemuth.de\/WP-Villa-Altena\/ferienwohnung-burgblick\/coachingreise-fuer-fuehrungskraefte\/\"><img loading=\"lazy\" decoding=\"async\" class=\"alignnone wp-image-1007\" src=\"http:\/\/www.inawohlgemuth.de\/WP-Villa-Altena\/wp-content\/uploads\/2022\/02\/zac-durant-_6HzPU9Hyfg-unsplash.jpg\" alt=\"\" width=\"200\" height=\"133\" srcset=\"http:\/\/www.inawohlgemuth.de\/WP-Villa-Altena\/wp-content\/uploads\/2022\/02\/zac-durant-_6HzPU9Hyfg-unsplash.jpg 2500w, http:\/\/www.inawohlgemuth.de\/WP-Villa-Altena\/wp-content\/uploads\/2022\/02\/zac-durant-_6HzPU9Hyfg-unsplash-300x200.jpg 300w, http:\/\/www.inawohlgemuth.de\/WP-Villa-Altena\/wp-content\/uploads\/2022\/02\/zac-durant-_6HzPU9Hyfg-unsplash-1024x683.jpg 1024w, http:\/\/www.inawohlgemuth.de\/WP-Villa-Altena\/wp-content\/uploads\/2022\/02\/zac-durant-_6HzPU9Hyfg-unsplash-768x512.jpg 768w, http:\/\/www.inawohlgemuth.de\/WP-Villa-Altena\/wp-content\/uploads\/2022\/02\/zac-durant-_6HzPU9Hyfg-unsplash-1536x1024.jpg 1536w, http:\/\/www.inawohlgemuth.de\/WP-Villa-Altena\/wp-content\/uploads\/2022\/02\/zac-durant-_6HzPU9Hyfg-unsplash-2048x1366.jpg 2048w, http:\/\/www.inawohlgemuth.de\/WP-Villa-Altena\/wp-content\/uploads\/2022\/02\/zac-durant-_6HzPU9Hyfg-unsplash-450x300.jpg 450w\" sizes=\"auto, (max-width: 200px) 100vw, 200px\" \/><\/a>\n\n<figcaption>F\u00fchrungskr\u00e4fte-Coaching<\/figcaption><\/figure>\n<!-- \/wp:image -->\n\n<!-- wp:image {\"id\":1014,\"sizeSlug\":\"large\",\"linkDestination\":\"none\"} -->\n<figure class=\"wp-block-image size-large\"><a href=\"http:\/\/www.inawohlgemuth.de\/WP-Villa-Altena\/ferienwohnung-burgblick\/coachingreisen-burnoutpraevention\/\"><img loading=\"lazy\" decoding=\"async\" class=\"alignnone wp-image-1014\" src=\"http:\/\/www.inawohlgemuth.de\/WP-Villa-Altena\/wp-content\/uploads\/2022\/02\/emily-bauman-B_UnBMt1uKQ-unsplash-scaled.jpg\" alt=\"\" width=\"300\" height=\"200\" srcset=\"http:\/\/www.inawohlgemuth.de\/WP-Villa-Altena\/wp-content\/uploads\/2022\/02\/emily-bauman-B_UnBMt1uKQ-unsplash-scaled.jpg 2560w, http:\/\/www.inawohlgemuth.de\/WP-Villa-Altena\/wp-content\/uploads\/2022\/02\/emily-bauman-B_UnBMt1uKQ-unsplash-300x200.jpg 300w, http:\/\/www.inawohlgemuth.de\/WP-Villa-Altena\/wp-content\/uploads\/2022\/02\/emily-bauman-B_UnBMt1uKQ-unsplash-1024x683.jpg 1024w, http:\/\/www.inawohlgemuth.de\/WP-Villa-Altena\/wp-content\/uploads\/2022\/02\/emily-bauman-B_UnBMt1uKQ-unsplash-768x512.jpg 768w, http:\/\/www.inawohlgemuth.de\/WP-Villa-Altena\/wp-content\/uploads\/2022\/02\/emily-bauman-B_UnBMt1uKQ-unsplash-1536x1024.jpg 1536w, http:\/\/www.inawohlgemuth.de\/WP-Villa-Altena\/wp-content\/uploads\/2022\/02\/emily-bauman-B_UnBMt1uKQ-unsplash-2048x1365.jpg 2048w, http:\/\/www.inawohlgemuth.de\/WP-Villa-Altena\/wp-content\/uploads\/2022\/02\/emily-bauman-B_UnBMt1uKQ-unsplash-450x300.jpg 450w\" sizes=\"auto, (max-width: 300px) 100vw, 300px\" \/><\/a>\n\n<figcaption>Burnoutpr\u00e4vention<\/figcaption><\/figure>\n<!-- \/wp:image --><\/figure>\n<!-- \/wp:gallery -->","protected":false},"excerpt":{"rendered":"<p>Entspannen, Lernen, Selbsterfahrung\u00a0in unseren Ferienh\u00e4usern La Orotava (Teneriffa-Nord) und Ano Gatzea auf dem Pilion (Griechenland) &#8211; Download Brosch\u00fcre hier &#8211; Professionelles Coaching\u00a0bedeutet f\u00fcr viele Menschen Orientierung,\u00a0Reflexion und eine\u00a0Reise zu sich selbst. Wenn Sie sich nicht nur gedanklich, sondern tats\u00e4chlich auf &hellip; <a href=\"http:\/\/www.inawohlgemuth.de\/WP-Villa-Altena\/coachingreisen-teneriffa-griechenland\/\">Weiterlesen <span class=\"meta-nav\">&rarr;<\/span><\/a><\/p>\n","protected":false},"author":1,"featured_media":981,"parent":0,"menu_order":0,"comment_status":"closed","ping_status":"closed","template":"","meta":{"footnotes":""},"class_list":["post-459","page","type-page","status-publish","has-post-thumbnail","hentry"],"_links":{"self":[{"href":"http:\/\/www.inawohlgemuth.de\/WP-Villa-Altena\/wp-json\/wp\/v2\/pages\/459","targetHints":{"allow":["GET"]}}],"collection":[{"href":"http:\/\/www.inawohlgemuth.de\/WP-Villa-Altena\/wp-json\/wp\/v2\/pages"}],"about":[{"href":"http:\/\/www.inawohlgemuth.de\/WP-Villa-Altena\/wp-json\/wp\/v2\/types\/page"}],"author":[{"embeddable":true,"href":"http:\/\/www.inawohlgemuth.de\/WP-Villa-Altena\/wp-json\/wp\/v2\/users\/1"}],"replies":[{"embeddable":true,"href":"http:\/\/www.inawohlgemuth.de\/WP-Villa-Altena\/wp-json\/wp\/v2\/comments?post=459"}],"version-history":[{"count":59,"href":"http:\/\/www.inawohlgemuth.de\/WP-Villa-Altena\/wp-json\/wp\/v2\/pages\/459\/revisions"}],"predecessor-version":[{"id":1289,"href":"http:\/\/www.inawohlgemuth.de\/WP-Villa-Altena\/wp-json\/wp\/v2\/pages\/459\/revisions\/1289"}],"wp:featuredmedia":[{"embeddable":true,"href":"http:\/\/www.inawohlgemuth.de\/WP-Villa-Altena\/wp-json\/wp\/v2\/media\/981"}],"wp:attachment":[{"href":"http:\/\/www.inawohlgemuth.de\/WP-Villa-Altena\/wp-json\/wp\/v2\/media?parent=459"}],"curies":[{"name":"wp","href":"https:\/\/api.w.org\/{rel}","templated":true}]}}