{"id":690,"date":"2020-07-06T20:48:18","date_gmt":"2020-07-06T18:48:18","guid":{"rendered":"http:\/\/www.inawohlgemuth.de\/WP-Villa-Altena\/?page_id=690"},"modified":"2021-03-03T12:03:48","modified_gmt":"2021-03-03T11:03:48","slug":"private-musikschule","status":"publish","type":"page","link":"http:\/\/www.inawohlgemuth.de\/WP-Villa-Altena\/private-musikschule\/","title":{"rendered":"Private Musikschule"},"content":{"rendered":"<h2><a href=\"http:\/\/www.inawohlgemuth.de\/WP-Villa-Altena\/wp-content\/uploads\/2020\/07\/musikschul-logo-800px.jpg\"><img decoding=\"async\" class=\"alignright wp-image-709\" src=\"http:\/\/www.inawohlgemuth.de\/WP-Villa-Altena\/wp-content\/uploads\/2020\/07\/musikschul-logo-800px.jpg\" alt=\"\" width=\"40%\" srcset=\"http:\/\/www.inawohlgemuth.de\/WP-Villa-Altena\/wp-content\/uploads\/2020\/07\/musikschul-logo-800px.jpg 800w, http:\/\/www.inawohlgemuth.de\/WP-Villa-Altena\/wp-content\/uploads\/2020\/07\/musikschul-logo-800px-300x231.jpg 300w, http:\/\/www.inawohlgemuth.de\/WP-Villa-Altena\/wp-content\/uploads\/2020\/07\/musikschul-logo-800px-768x592.jpg 768w, http:\/\/www.inawohlgemuth.de\/WP-Villa-Altena\/wp-content\/uploads\/2020\/07\/musikschul-logo-800px-389x300.jpg 389w\" sizes=\"(max-width: 800px) 100vw, 800px\" \/><\/a>Hey, sch\u00f6n dass Ihr hier seid!<\/h2>\n<p>Ab September gibt es in Altena mit der privaten Musikschule ein breites Angebot an F\u00e4chern und Unterrichtsvarianten f\u00fcr Alt und Jung. Wir, ein Team von aktiven B\u00fchnenmusiker*innen und erfahrene Lehrer*innen, wollen unser Angebot b\u00fcndeln und eine echte regionale Alternative f\u00fcr Musikinteressierte in Altena anbieten.<\/p>\n<p><strong>Was wir hier unterrichten:\u00a0<\/strong><br \/>\nGitarre \u2013 Ziggy Horn und Pelle Spitz<br \/>\nSchlagzeug \u2013 Nanuk Spitz<br \/>\nBass \u2013 Pelle Spitz<br \/>\nGesang \u2013 Ina Wohlgemuth<br \/>\nKlavier: Nazim Hamit<br \/>\nGeige: Adelina Malms<\/p>\n<p>&nbsp;<\/p>\n<p>&nbsp;<\/p>\n","protected":false},"excerpt":{"rendered":"<p>Hey, sch\u00f6n dass Ihr hier seid! Ab September gibt es in Altena mit der privaten Musikschule ein breites Angebot an F\u00e4chern und Unterrichtsvarianten f\u00fcr Alt und Jung. Wir, ein Team von aktiven B\u00fchnenmusiker*innen und erfahrene Lehrer*innen, wollen unser Angebot b\u00fcndeln &hellip; <a href=\"http:\/\/www.inawohlgemuth.de\/WP-Villa-Altena\/private-musikschule\/\">Weiterlesen <span class=\"meta-nav\">&rarr;<\/span><\/a><\/p>\n","protected":false},"author":2,"featured_media":727,"parent":0,"menu_order":0,"comment_status":"closed","ping_status":"closed","template":"sidebar-page.php","meta":{"footnotes":""},"class_list":["post-690","page","type-page","status-publish","has-post-thumbnail","hentry"],"_links":{"self":[{"href":"http:\/\/www.inawohlgemuth.de\/WP-Villa-Altena\/wp-json\/wp\/v2\/pages\/690","targetHints":{"allow":["GET"]}}],"collection":[{"href":"http:\/\/www.inawohlgemuth.de\/WP-Villa-Altena\/wp-json\/wp\/v2\/pages"}],"about":[{"href":"http:\/\/www.inawohlgemuth.de\/WP-Villa-Altena\/wp-json\/wp\/v2\/types\/page"}],"author":[{"embeddable":true,"href":"http:\/\/www.inawohlgemuth.de\/WP-Villa-Altena\/wp-json\/wp\/v2\/users\/2"}],"replies":[{"embeddable":true,"href":"http:\/\/www.inawohlgemuth.de\/WP-Villa-Altena\/wp-json\/wp\/v2\/comments?post=690"}],"version-history":[{"count":11,"href":"http:\/\/www.inawohlgemuth.de\/WP-Villa-Altena\/wp-json\/wp\/v2\/pages\/690\/revisions"}],"predecessor-version":[{"id":710,"href":"http:\/\/www.inawohlgemuth.de\/WP-Villa-Altena\/wp-json\/wp\/v2\/pages\/690\/revisions\/710"}],"wp:featuredmedia":[{"embeddable":true,"href":"http:\/\/www.inawohlgemuth.de\/WP-Villa-Altena\/wp-json\/wp\/v2\/media\/727"}],"wp:attachment":[{"href":"http:\/\/www.inawohlgemuth.de\/WP-Villa-Altena\/wp-json\/wp\/v2\/media?parent=690"}],"curies":[{"name":"wp","href":"https:\/\/api.w.org\/{rel}","templated":true}]}}