{"id":781,"date":"2020-07-09T15:44:55","date_gmt":"2020-07-09T13:44:55","guid":{"rendered":"http:\/\/www.inawohlgemuth.de\/WP-Villa-Altena\/?page_id=781"},"modified":"2021-03-03T12:04:19","modified_gmt":"2021-03-03T11:04:19","slug":"gesangsunterricht","status":"publish","type":"page","link":"http:\/\/www.inawohlgemuth.de\/WP-Villa-Altena\/gesangsunterricht\/","title":{"rendered":"Gesangsunterricht"},"content":{"rendered":"<p><strong>Meine Philosophie<\/strong><\/p>\n<p>Gesang zu unterrichten bedeutet f\u00fcr mich, Menschen in ihrer Entwicklung und Selbstwirksamkeit zu unterst\u00fctzen. Die Stimme ist ein Teil unseres &#8222;Ichs&#8220; und eine gute gesangliche &#8222;Stimmung&#8220; h\u00e4ngt zu gro\u00dfen Anteilen von unserer Einstellung und Haltung uns selbst gegen\u00fcber ab. \u00a0Der Be- und Verwertungswahn in Castingshows tr\u00e4gt meiner Ansicht nach dazu bei, dass sich viele junge Menschen unter einen ungeheuren Leistungsstress setzen und damit Ihrer stimmlichen Entwicklung, aber auch ihrer psychischen Gesundheit, eher schaden als nutzen. Misserfolge, negative Bewertungen oder auch nur die Bef\u00fcrchtung, es nicht &#8222;schaffen&#8220; zu k\u00f6nnen, f\u00fchren zu einer negativen Selbstbewertung und nicht selten zur totalen Resignation. In meinem Unterricht soll Singen Spa\u00df machen. Erfahrt Eure Stimme als eine einzigartige Ressource, die ein unverwechselbarer und wundersch\u00f6ner Teil Eurer Pers\u00f6nlichkeit ist.<\/p>\n<p><strong><span class=\"color_12\">Wer kann bei mir lernen?<\/span><\/strong><\/p>\n<p class=\"font_8\"><span class=\"color_12\">Anf\u00e4nger*innen mit und ohne Vorkenntnisse, begeisterte Hobbys\u00e4nger*innen bis zu Semiprofis und Berufss\u00e4nger*innen. Du solltest nicht j\u00fcnger als 14 Jahre sein und nach oben gibt es keine Altersbegrenzung.<\/span><\/p>\n<p class=\"font_8\"><strong><span class=\"color_12\">\u00a0<\/span><span class=\"color_12\">Was kannst du bei mir lernen?<\/span><\/strong><\/p>\n<p class=\"font_8\"><span class=\"color_12\">Ich stimme meinen Unterricht individuell auf Deine Bed\u00fcrfnisse, F\u00e4higkeiten und Ziele ab. Themen, die wir bearbeiten k\u00f6nnen:\u00a0<\/span><\/p>\n<ul>\n<li>Atmung und Atem\u00fcbungen,<\/li>\n<li>An- und Entspannung<\/li>\n<li>Stimmpflege und Einsingen<\/li>\n<li>Stimmdynamik (laut, leise)<\/li>\n<li>Intonation (die richtigen T\u00f6ne treffen)<\/li>\n<li>Stimmumfang (hoch und tief)<\/li>\n<li>Stimmklang und Registerwechsel<\/li>\n<li>Songinterpretation<\/li>\n<li>B\u00fchnenperformance, Umgang mit Lampenfieber<\/li>\n<li>Stimmresonanz und Stimmvolumen<\/li>\n<li>Abbau von \u00c4ngsten und Stress<\/li>\n<li>Mikrofontechnik live auf der B\u00fchne und im Studio<\/li>\n<\/ul>\n<p class=\"font_8\"><strong><span class=\"color_12\">Wo findet der Unterricht statt? <\/span><\/strong><\/p>\n<p class=\"font_8\"><span class=\"color_12\">Meine Unterrichtsr\u00e4ume befinden sich in den Salons der Villa Altena, Hardenbergstr. 7, 58762 Altena,\u00a0<\/span><span class=\"color_12\">ausgestattet mit einem akustischen und einem elektrischen Klavier, \u00a0Gitarre, Verst\u00e4rker plus Live-Mikro sowie\u00a0<\/span><span class=\"color_12\">Homerecordingstudio f\u00fcr Studioaufnahmen<\/span><\/p>\n<p class=\"font_8\"><strong><span class=\"color_12\"><span class=\"wixGuard\">\u200b<\/span><\/span><span class=\"color_12\">Wann finden die Stunden statt?<\/span><\/strong><\/p>\n<p class=\"font_8\">Da ich in meinem ersten Beruf als Psychologin tags\u00fcber h\u00e4ufig eingebunden bin, verabreden wir unsere Termine miteinander. Eine Gesangsstunde dauert 60 Minuten.<\/p>\n","protected":false},"excerpt":{"rendered":"<p>Meine Philosophie Gesang zu unterrichten bedeutet f\u00fcr mich, Menschen in ihrer Entwicklung und Selbstwirksamkeit zu unterst\u00fctzen. Die Stimme ist ein Teil unseres &#8222;Ichs&#8220; und eine gute gesangliche &#8222;Stimmung&#8220; h\u00e4ngt zu gro\u00dfen Anteilen von unserer Einstellung und Haltung uns selbst gegen\u00fcber &hellip; <a href=\"http:\/\/www.inawohlgemuth.de\/WP-Villa-Altena\/gesangsunterricht\/\">Weiterlesen <span class=\"meta-nav\">&rarr;<\/span><\/a><\/p>\n","protected":false},"author":1,"featured_media":0,"parent":0,"menu_order":0,"comment_status":"closed","ping_status":"closed","template":"sidebar-page.php","meta":{"footnotes":""},"class_list":["post-781","page","type-page","status-publish","hentry"],"_links":{"self":[{"href":"http:\/\/www.inawohlgemuth.de\/WP-Villa-Altena\/wp-json\/wp\/v2\/pages\/781","targetHints":{"allow":["GET"]}}],"collection":[{"href":"http:\/\/www.inawohlgemuth.de\/WP-Villa-Altena\/wp-json\/wp\/v2\/pages"}],"about":[{"href":"http:\/\/www.inawohlgemuth.de\/WP-Villa-Altena\/wp-json\/wp\/v2\/types\/page"}],"author":[{"embeddable":true,"href":"http:\/\/www.inawohlgemuth.de\/WP-Villa-Altena\/wp-json\/wp\/v2\/users\/1"}],"replies":[{"embeddable":true,"href":"http:\/\/www.inawohlgemuth.de\/WP-Villa-Altena\/wp-json\/wp\/v2\/comments?post=781"}],"version-history":[{"count":3,"href":"http:\/\/www.inawohlgemuth.de\/WP-Villa-Altena\/wp-json\/wp\/v2\/pages\/781\/revisions"}],"predecessor-version":[{"id":785,"href":"http:\/\/www.inawohlgemuth.de\/WP-Villa-Altena\/wp-json\/wp\/v2\/pages\/781\/revisions\/785"}],"wp:attachment":[{"href":"http:\/\/www.inawohlgemuth.de\/WP-Villa-Altena\/wp-json\/wp\/v2\/media?parent=781"}],"curies":[{"name":"wp","href":"https:\/\/api.w.org\/{rel}","templated":true}]}}

<p><strong>Meine Philosophie</strong></p>
<p>Gesang zu unterrichten bedeutet für mich, Menschen in ihrer Entwicklung und Selbstwirksamkeit zu unterstützen. Die Stimme ist ein Teil unseres &#8222;Ichs&#8220; und eine gute gesangliche &#8222;Stimmung&#8220; hängt zu großen Anteilen von unserer Einstellung und Haltung uns selbst gegenüber ab.  Der Be- und Verwertungswahn in Castingshows trägt meiner Ansicht nach dazu bei, dass sich viele junge Menschen unter einen ungeheuren Leistungsstress setzen und damit Ihrer stimmlichen Entwicklung, aber auch ihrer psychischen Gesundheit, eher schaden als nutzen. Misserfolge, negative Bewertungen oder auch nur die Befürchtung, es nicht &#8222;schaffen&#8220; zu können, führen zu einer negativen Selbstbewertung und nicht selten zur totalen Resignation. In meinem Unterricht soll Singen Spaß machen. Erfahrt Eure Stimme als eine einzigartige Ressource, die ein unverwechselbarer und wunderschöner Teil Eurer Persönlichkeit ist.</p>
<p><strong><span class="color_12">Wer kann bei mir lernen?</span></strong></p>
<p class="font_8"><span class="color_12">Anfänger*innen mit und ohne Vorkenntnisse, begeisterte Hobbysänger*innen bis zu Semiprofis und Berufssänger*innen. Du solltest nicht jünger als 14 Jahre sein und nach oben gibt es keine Altersbegrenzung.</span></p>
<p class="font_8"><strong><span class="color_12"> </span><span class="color_12">Was kannst du bei mir lernen?</span></strong></p>
<p class="font_8"><span class="color_12">Ich stimme meinen Unterricht individuell auf Deine Bedürfnisse, Fähigkeiten und Ziele ab. Themen, die wir bearbeiten können: </span></p>
<ul>
<li>Atmung und Atemübungen,</li>
<li>An- und Entspannung</li>
<li>Stimmpflege und Einsingen</li>
<li>Stimmdynamik (laut, leise)</li>
<li>Intonation (die richtigen Töne treffen)</li>
<li>Stimmumfang (hoch und tief)</li>
<li>Stimmklang und Registerwechsel</li>
<li>Songinterpretation</li>
<li>Bühnenperformance, Umgang mit Lampenfieber</li>
<li>Stimmresonanz und Stimmvolumen</li>
<li>Abbau von Ängsten und Stress</li>
<li>Mikrofontechnik live auf der Bühne und im Studio</li>
</ul>
<p class="font_8"><strong><span class="color_12">Wo findet der Unterricht statt? </span></strong></p>
<p class="font_8"><span class="color_12">Meine Unterrichtsräume befinden sich in den Salons der Villa Altena, Hardenbergstr. 7, 58762 Altena, </span><span class="color_12">ausgestattet mit einem akustischen und einem elektrischen Klavier,  Gitarre, Verstärker plus Live-Mikro sowie </span><span class="color_12">Homerecordingstudio für Studioaufnahmen</span></p>
<p class="font_8"><strong><span class="color_12"><span class="wixGuard">​</span></span><span class="color_12">Wann finden die Stunden statt?</span></strong></p>
<p class="font_8">Da ich in meinem ersten Beruf als Psychologin tagsüber häufig eingebunden bin, verabreden wir unsere Termine miteinander. Eine Gesangsstunde dauert 60 Minuten.</p>

<p>Meine Philosophie Gesang zu unterrichten bedeutet für mich, Menschen in ihrer Entwicklung und Selbstwirksamkeit zu unterstützen. Die Stimme ist ein Teil unseres &#8222;Ichs&#8220; und eine gute gesangliche &#8222;Stimmung&#8220; hängt zu großen Anteilen von unserer Einstellung und Haltung uns selbst gegenüber &hellip; <a href="http://www.inawohlgemuth.de/WP-Villa-Altena/gesangsunterricht/">Weiterlesen <span class="meta-nav">&rarr;</span></a></p>
