{"id":825,"date":"2021-03-01T23:16:19","date_gmt":"2021-03-01T22:16:19","guid":{"rendered":"http:\/\/www.inawohlgemuth.de\/WP-Villa-Altena\/?page_id=825"},"modified":"2022-02-16T01:14:34","modified_gmt":"2022-02-16T00:14:34","slug":"mitarbeiterinnen-beratung-vor-ort-eap","status":"publish","type":"page","link":"http:\/\/www.inawohlgemuth.de\/WP-Villa-Altena\/mitarbeiterinnen-beratung-vor-ort-eap\/","title":{"rendered":"Mitarbeiter*innen-Beratung"},"content":{"rendered":"<h1><strong>PSYCHOSOZIALE MITARBEITERBERATUNG F\u00dcR IHR UNTERNEHMEN IN ALTENA<\/strong><\/h1>\n<p><img loading=\"lazy\" decoding=\"async\" class=\"alignright wp-image-829\" src=\"http:\/\/www.inawohlgemuth.de\/WP-Villa-Altena\/wp-content\/uploads\/2021\/03\/timur-repin-v8UNH7LCDko-unsplash-300x300.jpg\" alt=\"\" width=\"263\" height=\"263\" srcset=\"http:\/\/www.inawohlgemuth.de\/WP-Villa-Altena\/wp-content\/uploads\/2021\/03\/timur-repin-v8UNH7LCDko-unsplash-300x300.jpg 300w, http:\/\/www.inawohlgemuth.de\/WP-Villa-Altena\/wp-content\/uploads\/2021\/03\/timur-repin-v8UNH7LCDko-unsplash-1022x1024.jpg 1022w, http:\/\/www.inawohlgemuth.de\/WP-Villa-Altena\/wp-content\/uploads\/2021\/03\/timur-repin-v8UNH7LCDko-unsplash-150x150.jpg 150w, http:\/\/www.inawohlgemuth.de\/WP-Villa-Altena\/wp-content\/uploads\/2021\/03\/timur-repin-v8UNH7LCDko-unsplash-768x770.jpg 768w, http:\/\/www.inawohlgemuth.de\/WP-Villa-Altena\/wp-content\/uploads\/2021\/03\/timur-repin-v8UNH7LCDko-unsplash-1533x1536.jpg 1533w, http:\/\/www.inawohlgemuth.de\/WP-Villa-Altena\/wp-content\/uploads\/2021\/03\/timur-repin-v8UNH7LCDko-unsplash-2044x2048.jpg 2044w, http:\/\/www.inawohlgemuth.de\/WP-Villa-Altena\/wp-content\/uploads\/2021\/03\/timur-repin-v8UNH7LCDko-unsplash-299x300.jpg 299w\" sizes=\"auto, (max-width: 263px) 100vw, 263px\" \/>Sind Ihre Mitarbeiter und F\u00fchrungskr\u00e4fte durch pers\u00f6nliche oder berufliche Ver\u00e4nderungen&nbsp;oder Zukunfts\u00e4ngste belastet, dann wirkt sich dies auch auf Ihr Betriebsklima, die Produktivit\u00e4t und letztlich auf die Gesundheit Ihrer Besch\u00e4ftigten aus.&nbsp;St\u00e4rken und unterst\u00fctzen Sie Ihre Mitarbeiter und F\u00fchrungskr\u00e4fte&nbsp;durch professionelle Expertenberatung telefonisch, online oder in den einladenden Coachingpraxisr\u00e4umen der Akademie Villa Altena. Die Abk\u00fcrzung EAP steht f\u00fcr &#8222;Employee assistance Program&#8220; und bedeutet ein externes Beratungsangebot bei psychischen Belastungen von Besch\u00e4ftigten.<\/p>\n<h4>WAS F\u00dcR IHRE ENTSCHEIDUNG DER PSYCHOSOZIALEN&nbsp;MITARBEITERBERATUNG IN ALTENA SPRICHT<\/h4>\n<ul>\n<li>kurzfristige Terminbuchung per Telefon, E-Mail oder online<\/li>\n<li>pers\u00f6nliche Beratung in Ihrer N\u00e4he in der Akademie Villa Altena, &nbsp;telefonisch oder per Online-Videochat<\/li>\n<li>Soforthilfe im Krisenfall, auf Wunsch in Ihrem Unternehmen<\/li>\n<li>T\u00e4glich von 8 bis 21 Uhr erreichbar<\/li>\n<li>unbegrenzte Anzahl an Beratungsgespr\u00e4chen, auch f\u00fcr Angeh\u00f6rige<\/li>\n<li>der g\u00fcnstiger Pauschalbetrag pro Mitarbeiter\/Monat wird vom Unternehmen je nach Anzahl der Besch\u00e4ftigten, der Nutzungsrate und dem vereinbartem Leistungsumfang&nbsp;gezahlt und ist f\u00fcr&nbsp;Mitarbeiter kostenfrei<\/li>\n<li>hohe Datenschutz- und Sicherheitsstandards, absolut vertraulich und anonym<\/li>\n<li>bei Bedarf Vermittlung an Therapeuten und&nbsp;Kliniken in der Region<\/li>\n<li>umfangreiches Zusatzangebot nach Vereinbarung: Vortr\u00e4ge, Gespr\u00e4chsleitf\u00e4den, exklusives Angebot f\u00fcr Ihre Teams und F\u00fchrungskr\u00e4fte<\/li>\n<li>Unterst\u00fctzung Ihres Betrieblichen Gesundheitsmanagements:&nbsp;Sucht-, Stress- und Burnoutpr\u00e4vention sowie Unterst\u00fctzung bei Ihrer&nbsp;Betrieblichen Wiedereingliederung, Gef\u00e4hrdungsbeurteilung psychischer Belastungen, Work-Life-Service usw<br>\n<h4>&nbsp;<\/h4>\n<\/li>\n<\/ul>\n<p><strong>WIE L\u00c4UFT EIN EAP-BERATUNGSPROZESS?&nbsp;<\/strong><img loading=\"lazy\" decoding=\"async\" id=\"bildrahmen\" class=\"bildrechts alignright\" src=\"http:\/\/inawohlgemuth.de\/consteps\/data\/uploads\/eap\/brooke-cagle-whwybmtn3_0-unsplash.jpg\" alt=\"\" width=\"338\" height=\"297\"><\/p>\n<p><strong>Diskret, vertraulich<\/strong> und entsprechend der individuellen Anliegen&nbsp;entweder am <strong>Telefon, <\/strong>per <strong>Mail&nbsp;<\/strong>oder im <strong>Videochat<\/strong>. Mitarbeiter k\u00f6nnen sich anonym an unsere Akademie&nbsp;wenden, mit uns einen einen Termin vereinbaren oder&nbsp;um sofortige Krisenintervention bitten. Sie m\u00fcssen dazu nur den Namen ihres Unternehmens nennen, nichts weiter.&nbsp;Namen der Ratsuchenden und Inhalte unterliegen der absoluten&nbsp;Schweigepflicht. Sprechen Sie uns an. Wir freuen uns auf die neue Art der Zusammenarbeit zwischen regionalen Unternehmen und Beratung vor Ort<\/p>\n<h4>BEISPIELE F\u00dcR EAP-BERATUNGSTHEMEN<\/h4>\n<p><img loading=\"lazy\" decoding=\"async\" class=\"bildlinks wp-image-828 size-large alignleft\" src=\"http:\/\/www.inawohlgemuth.de\/WP-Villa-Altena\/wp-content\/uploads\/2021\/03\/themen-bild-1024x724.jpg\" alt=\"\" width=\"584\" height=\"413\" srcset=\"http:\/\/www.inawohlgemuth.de\/WP-Villa-Altena\/wp-content\/uploads\/2021\/03\/themen-bild-1024x724.jpg 1024w, http:\/\/www.inawohlgemuth.de\/WP-Villa-Altena\/wp-content\/uploads\/2021\/03\/themen-bild-300x212.jpg 300w, http:\/\/www.inawohlgemuth.de\/WP-Villa-Altena\/wp-content\/uploads\/2021\/03\/themen-bild-768x543.jpg 768w, http:\/\/www.inawohlgemuth.de\/WP-Villa-Altena\/wp-content\/uploads\/2021\/03\/themen-bild-424x300.jpg 424w, http:\/\/www.inawohlgemuth.de\/WP-Villa-Altena\/wp-content\/uploads\/2021\/03\/themen-bild.jpg 1099w\" sizes=\"auto, (max-width: 584px) 100vw, 584px\" \/><\/p>\n\n\n<p><\/p>\n","protected":false},"excerpt":{"rendered":"<p>PSYCHOSOZIALE MITARBEITERBERATUNG F\u00dcR IHR UNTERNEHMEN IN ALTENA Sind Ihre Mitarbeiter und F\u00fchrungskr\u00e4fte durch pers\u00f6nliche oder berufliche Ver\u00e4nderungen&nbsp;oder Zukunfts\u00e4ngste belastet, dann wirkt sich dies auch auf Ihr Betriebsklima, die Produktivit\u00e4t und letztlich auf die Gesundheit Ihrer Besch\u00e4ftigten aus.&nbsp;St\u00e4rken und unterst\u00fctzen Sie &hellip; <a href=\"http:\/\/www.inawohlgemuth.de\/WP-Villa-Altena\/mitarbeiterinnen-beratung-vor-ort-eap\/\">Weiterlesen <span class=\"meta-nav\">&rarr;<\/span><\/a><\/p>\n","protected":false},"author":1,"featured_media":0,"parent":0,"menu_order":0,"comment_status":"closed","ping_status":"closed","template":"sidebar-page.php","meta":{"footnotes":""},"class_list":["post-825","page","type-page","status-publish","hentry"],"_links":{"self":[{"href":"http:\/\/www.inawohlgemuth.de\/WP-Villa-Altena\/wp-json\/wp\/v2\/pages\/825","targetHints":{"allow":["GET"]}}],"collection":[{"href":"http:\/\/www.inawohlgemuth.de\/WP-Villa-Altena\/wp-json\/wp\/v2\/pages"}],"about":[{"href":"http:\/\/www.inawohlgemuth.de\/WP-Villa-Altena\/wp-json\/wp\/v2\/types\/page"}],"author":[{"embeddable":true,"href":"http:\/\/www.inawohlgemuth.de\/WP-Villa-Altena\/wp-json\/wp\/v2\/users\/1"}],"replies":[{"embeddable":true,"href":"http:\/\/www.inawohlgemuth.de\/WP-Villa-Altena\/wp-json\/wp\/v2\/comments?post=825"}],"version-history":[{"count":9,"href":"http:\/\/www.inawohlgemuth.de\/WP-Villa-Altena\/wp-json\/wp\/v2\/pages\/825\/revisions"}],"predecessor-version":[{"id":1245,"href":"http:\/\/www.inawohlgemuth.de\/WP-Villa-Altena\/wp-json\/wp\/v2\/pages\/825\/revisions\/1245"}],"wp:attachment":[{"href":"http:\/\/www.inawohlgemuth.de\/WP-Villa-Altena\/wp-json\/wp\/v2\/media?parent=825"}],"curies":[{"name":"wp","href":"https:\/\/api.w.org\/{rel}","templated":true}]}}

<h1><strong>PSYCHOSOZIALE MITARBEITERBERATUNG FÜR IHR UNTERNEHMEN IN ALTENA</strong></h1>
<p><img loading="lazy" decoding="async" class="alignright wp-image-829" src="http://www.inawohlgemuth.de/WP-Villa-Altena/wp-content/uploads/2021/03/timur-repin-v8UNH7LCDko-unsplash-300x300.jpg" alt="" width="263" height="263" srcset="http://www.inawohlgemuth.de/WP-Villa-Altena/wp-content/uploads/2021/03/timur-repin-v8UNH7LCDko-unsplash-300x300.jpg 300w, http://www.inawohlgemuth.de/WP-Villa-Altena/wp-content/uploads/2021/03/timur-repin-v8UNH7LCDko-unsplash-1022x1024.jpg 1022w, http://www.inawohlgemuth.de/WP-Villa-Altena/wp-content/uploads/2021/03/timur-repin-v8UNH7LCDko-unsplash-150x150.jpg 150w, http://www.inawohlgemuth.de/WP-Villa-Altena/wp-content/uploads/2021/03/timur-repin-v8UNH7LCDko-unsplash-768x770.jpg 768w, http://www.inawohlgemuth.de/WP-Villa-Altena/wp-content/uploads/2021/03/timur-repin-v8UNH7LCDko-unsplash-1533x1536.jpg 1533w, http://www.inawohlgemuth.de/WP-Villa-Altena/wp-content/uploads/2021/03/timur-repin-v8UNH7LCDko-unsplash-2044x2048.jpg 2044w, http://www.inawohlgemuth.de/WP-Villa-Altena/wp-content/uploads/2021/03/timur-repin-v8UNH7LCDko-unsplash-299x300.jpg 299w" sizes="auto, (max-width: 263px) 100vw, 263px" />Sind Ihre Mitarbeiter und Führungskräfte durch persönliche oder berufliche Veränderungen&nbsp;oder Zukunftsängste belastet, dann wirkt sich dies auch auf Ihr Betriebsklima, die Produktivität und letztlich auf die Gesundheit Ihrer Beschäftigten aus.&nbsp;Stärken und unterstützen Sie Ihre Mitarbeiter und Führungskräfte&nbsp;durch professionelle Expertenberatung telefonisch, online oder in den einladenden Coachingpraxisräumen der Akademie Villa Altena. Die Abkürzung EAP steht für &#8222;Employee assistance Program&#8220; und bedeutet ein externes Beratungsangebot bei psychischen Belastungen von Beschäftigten.</p>
<h4>WAS FÜR IHRE ENTSCHEIDUNG DER PSYCHOSOZIALEN&nbsp;MITARBEITERBERATUNG IN ALTENA SPRICHT</h4>
<ul>
<li>kurzfristige Terminbuchung per Telefon, E-Mail oder online</li>
<li>persönliche Beratung in Ihrer Nähe in der Akademie Villa Altena, &nbsp;telefonisch oder per Online-Videochat</li>
<li>Soforthilfe im Krisenfall, auf Wunsch in Ihrem Unternehmen</li>
<li>Täglich von 8 bis 21 Uhr erreichbar</li>
<li>unbegrenzte Anzahl an Beratungsgesprächen, auch für Angehörige</li>
<li>der günstiger Pauschalbetrag pro Mitarbeiter/Monat wird vom Unternehmen je nach Anzahl der Beschäftigten, der Nutzungsrate und dem vereinbartem Leistungsumfang&nbsp;gezahlt und ist für&nbsp;Mitarbeiter kostenfrei</li>
<li>hohe Datenschutz- und Sicherheitsstandards, absolut vertraulich und anonym</li>
<li>bei Bedarf Vermittlung an Therapeuten und&nbsp;Kliniken in der Region</li>
<li>umfangreiches Zusatzangebot nach Vereinbarung: Vorträge, Gesprächsleitfäden, exklusives Angebot für Ihre Teams und Führungskräfte</li>
<li>Unterstützung Ihres Betrieblichen Gesundheitsmanagements:&nbsp;Sucht-, Stress- und Burnoutprävention sowie Unterstützung bei Ihrer&nbsp;Betrieblichen Wiedereingliederung, Gefährdungsbeurteilung psychischer Belastungen, Work-Life-Service usw<br>
<h4>&nbsp;</h4>
</li>
</ul>
<p><strong>WIE LÄUFT EIN EAP-BERATUNGSPROZESS?&nbsp;</strong><img loading="lazy" decoding="async" id="bildrahmen" class="bildrechts alignright" src="http://inawohlgemuth.de/consteps/data/uploads/eap/brooke-cagle-whwybmtn3_0-unsplash.jpg" alt="" width="338" height="297"></p>
<p><strong>Diskret, vertraulich</strong> und entsprechend der individuellen Anliegen&nbsp;entweder am <strong>Telefon, </strong>per <strong>Mail&nbsp;</strong>oder im <strong>Videochat</strong>. Mitarbeiter können sich anonym an unsere Akademie&nbsp;wenden, mit uns einen einen Termin vereinbaren oder&nbsp;um sofortige Krisenintervention bitten. Sie müssen dazu nur den Namen ihres Unternehmens nennen, nichts weiter.&nbsp;Namen der Ratsuchenden und Inhalte unterliegen der absoluten&nbsp;Schweigepflicht. Sprechen Sie uns an. Wir freuen uns auf die neue Art der Zusammenarbeit zwischen regionalen Unternehmen und Beratung vor Ort</p>
<h4>BEISPIELE FÜR EAP-BERATUNGSTHEMEN</h4>
<p><img loading="lazy" decoding="async" class="bildlinks wp-image-828 size-large alignleft" src="http://www.inawohlgemuth.de/WP-Villa-Altena/wp-content/uploads/2021/03/themen-bild-1024x724.jpg" alt="" width="584" height="413" srcset="http://www.inawohlgemuth.de/WP-Villa-Altena/wp-content/uploads/2021/03/themen-bild-1024x724.jpg 1024w, http://www.inawohlgemuth.de/WP-Villa-Altena/wp-content/uploads/2021/03/themen-bild-300x212.jpg 300w, http://www.inawohlgemuth.de/WP-Villa-Altena/wp-content/uploads/2021/03/themen-bild-768x543.jpg 768w, http://www.inawohlgemuth.de/WP-Villa-Altena/wp-content/uploads/2021/03/themen-bild-424x300.jpg 424w, http://www.inawohlgemuth.de/WP-Villa-Altena/wp-content/uploads/2021/03/themen-bild.jpg 1099w" sizes="auto, (max-width: 584px) 100vw, 584px" /></p>


<p></p>

<p>PSYCHOSOZIALE MITARBEITERBERATUNG FÜR IHR UNTERNEHMEN IN ALTENA Sind Ihre Mitarbeiter und Führungskräfte durch persönliche oder berufliche Veränderungen&nbsp;oder Zukunftsängste belastet, dann wirkt sich dies auch auf Ihr Betriebsklima, die Produktivität und letztlich auf die Gesundheit Ihrer Beschäftigten aus.&nbsp;Stärken und unterstützen Sie &hellip; <a href="http://www.inawohlgemuth.de/WP-Villa-Altena/mitarbeiterinnen-beratung-vor-ort-eap/">Weiterlesen <span class="meta-nav">&rarr;</span></a></p>
